INSERT INTO `audits` (`id`, `user_type`, `user_id`, `event`, `auditable_type`, `auditable_id`, `old_values`, `new_values`, `url`, `ip_address`, `user_agent`, `tags`, `created_at`, `updated_at`) VALUES
(2016, 'App\\Models\\User', 2, 'updated', 'App\\Models\\Adds', 9, '{\"view\":6}', '{\"view\":7}', 'http://salepoint.system.krd/mobile/api/v1/adds/single/mini-cooper', '162.158.111.11', 'Dart/3.1 (dart:io)', NULL, '2023-11-12 17:14:59', '2023-11-12 17:14:59'),
(2017, 'App\\Models\\User', 2, 'updated', 'App\\Models\\Adds', 8, '{\"view\":1}', '{\"view\":2}', 'http://salepoint.system.krd/mobile/api/v1/adds/single/teeth-brush', '162.158.95.169', 'Dart/3.1 (dart:io)', NULL, '2023-11-12 17:15:03', '2023-11-12 17:15:03'),
(2018, 'App\\Models\\User', 2, 'updated', 'App\\Models\\Adds', 5, '{\"view\":0}', '{\"view\":1}', 'http://salepoint.system.krd/mobile/api/v1/adds/single/body-firstaid-kit', '162.158.95.169', 'Dart/3.1 (dart:io)', NULL, '2023-11-12 17:15:06', '2023-11-12 17:15:06'),
(2019, 'App\\Models\\User', 2, 'updated', 'App\\Models\\Adds', 6, '{\"view\":1}', '{\"view\":2}', 'http://salepoint.system.krd/mobile/api/v1/adds/single/rbyl', '172.69.151.18', 'Dart/3.1 (dart:io)', NULL, '2023-11-12 17:23:18', '2023-11-12 17:23:18'),
(2020, 'App\\Models\\User', 2, 'updated', 'App\\Models\\Adds', 8, '{\"view\":2}', '{\"view\":3}', 'http://salepoint.system.krd/mobile/api/v1/adds/single/teeth-brush', '172.71.246.157', 'Dart/3.1 (dart:io)', NULL, '2023-11-12 17:23:48', '2023-11-12 17:23:48'),
(2021, 'App\\Models\\User', 2, 'updated', 'App\\Models\\Adds', 1, '{\"view\":0}', '{\"view\":1}', 'http://salepoint.system.krd/mobile/api/v1/adds/single/ford', '172.69.150.8', 'Dart/3.1 (dart:io)', NULL, '2023-11-12 17:25:21', '2023-11-12 17:25:21'),
(2022, 'App\\Models\\User', 2, 'updated', 'App\\Models\\Adds', 6, '{\"view\":2}', '{\"view\":3}', 'http://salepoint.system.krd/mobile/api/v1/adds/single/rbyl', '172.71.135.48', 'Dart/3.1 (dart:io)', NULL, '2023-11-12 17:42:03', '2023-11-12 17:42:03'),
(2023, 'App\\Models\\User', 2, 'updated', 'App\\Models\\Adds', 7, '{\"view\":1}', '{\"view\":2}', 'http://salepoint.system.krd/mobile/api/v1/adds/single/cars', '162.158.95.145', 'Dart/3.1 (dart:io)', NULL, '2023-11-12 17:44:06', '2023-11-12 17:44:06'),
(2024, 'App\\Models\\User', 2, 'updated', 'App\\Models\\Adds', 9, '{\"view\":7}', '{\"view\":8}', 'http://salepoint.system.krd/mobile/api/v1/adds/single/mini-cooper', '172.69.151.141', 'Dart/3.1 (dart:io)', NULL, '2023-11-12 20:11:40', '2023-11-12 20:11:40'),
(2025, 'App\\Models\\User', 2, 'updated', 'App\\Models\\Adds', 8, '{\"view\":3}', '{\"view\":4}', 'http://salepoint.system.krd/mobile/api/v1/adds/single/teeth-brush', '172.69.151.141', 'Dart/3.1 (dart:io)', NULL, '2023-11-12 20:11:42', '2023-11-12 20:11:42'),
(2026, 'App\\Models\\User', 2, 'created', 'App\\Models\\Adds', 13, '[]', '{\"title\":\"bdhdhd\",\"price\":\"25000\",\"exact_location\":\"1\",\"description\":\"Gdhdhd\",\"category_id\":\"55\",\"person_type\":\"seller\",\"address\":\"{\\\"country\\\":null,\\\"iso\\\":null,\\\"city\\\":null,\\\"street\\\":null,\\\"lat\\\":\\\"null\\\",\\\"lng\\\":\\\"null\\\"}\",\"currency_type\":\"USD\",\"child_id\":\"56\",\"is_call\":\"1\",\"lat\":\"null\",\"long\":\"null\",\"advertising_id\":\"655114824a8d1332861374458\",\"created_by\":2,\"user_id\":2,\"slug\":\"bdhdhd\",\"id\":13}', 'http://salepoint.system.krd/mobile/api/v1/adds/post', '162.158.94.98', 'Dart/3.1 (dart:io)', NULL, '2023-11-12 21:08:02', '2023-11-12 21:08:02'),
(2027, 'App\\Models\\User', 2, 'created', 'App\\Models\\Images', 43, '[]', '{\"adds_id\":13,\"file_name\":\"xWKOEFofUfshYlyWI002bHqO7l2XZK.jpeg\",\"file_orginal_name\":\"Screenshot_20231110_113517.jpg\",\"path\":\"\\/storage\\/\\/uploads\\/adds\\/13\\/xWKOEFofUfshYlyWI002bHqO7l2XZK.jpeg\",\"extension\":\"jpg\",\"created_by\":2,\"active\":1,\"id\":43}', 'http://salepoint.system.krd/mobile/api/v1/adds/post', '162.158.94.98', 'Dart/3.1 (dart:io)', NULL, '2023-11-12 21:08:02', '2023-11-12 21:08:02'),
(2028, 'App\\Models\\User', 17, 'updated', 'App\\Models\\Adds', 8, '{\"view\":4}', '{\"view\":5}', 'http://salepoint.system.krd/mobile/api/v1/adds/single/teeth-brush', '198.41.242.130', 'Dart/3.1 (dart:io)', NULL, '2023-11-12 22:39:24', '2023-11-12 22:39:24'),
(2029, 'App\\Models\\User', 17, 'updated', 'App\\Models\\Adds', 3, '{\"view\":0}', '{\"view\":1}', 'http://salepoint.system.krd/mobile/api/v1/adds/single/amouage-100ml', '198.41.242.131', 'Dart/3.1 (dart:io)', NULL, '2023-11-12 22:39:48', '2023-11-12 22:39:48'),
(2030, 'App\\Models\\User', 17, 'updated', 'App\\Models\\Adds', 8, '{\"view\":5}', '{\"view\":6}', 'http://salepoint.system.krd/mobile/api/v1/adds/single/teeth-brush', '198.41.242.122', 'Dart/3.1 (dart:io)', NULL, '2023-11-12 22:41:10', '2023-11-12 22:41:10'),
(2031, 'App\\Models\\User', 17, 'updated', 'App\\Models\\Adds', 8, '{\"view\":6}', '{\"view\":7}', 'http://salepoint.system.krd/mobile/api/v1/adds/single/teeth-brush', '198.41.242.130', 'Dart/3.1 (dart:io)', NULL, '2023-11-12 22:45:10', '2023-11-12 22:45:10'),
(2032, 'App\\Models\\User', 22, 'updated', 'App\\Models\\Adds', 9, '{\"view\":8}', '{\"view\":9}', 'http://salepoint.system.krd/mobile/api/v1/adds/single/mini-cooper', '172.71.102.97', 'Dart/3.1 (dart:io)', NULL, '2023-11-13 12:00:38', '2023-11-13 12:00:38'),
(2033, 'App\\Models\\User', 22, 'updated', 'App\\Models\\Adds', 8, '{\"view\":7}', '{\"view\":8}', 'http://salepoint.system.krd/mobile/api/v1/adds/single/teeth-brush', '172.71.102.97', 'Dart/3.1 (dart:io)', NULL, '2023-11-13 12:00:41', '2023-11-13 12:00:41'),
(2034, 'App\\Models\\User', 22, 'updated', 'App\\Models\\Adds', 2, '{\"view\":0}', '{\"view\":1}', 'http://salepoint.system.krd/mobile/api/v1/adds/single/bagpack', '172.70.46.130', 'Dart/3.1 (dart:io)', NULL, '2023-11-13 12:00:46', '2023-11-13 12:00:46'),
(2035, 'App\\Models\\User', 22, 'updated', 'App\\Models\\Adds', 2, '{\"view\":1}', '{\"view\":2}', 'http://salepoint.system.krd/mobile/api/v1/adds/single/bagpack', '172.70.46.130', 'Dart/3.1 (dart:io)', NULL, '2023-11-13 12:00:49', '2023-11-13 12:00:49'),
(2036, 'App\\Models\\User', 2, 'updated', 'App\\Models\\Adds', 9, '{\"view\":9}', '{\"view\":10}', 'http://salepoint.system.krd/mobile/api/v1/adds/single/mini-cooper', '172.69.210.134', 'Dart/3.1 (dart:io)', NULL, '2023-11-13 12:42:34', '2023-11-13 12:42:34'),
(2037, 'App\\Models\\User', 2, 'updated', 'App\\Models\\Adds', 8, '{\"view\":8}', '{\"view\":9}', 'http://salepoint.system.krd/mobile/api/v1/adds/single/teeth-brush', '172.69.210.135', 'Dart/3.1 (dart:io)', NULL, '2023-11-13 12:42:36', '2023-11-13 12:42:36'),
(2038, 'App\\Models\\User', 2, 'updated', 'App\\Models\\Adds', 9, '{\"view\":10}', '{\"view\":11}', 'http://salepoint.system.krd/mobile/api/v1/adds/single/mini-cooper', '172.69.210.133', 'Dart/3.1 (dart:io)', NULL, '2023-11-13 14:05:03', '2023-11-13 14:05:03'),
(2039, 'App\\Models\\User', 17, 'updated', 'App\\Models\\Adds', 8, '{\"view\":9}', '{\"view\":10}', 'http://salepoint.system.krd/mobile/api/v1/adds/single/teeth-brush', '198.41.242.122', 'Dart/3.1 (dart:io)', NULL, '2023-11-13 19:02:09', '2023-11-13 19:02:09'),
(2040, 'App\\Models\\User', 17, 'updated', 'App\\Models\\Adds', 8, '{\"view\":10}', '{\"view\":11}', 'http://salepoint.system.krd/mobile/api/v1/adds/single/teeth-brush', '198.41.242.197', 'Dart/3.1 (dart:io)', NULL, '2023-11-13 19:02:33', '2023-11-13 19:02:33'),
(2041, 'App\\Models\\User', 17, 'updated', 'App\\Models\\Adds', 9, '{\"view\":11}', '{\"view\":12}', 'http://salepoint.system.krd/mobile/api/v1/adds/single/mini-cooper', '198.41.242.196', 'Dart/3.1 (dart:io)', NULL, '2023-11-13 19:05:35', '2023-11-13 19:05:35'),
(2042, 'App\\Models\\User', 17, 'updated', 'App\\Models\\Adds', 5, '{\"view\":1}', '{\"view\":2}', 'http://salepoint.system.krd/mobile/api/v1/adds/single/body-firstaid-kit', '198.41.242.130', 'Dart/3.1 (dart:io)', NULL, '2023-11-13 19:23:56', '2023-11-13 19:23:56'),
(2043, 'App\\Models\\User', 17, 'updated', 'App\\Models\\Adds', 3, '{\"view\":1}', '{\"view\":2}', 'http://salepoint.system.krd/mobile/api/v1/adds/single/amouage-100ml', '198.41.242.196', 'Dart/3.1 (dart:io)', NULL, '2023-11-13 19:24:00', '2023-11-13 19:24:00'),
(2044, 'App\\Models\\User', 5, 'updated', 'App\\Models\\Adds', 1, '{\"view\":1}', '{\"view\":2}', 'http://salepoint.system.krd/mobile/api/v1/adds/single/ford', '162.158.95.54', 'Dart/3.1 (dart:io)', NULL, '2023-11-13 19:24:00', '2023-11-13 19:24:00'),
(2045, 'App\\Models\\User', 17, 'updated', 'App\\Models\\Adds', 1, '{\"view\":2}', '{\"view\":3}', 'http://salepoint.system.krd/mobile/api/v1/adds/single/ford', '198.41.242.123', 'Dart/3.1 (dart:io)', NULL, '2023-11-13 19:24:06', '2023-11-13 19:24:06'),
(2046, 'App\\Models\\User', 17, 'updated', 'App\\Models\\Adds', 2, '{\"view\":2}', '{\"view\":3}', 'http://salepoint.system.krd/mobile/api/v1/adds/single/bagpack', '198.41.242.123', 'Dart/3.1 (dart:io)', NULL, '2023-11-13 19:24:08', '2023-11-13 19:24:08'),
(2047, 'App\\Models\\User', 5, 'updated', 'App\\Models\\Adds', 6, '{\"view\":3}', '{\"view\":4}', 'http://salepoint.system.krd/mobile/api/v1/adds/single/rbyl', '141.101.68.31', 'Dart/3.1 (dart:io)', NULL, '2023-11-13 19:25:14', '2023-11-13 19:25:14'),
(2048, 'App\\Models\\User', 17, 'updated', 'App\\Models\\Adds', 2, '{\"view\":3}', '{\"view\":4}', 'http://salepoint.system.krd/mobile/api/v1/adds/single/bagpack', '198.41.242.116', 'Dart/3.1 (dart:io)', NULL, '2023-11-13 19:49:17', '2023-11-13 19:49:17'),
(2049, 'App\\Models\\User', 17, 'updated', 'App\\Models\\Adds', 8, '{\"view\":11}', '{\"view\":12}', 'http://salepoint.system.krd/mobile/api/v1/adds/single/teeth-brush', '198.41.242.117', 'Dart/3.1 (dart:io)', NULL, '2023-11-14 04:05:11', '2023-11-14 04:05:11'),
(2050, 'App\\Models\\User', 17, 'updated', 'App\\Models\\Adds', 3, '{\"view\":2}', '{\"view\":3}', 'http://salepoint.system.krd/mobile/api/v1/adds/single/amouage-100ml', '172.71.160.135', 'Dart/3.1 (dart:io)', NULL, '2023-11-15 03:30:02', '2023-11-15 03:30:02'),
(2051, 'App\\Models\\User', 2, 'updated', 'App\\Models\\Adds', 9, '{\"view\":12}', '{\"view\":13}', 'http://salepoint.system.krd/mobile/api/v1/adds/single/mini-cooper', '172.71.126.134', 'Dart/3.1 (dart:io)', NULL, '2023-11-18 22:57:32', '2023-11-18 22:57:32'),
(2052, 'App\\Models\\User', 17, 'updated', 'App\\Models\\Adds', 8, '{\"view\":12}', '{\"view\":13}', 'http://salepoint.system.krd/mobile/api/v1/adds/single/teeth-brush', '198.41.242.196', 'Dart/3.1 (dart:io)', NULL, '2023-11-19 19:41:24', '2023-11-19 19:41:24'),
(2053, 'App\\Models\\User', 17, 'updated', 'App\\Models\\Adds', 8, '{\"view\":13}', '{\"view\":14}', 'http://salepoint.system.krd/mobile/api/v1/adds/single/teeth-brush', '198.41.242.117', 'Dart/3.1 (dart:io)', NULL, '2023-11-19 20:15:21', '2023-11-19 20:15:21'),
(2054, 'App\\Models\\User', 4, 'updated', 'App\\Models\\Adds', 9, '{\"view\":13}', '{\"view\":14}', 'http://salepoint.system.krd/mobile/api/v1/adds/single/mini-cooper', '141.101.76.81', 'Dart/3.1 (dart:io)', NULL, '2023-11-19 20:30:10', '2023-11-19 20:30:10'),
(2055, 'App\\Models\\User', 4, 'updated', 'App\\Models\\Adds', 9, '{\"view\":14}', '{\"view\":15}', 'http://salepoint.system.krd/mobile/api/v1/adds/single/mini-cooper', '172.70.247.105', 'Dart/3.1 (dart:io)', NULL, '2023-11-19 20:34:53', '2023-11-19 20:34:53'),
(2056, 'App\\Models\\User', 4, 'updated', 'App\\Models\\Adds', 8, '{\"view\":14}', '{\"view\":15}', 'http://salepoint.system.krd/mobile/api/v1/adds/single/teeth-brush', '141.101.76.246', 'Dart/3.1 (dart:io)', NULL, '2023-11-19 20:34:59', '2023-11-19 20:34:59'),
(2057, 'App\\Models\\User', 4, 'updated', 'App\\Models\\Adds', 6, '{\"view\":4}', '{\"view\":5}', 'http://salepoint.system.krd/mobile/api/v1/adds/single/rbyl', '172.70.246.84', 'Dart/3.1 (dart:io)', NULL, '2023-11-19 20:35:03', '2023-11-19 20:35:03'),
(2058, 'App\\Models\\User', 5, 'updated', 'App\\Models\\Adds', 6, '{\"view\":5}', '{\"view\":6}', 'http://salepoint.system.krd/mobile/api/v1/adds/single/rbyl', '172.70.242.209', 'Dart/3.1 (dart:io)', NULL, '2023-11-19 20:35:43', '2023-11-19 20:35:43'),
(2059, 'App\\Models\\User', 4, 'updated', 'App\\Models\\Adds', 9, '{\"view\":15}', '{\"view\":16}', 'http://salepoint.system.krd/mobile/api/v1/adds/single/mini-cooper', '172.71.250.82', 'Dart/3.1 (dart:io)', NULL, '2023-11-19 20:37:27', '2023-11-19 20:37:27'),
(2060, 'App\\Models\\User', 4, 'updated', 'App\\Models\\Adds', 9, '{\"view\":16}', '{\"view\":17}', 'http://salepoint.system.krd/mobile/api/v1/adds/single/mini-cooper', '162.158.18.210', 'Dart/3.1 (dart:io)', NULL, '2023-11-19 20:37:55', '2023-11-19 20:37:55'),
(2061, 'App\\Models\\User', 17, 'updated', 'App\\Models\\Adds', 9, '{\"view\":17}', '{\"view\":18}', 'http://salepoint.system.krd/mobile/api/v1/adds/single/mini-cooper', '198.41.242.131', 'Dart/3.1 (dart:io)', NULL, '2023-11-19 20:37:59', '2023-11-19 20:37:59'),
(2062, 'App\\Models\\User', 4, 'updated', 'App\\Models\\Adds', 8, '{\"view\":15}', '{\"view\":16}', 'http://salepoint.system.krd/mobile/api/v1/adds/single/teeth-brush', '162.158.19.170', 'Dart/3.1 (dart:io)', NULL, '2023-11-19 20:39:38', '2023-11-19 20:39:38'),
(2063, 'App\\Models\\User', 4, 'updated', 'App\\Models\\Adds', 7, '{\"view\":2}', '{\"view\":3}', 'http://salepoint.system.krd/mobile/api/v1/adds/single/cars', '172.71.99.102', 'Dart/3.1 (dart:io)', NULL, '2023-11-19 20:39:47', '2023-11-19 20:39:47'),
(2064, 'App\\Models\\User', 4, 'updated', 'App\\Models\\Adds', 6, '{\"view\":6}', '{\"view\":7}', 'http://salepoint.system.krd/mobile/api/v1/adds/single/rbyl', '162.158.18.157', 'Dart/3.1 (dart:io)', NULL, '2023-11-19 20:39:52', '2023-11-19 20:39:52'),
(2065, 'App\\Models\\User', 5, 'updated', 'App\\Models\\Adds', 6, '{\"view\":7}', '{\"view\":8}', 'http://salepoint.system.krd/mobile/api/v1/adds/single/rbyl', '141.101.69.95', 'Dart/3.1 (dart:io)', NULL, '2023-11-19 20:40:01', '2023-11-19 20:40:01'),
(2066, 'App\\Models\\User', 4, 'updated', 'App\\Models\\Adds', 8, '{\"view\":16}', '{\"view\":17}', 'http://salepoint.system.krd/mobile/api/v1/adds/single/teeth-brush', '172.71.135.66', 'Dart/3.1 (dart:io)', NULL, '2023-11-19 20:40:08', '2023-11-19 20:40:08'),
(2067, 'App\\Models\\User', 17, 'updated', 'App\\Models\\Adds', 8, '{\"view\":17}', '{\"view\":18}', 'http://salepoint.system.krd/mobile/api/v1/adds/single/teeth-brush', '198.41.242.197', 'Dart/3.1 (dart:io)', NULL, '2023-11-19 20:40:10', '2023-11-19 20:40:10'),
(2068, 'App\\Models\\User', 17, 'updated', 'App\\Models\\Adds', 8, '{\"view\":18}', '{\"view\":19}', 'http://salepoint.system.krd/mobile/api/v1/adds/single/teeth-brush', '198.41.242.122', 'Dart/3.1 (dart:io)', NULL, '2023-11-19 20:40:19', '2023-11-19 20:40:19'),
(2069, 'App\\Models\\User', 5, 'updated', 'App\\Models\\Adds', 1, '{\"view\":3}', '{\"view\":4}', 'http://salepoint.system.krd/mobile/api/v1/adds/single/ford', '162.158.18.71', 'Dart/3.1 (dart:io)', NULL, '2023-11-19 20:40:25', '2023-11-19 20:40:25'),
(2070, 'App\\Models\\User', 4, 'updated', 'App\\Models\\Adds', 8, '{\"view\":19}', '{\"view\":20}', 'http://salepoint.system.krd/mobile/api/v1/adds/single/teeth-brush', '162.158.18.157', 'Dart/3.1 (dart:io)', NULL, '2023-11-19 20:40:29', '2023-11-19 20:40:29'),
(2071, 'App\\Models\\User', 4, 'updated', 'App\\Models\\Adds', 9, '{\"view\":18}', '{\"view\":19}', 'http://salepoint.system.krd/mobile/api/v1/adds/single/mini-cooper', '162.158.19.169', 'Dart/3.1 (dart:io)', NULL, '2023-11-19 20:41:17', '2023-11-19 20:41:17'),
(2072, 'App\\Models\\User', 5, 'updated', 'App\\Models\\Adds', 6, '{\"view\":8}', '{\"view\":9}', 'http://salepoint.system.krd/mobile/api/v1/adds/single/rbyl', '162.158.18.210', 'Dart/3.1 (dart:io)', NULL, '2023-11-19 20:44:10', '2023-11-19 20:44:10'),
(2073, 'App\\Models\\User', 4, 'updated', 'App\\Models\\Adds', 9, '{\"view\":19}', '{\"view\":20}', 'http://salepoint.system.krd/mobile/api/v1/adds/single/mini-cooper', '172.71.102.156', 'Dart/3.1 (dart:io)', NULL, '2023-11-19 20:44:27', '2023-11-19 20:44:27'),
(2074, 'App\\Models\\User', 4, 'updated', 'App\\Models\\Adds', 9, '{\"view\":20}', '{\"view\":21}', 'http://salepoint.system.krd/mobile/api/v1/adds/single/mini-cooper', '162.158.18.157', 'Dart/3.1 (dart:io)', NULL, '2023-11-19 20:44:41', '2023-11-19 20:44:41'),
(2075, 'App\\Models\\User', 4, 'updated', 'App\\Models\\Adds', 8, '{\"view\":20}', '{\"view\":21}', 'http://salepoint.system.krd/mobile/api/v1/adds/single/teeth-brush', '172.71.99.155', 'Dart/3.1 (dart:io)', NULL, '2023-11-19 20:44:59', '2023-11-19 20:44:59'),
(2076, 'App\\Models\\User', 17, 'updated', 'App\\Models\\Adds', 8, '{\"view\":21}', '{\"view\":22}', 'http://salepoint.system.krd/mobile/api/v1/adds/single/teeth-brush', '198.41.242.117', 'Dart/3.1 (dart:io)', NULL, '2023-11-19 20:45:00', '2023-11-19 20:45:00'),
(2077, 'App\\Models\\User', 4, 'updated', 'App\\Models\\Adds', 8, '{\"view\":22}', '{\"view\":23}', 'http://salepoint.system.krd/mobile/api/v1/adds/single/teeth-brush', '162.158.18.71', 'Dart/3.1 (dart:io)', NULL, '2023-11-19 20:55:47', '2023-11-19 20:55:47'),
(2078, 'App\\Models\\User', 17, 'updated', 'App\\Models\\Adds', 8, '{\"view\":23}', '{\"view\":24}', 'http://salepoint.system.krd/mobile/api/v1/adds/single/teeth-brush', '198.41.242.196', 'Dart/3.1 (dart:io)', NULL, '2023-11-19 21:00:33', '2023-11-19 21:00:33'),
(2079, 'App\\Models\\User', 17, 'updated', 'App\\Models\\Adds', 1, '{\"view\":4}', '{\"view\":5}', 'http://salepoint.system.krd/mobile/api/v1/adds/single/ford', '198.41.242.130', 'Dart/3.1 (dart:io)', NULL, '2023-11-19 21:01:49', '2023-11-19 21:01:49'),
(2080, 'App\\Models\\User', 17, 'updated', 'App\\Models\\Adds', 3, '{\"view\":3}', '{\"view\":4}', 'http://salepoint.system.krd/mobile/api/v1/adds/single/amouage-100ml', '198.41.242.123', 'Dart/3.1 (dart:io)', NULL, '2023-11-19 21:01:55', '2023-11-19 21:01:55'),
(2081, 'App\\Models\\User', 4, 'updated', 'App\\Models\\Adds', 6, '{\"view\":9}', '{\"view\":10}', 'http://salepoint.system.krd/mobile/api/v1/adds/single/rbyl', '162.158.18.157', 'Dart/3.1 (dart:io)', NULL, '2023-11-19 21:01:56', '2023-11-19 21:01:56'),
(2082, 'App\\Models\\User', 5, 'updated', 'App\\Models\\Adds', 6, '{\"view\":10}', '{\"view\":11}', 'http://salepoint.system.krd/mobile/api/v1/adds/single/rbyl', '172.71.102.133', 'Dart/3.1 (dart:io)', NULL, '2023-11-19 21:02:11', '2023-11-19 21:02:11'),
(2083, 'App\\Models\\User', 5, 'created', 'App\\Models\\UserFollowers', 29, '[]', '{\"user_id\":5,\"follows_user_id\":17,\"created_by\":5,\"active\":1,\"id\":29}', 'http://salepoint.system.krd/mobile/api/v1/follow', '162.158.110.108', 'Dart/3.1 (dart:io)', NULL, '2023-11-19 21:02:22', '2023-11-19 21:02:22'),
(2084, 'App\\Models\\User', 17, 'deleted', 'App\\Models\\UserFollowers', 27, '{\"id\":27,\"user_id\":17,\"follows_user_id\":5,\"active\":1,\"created_by\":17,\"updated_by\":null}', '[]', 'http://salepoint.system.krd/mobile/api/v1/follow', '198.41.242.131', 'Dart/3.1 (dart:io)', NULL, '2023-11-19 21:02:44', '2023-11-19 21:02:44'),
(2085, 'App\\Models\\User', 5, 'updated', 'App\\Models\\Adds', 6, '{\"view\":11}', '{\"view\":12}', 'http://salepoint.system.krd/mobile/api/v1/adds/single/rbyl', '172.70.246.24', 'Dart/3.1 (dart:io)', NULL, '2023-11-19 21:03:49', '2023-11-19 21:03:49'),
(2086, 'App\\Models\\User', 5, 'updated', 'App\\Models\\Adds', 6, '{\"view\":12}', '{\"view\":13}', 'http://salepoint.system.krd/mobile/api/v1/adds/single/rbyl', '162.158.18.157', 'Dart/3.1 (dart:io)', NULL, '2023-11-19 21:03:54', '2023-11-19 21:03:54'),
(2087, 'App\\Models\\User', 5, 'updated', 'App\\Models\\Adds', 6, '{\"view\":13}', '{\"view\":14}', 'http://salepoint.system.krd/mobile/api/v1/adds/single/rbyl', '162.158.18.157', 'Dart/3.1 (dart:io)', NULL, '2023-11-19 21:03:57', '2023-11-19 21:03:57'),
(2088, 'App\\Models\\User', 5, 'updated', 'App\\Models\\Adds', 6, '{\"view\":14}', '{\"view\":15}', 'http://salepoint.system.krd/mobile/api/v1/adds/single/rbyl', '162.158.18.157', 'Dart/3.1 (dart:io)', NULL, '2023-11-19 21:04:00', '2023-11-19 21:04:00'),
(2089, 'App\\Models\\User', 4, 'updated', 'App\\Models\\Adds', 6, '{\"view\":15}', '{\"view\":16}', 'http://salepoint.system.krd/mobile/api/v1/adds/single/rbyl', '162.158.18.210', 'Dart/3.1 (dart:io)', NULL, '2023-11-19 21:04:01', '2023-11-19 21:04:01'),
(2090, 'App\\Models\\User', 5, 'updated', 'App\\Models\\Adds', 6, '{\"view\":16}', '{\"view\":17}', 'http://salepoint.system.krd/mobile/api/v1/adds/single/rbyl', '162.158.18.71', 'Dart/3.1 (dart:io)', NULL, '2023-11-19 21:04:03', '2023-11-19 21:04:03'),
(2091, 'App\\Models\\User', 4, 'updated', 'App\\Models\\Adds', 6, '{\"view\":17}', '{\"view\":18}', 'http://salepoint.system.krd/mobile/api/v1/adds/single/rbyl', '162.158.18.71', 'Dart/3.1 (dart:io)', NULL, '2023-11-19 21:04:07', '2023-11-19 21:04:07'),
(2092, 'App\\Models\\User', 4, 'updated', 'App\\Models\\Adds', 6, '{\"view\":18}', '{\"view\":19}', 'http://salepoint.system.krd/mobile/api/v1/adds/single/rbyl', '162.158.86.39', 'Dart/3.1 (dart:io)', NULL, '2023-11-19 21:04:14', '2023-11-19 21:04:14'),
(2093, 'App\\Models\\User', 4, 'updated', 'App\\Models\\Adds', 8, '{\"view\":24}', '{\"view\":25}', 'http://salepoint.system.krd/mobile/api/v1/adds/single/teeth-brush', '172.71.103.163', 'Dart/3.1 (dart:io)', NULL, '2023-11-19 21:08:14', '2023-11-19 21:08:14'),
(2094, 'App\\Models\\User', 4, 'created', 'App\\Models\\UserFollowers', 30, '[]', '{\"user_id\":4,\"follows_user_id\":5,\"created_by\":4,\"active\":1,\"id\":30}', 'http://salepoint.system.krd/mobile/api/v1/follow', '172.71.99.129', 'Dart/3.1 (dart:io)', NULL, '2023-11-19 21:09:02', '2023-11-19 21:09:02'),
(2095, 'App\\Models\\User', 17, 'created', 'App\\Models\\UserFollowers', 31, '[]', '{\"user_id\":17,\"follows_user_id\":5,\"created_by\":17,\"active\":1,\"id\":31}', 'http://salepoint.system.krd/mobile/api/v1/follow', '198.41.242.197', 'Dart/3.1 (dart:io)', NULL, '2023-11-19 21:09:26', '2023-11-19 21:09:26'),
(2096, 'App\\Models\\User', 4, 'updated', 'App\\Models\\Adds', 8, '{\"view\":25}', '{\"view\":26}', 'http://salepoint.system.krd/mobile/api/v1/adds/single/teeth-brush', '162.158.18.70', 'Dart/3.1 (dart:io)', NULL, '2023-11-19 21:10:17', '2023-11-19 21:10:17'),
(2097, 'App\\Models\\User', 2, 'updated', 'App\\Models\\Adds', 8, '{\"view\":26}', '{\"view\":27}', 'http://salepoint.system.krd/mobile/api/v1/adds/single/teeth-brush', '172.70.242.209', 'Dart/3.1 (dart:io)', NULL, '2023-11-20 21:19:47', '2023-11-20 21:19:47'),
(2098, 'App\\Models\\User', 2, 'updated', 'App\\Models\\Adds', 8, '{\"view\":27}', '{\"view\":28}', 'http://salepoint.system.krd/mobile/api/v1/adds/single/teeth-brush', '172.70.242.209', 'Dart/3.1 (dart:io)', NULL, '2023-11-20 21:19:49', '2023-11-20 21:19:49'),
(2099, 'App\\Models\\User', 2, 'updated', 'App\\Models\\Adds', 8, '{\"view\":28}', '{\"view\":29}', 'http://salepoint.system.krd/mobile/api/v1/adds/single/teeth-brush', '172.70.250.221', 'Dart/3.1 (dart:io)', NULL, '2023-11-20 21:20:12', '2023-11-20 21:20:12'),
(2100, 'App\\Models\\User', 2, 'updated', 'App\\Models\\Adds', 8, '{\"view\":29}', '{\"view\":30}', 'http://salepoint.system.krd/mobile/api/v1/adds/single/teeth-brush', '172.69.150.141', 'Dart/3.1 (dart:io)', NULL, '2023-11-20 21:20:22', '2023-11-20 21:20:22'),
(2101, 'App\\Models\\User', 17, 'updated', 'App\\Models\\Adds', 8, '{\"view\":30}', '{\"view\":31}', 'http://salepoint.system.krd/mobile/api/v1/adds/single/teeth-brush', '198.41.242.122', 'Dart/3.1 (dart:io)', NULL, '2023-11-21 22:05:53', '2023-11-21 22:05:53'),
(2102, 'App\\Models\\User', 17, 'updated', 'App\\Models\\Adds', 9, '{\"view\":21}', '{\"view\":22}', 'http://salepoint.system.krd/mobile/api/v1/adds/single/mini-cooper', '198.41.242.116', 'Dart/3.1 (dart:io)', NULL, '2023-11-26 13:41:16', '2023-11-26 13:41:16'),
(2103, 'App\\Models\\User', 4, 'updated', 'App\\Models\\Adds', 8, '{\"view\":31}', '{\"view\":32}', 'http://salepoint.system.krd/mobile/api/v1/adds/single/teeth-brush', '172.69.210.136', 'Dart/3.1 (dart:io)', NULL, '2023-11-27 13:41:44', '2023-11-27 13:41:44'),
(2104, 'App\\Models\\User', 4, 'updated', 'App\\Models\\Adds', 8, '{\"view\":32}', '{\"view\":33}', 'http://salepoint.system.krd/mobile/api/v1/adds/single/teeth-brush', '172.69.210.134', 'Dart/3.1 (dart:io)', NULL, '2023-11-27 13:41:59', '2023-11-27 13:41:59'),
(2105, 'App\\Models\\User', 4, 'updated', 'App\\Models\\Adds', 9, '{\"view\":22}', '{\"view\":23}', 'http://salepoint.system.krd/mobile/api/v1/adds/single/mini-cooper', '172.69.210.136', 'Dart/3.1 (dart:io)', NULL, '2023-11-27 13:47:13', '2023-11-27 13:47:13'),
(2106, 'App\\Models\\User', 4, 'updated', 'App\\Models\\Adds', 7, '{\"view\":3}', '{\"view\":4}', 'http://salepoint.system.krd/mobile/api/v1/adds/single/cars', '172.69.210.132', 'Dart/3.1 (dart:io)', NULL, '2023-11-27 13:47:31', '2023-11-27 13:47:31'),
(2107, 'App\\Models\\User', 4, 'updated', 'App\\Models\\Adds', 8, '{\"view\":33}', '{\"view\":34}', 'http://salepoint.system.krd/mobile/api/v1/adds/single/teeth-brush', '172.69.210.132', 'Dart/3.1 (dart:io)', NULL, '2023-11-27 13:47:33', '2023-11-27 13:47:33'),
(2108, 'App\\Models\\User', 4, 'updated', 'App\\Models\\Adds', 9, '{\"view\":23}', '{\"view\":24}', 'http://salepoint.system.krd/mobile/api/v1/adds/single/mini-cooper', '172.69.210.136', 'Dart/3.1 (dart:io)', NULL, '2023-11-27 13:47:37', '2023-11-27 13:47:37'),
(2109, 'App\\Models\\User', 4, 'updated', 'App\\Models\\Adds', 8, '{\"view\":34}', '{\"view\":35}', 'http://salepoint.system.krd/mobile/api/v1/adds/single/teeth-brush', '172.69.210.135', 'Dart/3.1 (dart:io)', NULL, '2023-11-27 13:50:25', '2023-11-27 13:50:25'),
(2110, 'App\\Models\\User', 17, 'updated', 'App\\Models\\Adds', 8, '{\"view\":35}', '{\"view\":36}', 'http://salepoint.system.krd/mobile/api/v1/adds/single/teeth-brush', '198.41.242.197', 'Dart/3.1 (dart:io)', NULL, '2023-11-28 02:00:17', '2023-11-28 02:00:17'),
(2111, 'App\\Models\\User', 17, 'updated', 'App\\Models\\Adds', 5, '{\"view\":2}', '{\"view\":3}', 'http://salepoint.system.krd/mobile/api/v1/adds/single/body-firstaid-kit', '198.41.242.197', 'Dart/3.1 (dart:io)', NULL, '2023-11-28 02:00:23', '2023-11-28 02:00:23'),
(2112, 'App\\Models\\User', 17, 'updated', 'App\\Models\\Adds', 9, '{\"view\":24}', '{\"view\":25}', 'http://salepoint.system.krd/mobile/api/v1/adds/single/mini-cooper', '198.41.242.117', 'Dart/3.1 (dart:io)', NULL, '2023-11-28 02:00:26', '2023-11-28 02:00:26'),
(2113, 'App\\Models\\User', 2, 'updated', 'App\\Models\\Adds', 1, '{\"view\":5}', '{\"view\":6}', 'http://salepoint.system.krd/mobile/api/v1/adds/single/ford', '172.71.182.96', 'Dart/3.2 (dart:io)', NULL, '2023-12-06 21:38:22', '2023-12-06 21:38:22'),
(2114, 'App\\Models\\User', 2, 'updated', 'App\\Models\\Adds', 1, '{\"view\":6}', '{\"view\":7}', 'http://salepoint.system.krd/mobile/api/v1/adds/single/ford', '162.158.111.209', 'Dart/3.2 (dart:io)', NULL, '2023-12-06 21:49:01', '2023-12-06 21:49:01'),
(2115, 'App\\Models\\User', 2, 'updated', 'App\\Models\\Adds', 1, '{\"view\":7}', '{\"view\":8}', 'http://salepoint.system.krd/mobile/api/v1/adds/single/ford', '162.158.87.219', 'Dart/3.2 (dart:io)', NULL, '2023-12-06 21:52:34', '2023-12-06 21:52:34'),
(2116, 'App\\Models\\User', 22, 'updated', 'App\\Models\\Adds', 4, '{\"view\":0}', '{\"view\":1}', 'http://salepoint.system.krd/mobile/api/v1/adds/single/traffic-police-sign', '172.71.103.73', 'Dart/3.1 (dart:io)', NULL, '2023-12-06 21:58:02', '2023-12-06 21:58:02'),
(2119, 'App\\Models\\User', 17, 'updated', 'App\\Models\\Adds', 9, '{\"view\":25}', '{\"view\":26}', 'http://salepoint.system.krd/mobile/api/v1/adds/single/mini-cooper', '198.41.242.82', 'Dart/3.1 (dart:io)', NULL, '2023-12-07 21:11:52', '2023-12-07 21:11:52'),
(2121, 'App\\Models\\User', 2, 'updated', 'App\\Models\\Adds', 1, '{\"view\":8}', '{\"view\":9}', 'http://salepoint.system.krd/mobile/api/v1/adds/single/ford', '162.158.110.43', 'Dart/3.1 (dart:io)', NULL, '2023-12-08 21:42:09', '2023-12-08 21:42:09'),
(2122, 'App\\Models\\User', 2, 'created', 'App\\Models\\UserFollowers', 32, '[]', '{\"user_id\":2,\"follows_user_id\":7,\"created_by\":2,\"active\":1,\"id\":32}', 'http://salepoint.system.krd/mobile/api/v1/follow', '172.70.230.44', 'Dart/3.1 (dart:io)', NULL, '2023-12-08 21:42:29', '2023-12-08 21:42:29'),
(2123, 'App\\Models\\Admin', 1, 'created', 'App\\Models\\Category', 63, '[]', '{\"title\":\"{\\\"en\\\":\\\"cat1\\\",\\\"ar\\\":null}\",\"image\":null,\"created_by\":1,\"slug\":\"cat1\",\"id\":63}', 'http://127.0.0.1:8000/categories', '127.0.0.1', 'Mozilla/5.0 (X11; Linux x86_64) AppleWebKit/537.36 (KHTML, like Gecko) Chrome/122.0.0.0 Safari/537.36', NULL, '2024-03-20 21:53:59', '2024-03-20 21:53:59'),
(2124, 'App\\Models\\Admin', 1, 'created', 'App\\Models\\Category', 64, '[]', '{\"title\":\"{\\\"en\\\":\\\"cat2\\\",\\\"ar\\\":null}\",\"parent_id\":\"63\",\"level\":1,\"image\":null,\"created_by\":1,\"slug\":\"cat2\",\"id\":64}', 'http://127.0.0.1:8000/categories', '127.0.0.1', 'Mozilla/5.0 (X11; Linux x86_64) AppleWebKit/537.36 (KHTML, like Gecko) Chrome/122.0.0.0 Safari/537.36', NULL, '2024-03-20 21:54:12', '2024-03-20 21:54:12'),
(2125, 'App\\Models\\Admin', 1, 'created', 'App\\Models\\Category', 65, '[]', '{\"title\":\"{\\\"en\\\":\\\"cat3\\\",\\\"ar\\\":null}\",\"parent_id\":\"64\",\"level\":2,\"image\":null,\"created_by\":1,\"slug\":\"cat3\",\"id\":65}', 'http://127.0.0.1:8000/categories', '127.0.0.1', 'Mozilla/5.0 (X11; Linux x86_64) AppleWebKit/537.36 (KHTML, like Gecko) Chrome/122.0.0.0 Safari/537.36', NULL, '2024-03-20 21:54:20', '2024-03-20 21:54:20'),
(2126, 'App\\Models\\Admin', 1, 'updated', 'App\\Models\\Packages', 3, '{\"active\":1}', '{\"active\":0}', 'http://127.0.0.1:8000/packages/status_change/3?_token=4Dtt4ORzHMxWeBIGHPMakDkTiOZYc8AgbkBQnh7g', '127.0.0.1', 'Mozilla/5.0 (X11; Linux x86_64) AppleWebKit/537.36 (KHTML, like Gecko) Chrome/122.0.0.0 Safari/537.36', NULL, '2024-03-20 21:57:45', '2024-03-20 21:57:45'),
(2127, 'App\\Models\\Admin', 1, 'updated', 'App\\Models\\Packages', 3, '{\"active\":0}', '{\"active\":1}', 'http://127.0.0.1:8000/packages/status_change/3?_token=4Dtt4ORzHMxWeBIGHPMakDkTiOZYc8AgbkBQnh7g', '127.0.0.1', 'Mozilla/5.0 (X11; Linux x86_64) AppleWebKit/537.36 (KHTML, like Gecko) Chrome/122.0.0.0 Safari/537.36', NULL, '2024-03-20 21:57:45', '2024-03-20 21:57:45'),
(2128, 'App\\Models\\Admin', 1, 'updated', 'App\\Models\\UserModel', 23, '{\"active\":1}', '{\"active\":0}', 'http://127.0.0.1:8000/users/status_change/23?_token=4Dtt4ORzHMxWeBIGHPMakDkTiOZYc8AgbkBQnh7g', '127.0.0.1', 'Mozilla/5.0 (X11; Linux x86_64) AppleWebKit/537.36 (KHTML, like Gecko) Chrome/122.0.0.0 Safari/537.36', NULL, '2024-03-20 22:02:30', '2024-03-20 22:02:30'),
(2129, 'App\\Models\\Admin', 1, 'updated', 'App\\Models\\UserModel', 23, '{\"active\":0}', '{\"active\":1}', 'http://127.0.0.1:8000/users/status_change/23?_token=4Dtt4ORzHMxWeBIGHPMakDkTiOZYc8AgbkBQnh7g', '127.0.0.1', 'Mozilla/5.0 (X11; Linux x86_64) AppleWebKit/537.36 (KHTML, like Gecko) Chrome/122.0.0.0 Safari/537.36', NULL, '2024-03-20 22:02:30', '2024-03-20 22:02:30'),
(2130, 'App\\Models\\Admin', 1, 'created', 'App\\Models\\Category', 66, '[]', '{\"title\":\"{\\\"en\\\":\\\"auto4\\\",\\\"ar\\\":null}\",\"image\":null,\"created_by\":1,\"slug\":\"auto4\",\"id\":66}', 'http://127.0.0.1:8000/categories', '127.0.0.1', 'Mozilla/5.0 (X11; Linux x86_64) AppleWebKit/537.36 (KHTML, like Gecko) Chrome/122.0.0.0 Safari/537.36', NULL, '2024-03-30 21:15:53', '2024-03-30 21:15:53'),
(2131, 'App\\Models\\Admin', 1, 'deleted', 'App\\Models\\Category', 66, '{\"id\":66,\"title\":\"{\\\"en\\\":\\\"auto4\\\",\\\"ar\\\":null}\",\"slug\":\"auto4\",\"parent_id\":0,\"image\":null,\"level\":0,\"active\":1,\"created_by\":1,\"updated_by\":null}', '[]', 'http://127.0.0.1:8000/categories/66', '127.0.0.1', 'Mozilla/5.0 (X11; Linux x86_64) AppleWebKit/537.36 (KHTML, like Gecko) Chrome/122.0.0.0 Safari/537.36', NULL, '2024-03-30 21:16:26', '2024-03-30 21:16:26'),
(2132, 'App\\Models\\Admin', 1, 'created', 'App\\Models\\Category', 67, '[]', '{\"title\":\"{\\\"en\\\":\\\"auto_test\\\",\\\"ar\\\":null}\",\"image\":null,\"created_by\":1,\"slug\":\"auto-test\",\"id\":67}', 'http://127.0.0.1:8000/categories', '127.0.0.1', 'Mozilla/5.0 (X11; Linux x86_64) AppleWebKit/537.36 (KHTML, like Gecko) Chrome/122.0.0.0 Safari/537.36', NULL, '2024-03-30 21:16:41', '2024-03-30 21:16:41'),
(2133, 'App\\Models\\Admin', 1, 'created', 'App\\Models\\Category', 68, '[]', '{\"title\":\"{\\\"en\\\":\\\"car_test\\\",\\\"ar\\\":null}\",\"parent_id\":\"67\",\"level\":1,\"image\":null,\"created_by\":1,\"slug\":\"car-test\",\"id\":68}', 'http://127.0.0.1:8000/categories', '127.0.0.1', 'Mozilla/5.0 (X11; Linux x86_64) AppleWebKit/537.36 (KHTML, like Gecko) Chrome/122.0.0.0 Safari/537.36', NULL, '2024-03-30 21:16:56', '2024-03-30 21:16:56'),
(2134, 'App\\Models\\Admin', 1, 'created', 'App\\Models\\Category', 69, '[]', '{\"title\":\"{\\\"en\\\":\\\"brand_test\\\",\\\"ar\\\":null}\",\"parent_id\":\"68\",\"level\":2,\"image\":null,\"created_by\":1,\"slug\":\"brand-test\",\"id\":69}', 'http://127.0.0.1:8000/categories', '127.0.0.1', 'Mozilla/5.0 (X11; Linux x86_64) AppleWebKit/537.36 (KHTML, like Gecko) Chrome/122.0.0.0 Safari/537.36', NULL, '2024-03-30 21:17:15', '2024-03-30 21:17:15'),
(2135, 'App\\Models\\Admin', 1, 'created', 'App\\Models\\Category', 70, '[]', '{\"title\":\"{\\\"en\\\":\\\"model_test\\\",\\\"ar\\\":null}\",\"parent_id\":\"69\",\"level\":3,\"image\":null,\"created_by\":1,\"slug\":\"model-test\",\"id\":70}', 'http://127.0.0.1:8000/categories', '127.0.0.1', 'Mozilla/5.0 (X11; Linux x86_64) AppleWebKit/537.36 (KHTML, like Gecko) Chrome/122.0.0.0 Safari/537.36', NULL, '2024-03-30 21:17:30', '2024-03-30 21:17:30');

-- --------------------------------------------------------

--
-- Table structure for table `banners`
--

CREATE TABLE `banners` (
  `id` bigint UNSIGNED NOT NULL,
  `title` varchar(255) CHARACTER SET utf8mb4 COLLATE utf8mb4_unicode_ci NOT NULL,
  `slug` varchar(255) CHARACTER SET utf8mb4 COLLATE utf8mb4_unicode_ci DEFAULT NULL,
  `description` varchar(255) CHARACTER SET utf8mb4 COLLATE utf8mb4_unicode_ci NOT NULL,
  `banner_type` enum('product','link','normal') CHARACTER SET utf8mb4 COLLATE utf8mb4_unicode_ci NOT NULL DEFAULT 'normal',
  `data_type` varchar(255) CHARACTER SET utf8mb4 COLLATE utf8mb4_unicode_ci DEFAULT NULL,
  `initial_date` date NOT NULL,
  `final_date` date NOT NULL,
  `image` varchar(255) CHARACTER SET utf8mb4 COLLATE utf8mb4_unicode_ci DEFAULT NULL,
  `gallery_image` varchar(255) CHARACTER SET utf8mb4 COLLATE utf8mb4_unicode_ci DEFAULT NULL,
  `active` tinyint(1) NOT NULL DEFAULT '1',
  `created_by` int NOT NULL,
  `updated_by` int DEFAULT NULL,
  `created_at` timestamp NULL DEFAULT NULL,
  `updated_at` timestamp NULL DEFAULT NULL,
  `deleted_at` timestamp NULL DEFAULT NULL
) ENGINE=InnoDB DEFAULT CHARSET=utf8mb4 COLLATE=utf8mb4_unicode_ci;

--
-- Dumping data for table `banners`
--

INSERT INTO `banners` (`id`, `title`, `slug`, `description`, `banner_type`, `data_type`, `initial_date`, `final_date`, `image`, `gallery_image`, `active`, `created_by`, `updated_by`, `created_at`, `updated_at`, `deleted_at`) VALUES
(1, '{\"en\":\"Sale Point\",\"ckb\":\"ئەپی Sale Point\",\"ar\":\"عەرەبیSale Point\"}', 'sale-point', '{\"en\":\"Sale Point apps for online apps create\",\"ckb\":\"ئەپەکە بەکاردێ بۆ بازارگەری\",\"ar\":\"عەرەبیSale PointعەرەبیSale Point\"}', 'normal', NULL, '2023-04-01', '2023-04-16', '9', NULL, 1, 1, NULL, '2023-04-02 10:14:38', '2023-04-02 10:14:38', NULL),
(2, '{\"en\":\"Volkswagen Jetta 2019 - $23,000 for sale\",\"ar\":null}', 'volkswagen-jetta-2019-23-000-for-sale', '{\"en\":\"Shop 2019 Volkswagen Jetta vehicles for sale at Cars.com. Research, compare, and save listings, or contact sellers directly from 1719 2019 Jetta models\",\"ar\":null}', 'product', '2', '2023-04-04', '2023-05-06', '10', NULL, 1, 1, NULL, '2023-04-04 21:52:53', '2023-04-04 21:52:53', NULL),
(3, '{\"en\":\"Banner1\",\"ar\":null}', 'banner1', '{\"en\":\"Test\",\"ar\":null}', 'normal', NULL, '2023-07-31', '2023-09-01', '2', NULL, 1, 1, NULL, '2023-07-31 23:11:22', '2023-07-31 23:11:22', NULL),
(4, '{\"en\":\"Banner2\",\"ar\":null}', 'banner2', '{\"en\":\"Test\",\"ar\":null}', 'normal', NULL, '2023-07-31', '2023-09-01', '11', NULL, 1, 1, NULL, '2023-07-31 23:14:34', '2023-07-31 23:14:34', NULL),
(5, '{\"en\":\"BMW 2-series 2021\",\"ar\":null}', 'bmw-2-series-2021', '{\"en\":\"George there is a lot of people in the same thing they are doing the ones I got from the same as the other day but you would have to be in the office 🤣☺️ and I don\'t know what to do with it was just a few III my phone y\",\"ar\":null}', 'product', '8', '2023-09-03', '2023-12-03', '28', NULL, 1, 1, NULL, '2023-09-03 19:56:49', '2023-09-27 22:56:29', NULL);

-- --------------------------------------------------------

--
-- Table structure for table `categories`
--

CREATE TABLE `categories` (
  `id` bigint UNSIGNED NOT NULL,
  `title` varchar(255) CHARACTER SET utf8mb4 COLLATE utf8mb4_unicode_ci NOT NULL,
  `slug` varchar(255) CHARACTER SET utf8mb4 COLLATE utf8mb4_unicode_ci NOT NULL,
  `parent_id` int NOT NULL DEFAULT '0',
  `image` varchar(255) CHARACTER SET utf8mb4 COLLATE utf8mb4_unicode_ci DEFAULT NULL,
  `level` int NOT NULL DEFAULT '0',
  `active` tinyint(1) NOT NULL DEFAULT '1',
  `created_by` int NOT NULL,
  `updated_by` int DEFAULT NULL,
  `created_at` timestamp NULL DEFAULT NULL,
  `updated_at` timestamp NULL DEFAULT NULL,
  `deleted_at` timestamp NULL DEFAULT NULL
) ENGINE=InnoDB DEFAULT CHARSET=utf8mb4 COLLATE=utf8mb4_unicode_ci;

--
-- Dumping data for table `categories`
--

INSERT INTO `categories` (`id`, `title`, `slug`, `parent_id`, `image`, `level`, `active`, `created_by`, `updated_by`, `created_at`, `updated_at`, `deleted_at`) VALUES
(1, '{\"en\":\"Car & large Machines\",\"ar\":null}', 'car-large-machines', 0, '1', 0, 1, 1, NULL, '2023-03-18 18:50:22', '2023-08-16 11:19:32', '2023-08-16 11:19:32'),
(2, '{\"en\":\"Cars\",\"ar\":null}', 'cars', 1, '1', 1, 1, 1, NULL, '2023-03-18 18:50:45', '2023-03-22 10:55:25', '2023-03-22 10:55:25'),
(3, '{\"en\":\"Tires, Wheels and Batteries\",\"ar\":null}', 'tires-wheels-and-batteries', 0, '1', 0, 1, 1, NULL, '2023-03-18 18:51:20', '2023-08-12 17:59:54', '2023-08-12 17:59:54'),
(4, '{\"en\":\"Real estate\",\"ku\":\"خانووبەرە\",\"ar\":\"خانووبەرە\"}', 'real-estate', 0, '5', 0, 1, 1, NULL, '2023-03-18 18:52:14', '2023-08-12 17:59:48', '2023-08-12 17:59:48'),
(5, '{\"en\":\"House\",\"ku\":\"House\",\"ar\":\"House\"}', 'house', 4, '5', 1, 1, 1, NULL, '2023-03-18 18:52:55', '2023-08-12 17:59:45', '2023-08-12 17:59:45'),
(6, '{\"en\":\"Apartment\",\"ku\":\"Apartment\",\"ar\":\"Apartment\"}', 'apartment', 4, '5', 1, 1, 1, NULL, '2023-03-18 18:53:26', '2023-10-07 16:38:57', '2023-10-07 16:38:57'),
(7, '{\"en\":\"Car\",\"ar\":null}', 'car', 1, '12', 1, 1, 1, 1, '2023-03-22 10:40:50', '2023-08-12 17:58:59', '2023-08-12 17:58:59'),
(8, '{\"en\":\"Accessories\",\"ar\":null}', 'accessories', 0, '1', 1, 1, 1, NULL, '2023-03-22 10:41:39', '2023-08-12 17:59:42', '2023-08-12 17:59:42'),
(9, '{\"en\":\"Car service & repair\",\"ar\":null}', 'car-service-repair', 0, '1', 1, 1, 1, NULL, '2023-03-22 10:42:05', '2023-08-12 17:59:37', '2023-08-12 17:59:37'),
(10, '{\"en\":\"Cars for rent\",\"ar\":null}', 'cars-for-rent', 0, '1', 1, 1, 1, NULL, '2023-03-22 10:42:29', '2023-08-12 17:59:34', '2023-08-12 17:59:34'),
(11, '{\"en\":\"Large machines\",\"ar\":null}', 'large-machines', 0, '1', 1, 1, 1, NULL, '2023-03-22 10:43:01', '2023-08-12 17:59:31', '2023-08-12 17:59:31'),
(12, '{\"en\":\"Large machine Tires and Batteries\",\"ar\":null}', 'large-machine-tires-and-batteries', 0, '1', 1, 1, 1, NULL, '2023-03-22 10:43:24', '2023-08-12 17:59:27', '2023-08-12 17:59:27'),
(13, '{\"en\":\"Large machine spare parts\",\"ar\":null}', 'large-machine-spare-parts', 0, '1', 1, 1, 1, NULL, '2023-03-22 10:43:58', '2023-08-12 17:59:22', '2023-08-12 17:59:22'),
(14, '{\"en\":\"Large machines service & repair\",\"ar\":null}', 'large-machines-service-repair', 1, '1', 1, 1, 1, NULL, '2023-03-22 10:44:30', '2023-08-12 17:59:11', '2023-08-12 17:59:11'),
(15, '{\"en\":\"Large machines for rent\",\"ar\":null}', 'large-machines-for-rent', 1, '1', 1, 1, 1, NULL, '2023-03-22 10:44:54', '2023-08-12 17:59:05', '2023-08-12 17:59:05'),
(16, '{\"en\":\"Furniture\",\"ku\":\"فێرنیچەر\",\"ar\":\"أثاث\"}', 'furniture', 0, '13', 0, 1, 1, 1, '2023-08-12 17:52:10', '2023-08-12 17:52:59', '2023-08-12 17:52:59'),
(17, '{\"en\":\"Car & Machines\",\"ku\":\"ئۆتۆمبێل و ئامێرەکان\",\"ar\":\"السيارات والآلات\"}', 'car-machines', 0, '14', 0, 1, 1, NULL, '2023-08-12 18:02:17', '2023-10-07 16:39:15', '2023-10-07 16:39:15'),
(18, '{\"en\":\"All\",\"ku\":\"گشت\",\"ar\":\"الجميع\"}', 'all', 0, NULL, 0, 1, 1, 1, '2023-08-12 18:03:56', '2023-10-07 16:39:21', '2023-10-07 16:39:21'),
(19, '{\"en\":\"Cars\",\"ku\":\"ئۆتۆمبێل\",\"ar\":\"سيارات\"}', 'cars', 0, NULL, 1, 1, 1, 1, '2023-08-12 18:05:18', '2023-10-07 16:39:24', '2023-10-07 16:39:24'),
(20, '{\"en\":\"Large machines\",\"ku\":\"ئامێری گەورە\",\"ar\":\"آلات كبيرة\"}', 'large-machines', 0, NULL, 1, 1, 1, 1, '2023-08-12 18:06:47', '2023-10-07 16:39:29', '2023-10-07 16:39:29'),
(21, '{\"en\":\"Tires, Wheels and Batteries\",\"ku\":\"تایە و ویل و پاتری\",\"ar\":\"الإطارات والعجلات والبطاريات\"}', 'tires-wheels-and-batteries', 0, NULL, 1, 1, 1, NULL, '2023-08-12 18:10:09', '2023-10-07 16:39:43', '2023-10-07 16:39:43'),
(22, '{\"en\":\"Accessories\",\"ku\":\"ئیکسسوارات\",\"ar\":\"اكسسوارات\"}', 'accessories', 0, NULL, 1, 1, 1, NULL, '2023-08-12 18:11:24', '2023-10-07 16:39:47', '2023-10-07 16:39:47'),
(23, '{\"en\":\"Car service & repair\",\"ku\":\"خزمەتگوزاری و چاککردنەوەی ئۆتۆمبێل\",\"ar\":\"خدمة وإصلاح السيارات\"}', 'car-service-repair', 0, NULL, 1, 1, 1, 1, '2023-08-12 18:12:11', '2023-10-07 16:39:50', '2023-10-07 16:39:50'),
(24, '{\"en\":\"Cars for rent\",\"ku\":\"ئۆتۆمبێل بۆ کرێ\",\"ar\":\"سيارات للإيجار\"}', 'cars-for-rent', 0, NULL, 1, 1, 1, NULL, '2023-08-12 18:13:20', '2023-10-07 16:39:54', '2023-10-07 16:39:54'),
(25, '{\"en\":\"Large machine Tires and Batteries\",\"ku\":\"تایە و پاتری ئامێری گەورە\",\"ar\":\"اطارات وبطاريات الماكينات الكبيرة\"}', 'large-machine-tires-and-batteries', 0, NULL, 1, 1, 1, NULL, '2023-08-12 18:14:55', '2023-10-07 16:39:57', '2023-10-07 16:39:57'),
(26, '{\"en\":\"Large machine spare parts\",\"ku\":\"پارچەی یەدەگی مەکینە گەورەکان\",\"ar\":\"قطع غيار الماكينات الكبيرة\"}', 'large-machine-spare-parts', 0, NULL, 1, 1, 1, NULL, '2023-08-12 18:15:43', '2023-10-07 16:40:00', '2023-10-07 16:40:00'),
(27, '{\"en\":\"Large machines service & repair\",\"ku\":\"خزمەتگوزاری و چاککردنەوەی ئامێرە گەورەکان\",\"ar\":\"خدمة وإصلاح الآلات الكبيرة\"}', 'large-machines-service-repair', 0, NULL, 1, 1, 1, NULL, '2023-08-12 18:16:42', '2023-10-07 16:40:03', '2023-10-07 16:40:03'),
(28, '{\"en\":\"Large machines for rent\",\"ku\":\"ئامێری گەورە بۆ کرێ\",\"ar\":\"آلات كبيرة للايجار\"}', 'large-machines-for-rent', 0, NULL, 1, 1, 1, NULL, '2023-08-12 18:17:32', '2023-10-07 16:40:06', '2023-10-07 16:40:06'),
(29, '{\"en\":\"Others\",\"ku\":\"ئەوانی تر\",\"ar\":\"آخرون\"}', 'others', 0, NULL, 1, 1, 1, NULL, '2023-08-12 18:21:38', '2023-10-07 16:40:10', '2023-10-07 16:40:10'),
(30, '{\"en\":\"Real estate\",\"ku\":\"عەقارات\",\"ar\":\"العقارات\"}', 'real-estate', 0, '15', 0, 1, 1, NULL, '2023-08-12 18:24:15', '2023-10-07 16:40:13', '2023-10-07 16:40:13'),
(31, '{\"en\":\"All\",\"ku\":\"گشت\",\"ar\":\"الجميع\"}', 'all-2', 0, NULL, 0, 1, 1, NULL, '2023-08-12 18:25:39', '2023-10-07 16:40:17', '2023-10-07 16:40:17'),
(32, '{\"en\":\"House\",\"ku\":\"خانوو\",\"ar\":\"منزل\"}', 'house', 0, NULL, 1, 1, 1, NULL, '2023-08-12 18:26:52', '2023-10-07 16:40:21', '2023-10-07 16:40:21'),
(33, '{\"en\":\"Apartment\",\"ku\":\"شوقە\",\"ar\":\"شقة\"}', 'apartment', 0, NULL, 1, 1, 1, NULL, '2023-08-12 18:27:54', '2023-10-07 16:40:25', '2023-10-07 16:40:25'),
(34, '{\"en\":\"Building\",\"ku\":\"باڵەخانە\",\"ar\":\"عمارة\"}', 'building', 0, NULL, 1, 1, 1, NULL, '2023-08-12 18:29:16', '2023-10-07 16:40:27', '2023-10-07 16:40:27'),
(35, '{\"en\":\"Farmhouses\",\"ku\":\"مەزرەعە\",\"ar\":\"بيوت المزارع\"}', 'farmhouses', 0, NULL, 1, 1, 1, NULL, '2023-08-12 18:30:28', '2023-10-07 16:40:30', '2023-10-07 16:40:30'),
(36, '{\"en\":\"Lands\",\"ku\":\"زەوی\",\"ar\":\"أراضي\"}', 'lands', 0, NULL, 1, 1, 1, NULL, '2023-08-12 18:31:32', '2023-10-07 16:40:33', '2023-10-07 16:40:33'),
(37, '{\"en\":\"Shops & Stores\",\"ku\":\"دوکان و فرۆشگاکان\",\"ar\":\"المحلات التجارية\"}', 'shops-stores', 0, NULL, 1, 1, 1, NULL, '2023-08-12 18:32:50', '2023-10-07 16:40:39', '2023-10-07 16:40:39'),
(38, '{\"en\":\"Halls\",\"ku\":\"هۆڵەکان\",\"ar\":\"هۆڵەکان\"}', 'halls', 0, NULL, 1, 1, 1, NULL, '2023-08-12 18:33:46', '2023-10-07 16:40:43', '2023-10-07 16:40:43'),
(39, '{\"en\":\"Garage\",\"ku\":\"گەراج\",\"ar\":\"كراج\"}', 'garage', 0, NULL, 1, 1, 1, NULL, '2023-08-12 18:34:27', '2023-10-07 16:40:45', '2023-10-07 16:40:45'),
(40, '{\"en\":\"Transport service\",\"ku\":\"خزمەتگوزاری گواستنەوە\",\"ar\":\"خدمة النقل\"}', 'transport-service', 0, NULL, 1, 1, 1, NULL, '2023-08-12 18:35:11', '2023-10-07 16:40:48', '2023-10-07 16:40:48'),
(41, '{\"en\":\"Others\",\"ku\":\"ئەوانی تر\",\"ar\":\"آخرون\"}', 'others-2', 0, NULL, 1, 1, 1, NULL, '2023-08-12 18:35:51', '2023-10-07 16:40:51', '2023-10-07 16:40:51'),
(42, '{\"en\":\"Electronics\",\"ku\":\"ئەلیکترۆنیات\",\"ar\":\"إلكترونيات\"}', 'electronics', 0, '16', 0, 1, 1, NULL, '2023-08-12 18:37:38', '2023-10-07 16:40:54', '2023-10-07 16:40:54'),
(43, '{\"en\":\"Mode & Beauty\",\"ku\":\"جوانکاری و مۆدا\",\"ar\":\"الوضع والجمال\"}', 'mode-beauty', 0, '17', 0, 1, 1, 1, '2023-08-12 18:39:12', '2023-10-07 16:40:57', '2023-10-07 16:40:57'),
(44, '{\"en\":\"Furniture\",\"ku\":\"فێرنیچەر\",\"ar\":\"أثاث\"}', 'furniture', 0, '18', 0, 1, 1, NULL, '2023-08-12 18:42:47', '2023-10-07 16:41:01', '2023-10-07 16:41:01'),
(45, '{\"en\":\"Family, Kids & Baby\",\"ku\":\"خێزان و منداڵان\",\"ar\":\"الأسرة والأطفال\"}', 'family-kids-baby', 0, '19', 0, 1, 1, 1, '2023-08-12 18:44:27', '2023-10-07 16:41:04', '2023-10-07 16:41:04'),
(46, '{\"en\":\"Vacation & Holidays\",\"ku\":\"پشووەکان\",\"ar\":\"الإجازة والعطلات\"}', 'vacation-holidays', 0, '20', 0, 1, 1, NULL, '2023-08-12 18:46:08', '2023-10-07 16:41:07', '2023-10-07 16:41:07'),
(47, '{\"en\":\"Pets\",\"ku\":\"ئاژەڵی ماڵی\",\"ar\":\"حيوانات أليفة\"}', 'pets', 0, '21', 0, 1, 1, NULL, '2023-08-12 18:47:32', '2023-10-07 16:41:19', '2023-10-07 16:41:19'),
(48, '{\"en\":\"Plants\",\"ku\":\"ڕووەکەکان\",\"ar\":\"النباتات\"}', 'plants', 0, '22', 0, 1, 1, NULL, '2023-08-12 18:49:50', '2023-10-07 16:41:17', '2023-10-07 16:41:17'),
(49, '{\"en\":\"Motorcycles & Bicycles\",\"ku\":\"ماتۆڕسکیل و پاسکیل\",\"ar\":\"دراجات نارية و هوائية\"}', 'motorcycles-bicycles', 0, '23', 0, 1, 1, NULL, '2023-08-12 18:51:34', '2023-10-07 16:41:14', '2023-10-07 16:41:14'),
(50, '{\"en\":\"Jobs\",\"ku\":\"هەلی کار\",\"ar\":\"وظائف\"}', 'jobs', 0, '24', 0, 1, 1, NULL, '2023-08-12 18:52:46', '2023-10-07 16:41:11', '2023-10-07 16:41:11'),
(51, '{\"en\":\"Learning Courses & Books\",\"ku\":\"کۆرس و کتێبی فێربوون\",\"ar\":\"دورات تعليمية وكتب\"}', 'learning-courses-books', 0, '25', 0, 1, 1, NULL, '2023-08-12 18:54:19', '2023-10-07 16:39:10', '2023-10-07 16:39:10'),
(52, '{\"en\":\"Lost properties\",\"ku\":\"موڵک و ماڵی لەدەستچوو\",\"ar\":\"خصائص مفقودة\"}', 'lost-properties', 0, '26', 0, 1, 1, 1, '2023-08-12 18:56:02', '2023-10-07 16:38:51', '2023-10-07 16:38:51'),
(53, '{\"en\":\"Gift & Exchange\",\"ku\":\"دیاری و ئاڵوگۆڕکردن\",\"ar\":\"تغيير الهدية\"}', 'gift-exchange', 0, '27', 0, 1, 1, 1, '2023-08-12 18:57:44', '2023-10-07 16:38:47', '2023-10-07 16:38:47'),
(54, '{\"en\":\"fdsfds\",\"ar\":null}', 'fdsfds', 0, NULL, 0, 1, 1, NULL, '2023-08-16 02:36:05', '2023-08-16 02:36:28', '2023-08-16 02:36:28'),
(55, '{\"en\":\"Automobile\",\"ku\":\"ئۆتۆمبێل\",\"ar\":\"سيارات\"}', 'cars', 0, '14', 0, 1, 1, 1, '2023-10-07 17:09:45', '2023-10-28 20:22:31', NULL),
(56, '{\"en\":\"Cars\",\"ku\":\"ئۆتۆمبێل\",\"ar\":\"سيارات\"}', 'cars-2', 55, NULL, 1, 1, 1, NULL, '2023-10-07 17:11:30', '2023-10-07 17:11:30', NULL),
(57, '{\"en\":\"Car spare parts\",\"ku\":\"پارچەی یەدەگی ئۆتۆمبێل\",\"ar\":\"قطع غيار السيارات\"}', 'car-spare-parts', 55, NULL, 1, 1, 1, NULL, '2023-10-07 17:15:00', '2023-10-07 17:15:00', NULL),
(58, '{\"en\":\"Cars for rent\",\"ku\":\"ئۆتۆمبێل بۆ کرێ\",\"ar\":\"سيارات للإيجار\"}', 'cars-for-rent', 55, NULL, 1, 1, 1, NULL, '2023-10-07 17:17:13', '2023-10-07 17:17:13', NULL),
(59, '{\"en\":\"Taxis\",\"ku\":\"تاکسی\",\"ar\":\"تاکسي\"}', 'taxis', 55, NULL, 1, 1, 1, NULL, '2023-10-07 17:25:10', '2023-10-07 17:25:10', NULL),
(60, '{\"en\":\"Car service and repair\",\"ku\":\"خزمەتگوزاری و چاککردنەوەی ئۆتۆمبێل\",\"ar\":\"خدمة واصلاح السيارات\"}', 'car-service-and-repair', 55, NULL, 1, 1, 1, NULL, '2023-10-07 17:27:00', '2023-10-07 17:27:00', NULL),
(61, '{\"en\":\"Transportation services\",\"ku\":\"خزمەتگوزاری گواستنەوە\",\"ar\":\"خدمات النقل\"}', 'transportation-services', 55, NULL, 1, 1, 1, 1, '2023-10-07 17:30:35', '2023-10-07 17:30:46', NULL),
(62, '{\"en\":\"Other cars\",\"ku\":\"ئۆتۆمبێلەکانی تر\",\"ar\":\"سيارات أخرى\"}', 'other-cars', 55, NULL, 1, 1, 1, NULL, '2023-10-07 17:38:41', '2023-10-07 17:38:41', NULL),
(63, '{\"en\":\"cat1\",\"ar\":null}', 'cat1', 0, NULL, 0, 1, 1, NULL, '2024-03-20 21:53:58', '2024-03-20 21:53:58', NULL),
(64, '{\"en\":\"cat2\",\"ar\":null}', 'cat2', 63, NULL, 1, 1, 1, NULL, '2024-03-20 21:54:12', '2024-03-20 21:54:12', NULL),
(65, '{\"en\":\"cat3\",\"ar\":null}', 'cat3', 64, NULL, 2, 1, 1, NULL, '2024-03-20 21:54:20', '2024-03-20 21:54:20', NULL),
(66, '{\"en\":\"auto4\",\"ar\":null}', 'auto4', 0, NULL, 0, 1, 1, NULL, '2024-03-30 21:15:53', '2024-03-30 21:16:26', '2024-03-30 21:16:26'),
(67, '{\"en\":\"auto_test\",\"ar\":null}', 'auto-test', 0, NULL, 0, 1, 1, NULL, '2024-03-30 21:16:41', '2024-03-30 21:16:41', NULL),
(68, '{\"en\":\"car_test\",\"ar\":null}', 'car-test', 67, NULL, 1, 1, 1, NULL, '2024-03-30 21:16:56', '2024-03-30 21:16:56', NULL),
(69, '{\"en\":\"brand_test\",\"ar\":null}', 'brand-test', 68, NULL, 2, 1, 1, NULL, '2024-03-30 21:17:15', '2024-03-30 21:17:15', NULL),
(70, '{\"en\":\"model_test\",\"ar\":null}', 'model-test', 69, NULL, 3, 1, 1, NULL, '2024-03-30 21:17:29', '2024-03-30 21:17:29', NULL);

-- --------------------------------------------------------

--
-- Table structure for table `category_types`
--

CREATE TABLE `category_types` (
  `id` bigint UNSIGNED NOT NULL,
  `name` varchar(255) CHARACTER SET utf8mb4 COLLATE utf8mb4_unicode_ci NOT NULL,
  `active` int NOT NULL DEFAULT '1',
  `created_by` int NOT NULL,
  `updated_by` int DEFAULT NULL,
  `created_at` timestamp NULL DEFAULT NULL,
  `updated_at` timestamp NULL DEFAULT NULL,
  `deleted_at` timestamp NULL DEFAULT NULL
) ENGINE=InnoDB DEFAULT CHARSET=utf8mb4 COLLATE=utf8mb4_unicode_ci;

-- --------------------------------------------------------

--
-- Table structure for table `ch_favorites`
--

CREATE TABLE `ch_favorites` (
  `id` char(36) CHARACTER SET utf8mb4 COLLATE utf8mb4_unicode_ci NOT NULL,
  `user_id` bigint NOT NULL,
  `favorite_id` bigint NOT NULL,
  `created_at` timestamp NULL DEFAULT NULL,
  `updated_at` timestamp NULL DEFAULT NULL
) ENGINE=InnoDB DEFAULT CHARSET=utf8mb4 COLLATE=utf8mb4_unicode_ci;

-- --------------------------------------------------------

--
-- Table structure for table `ch_messages`
--

CREATE TABLE `ch_messages` (
  `id` char(36) CHARACTER SET utf8mb4 COLLATE utf8mb4_unicode_ci NOT NULL,
  `from_id` bigint NOT NULL,
  `to_id` bigint NOT NULL,
  `body` varchar(5000) CHARACTER SET utf8mb4 COLLATE utf8mb4_unicode_ci DEFAULT NULL,
  `attachment` varchar(255) CHARACTER SET utf8mb4 COLLATE utf8mb4_unicode_ci DEFAULT NULL,
  `seen` tinyint(1) NOT NULL DEFAULT '0',
  `created_at` timestamp NULL DEFAULT NULL,
  `updated_at` timestamp NULL DEFAULT NULL,
  `deleted_from_id` varchar(255) CHARACTER SET utf8mb4 COLLATE utf8mb4_unicode_ci DEFAULT NULL
) ENGINE=InnoDB DEFAULT CHARSET=utf8mb4 COLLATE=utf8mb4_unicode_ci;

--
-- Dumping data for table `ch_messages`
--

INSERT INTO `ch_messages` (`id`, `from_id`, `to_id`, `body`, `attachment`, `seen`, `created_at`, `updated_at`, `deleted_from_id`) VALUES
('003d4cee-85d5-4211-b32e-4d5251c6f1b0', 3, 1, 'hujhi', NULL, 0, '2023-04-03 03:04:00', '2023-04-03 03:04:00', NULL),
('00488ae9-6e9c-4e95-a665-57dfa8af57cb', 3, 2, 'gggggggggg', NULL, 1, '2023-08-27 20:40:27', '2023-08-27 20:40:38', NULL),
('004b2c73-eb1b-40b3-8693-32d18240290b', 17, 5, 'a tamasham krdia', NULL, 1, '2023-11-08 16:18:50', '2023-11-08 16:19:49', NULL),
('014a143a-279b-4e2e-98a3-c1ade5212d07', 3, 2, 'pppppp', NULL, 1, '2023-08-27 20:40:47', '2023-08-27 20:41:42', NULL),
('016fe5e5-a1e1-48d3-a0be-30e1d7ce3feb', 3, 1, 'njbbb', NULL, 0, '2023-04-03 22:10:36', '2023-04-03 22:10:36', NULL),
('02113daa-1303-4366-91cb-1e8930d74be9', 3, 1, 'HH Holmes movie 🎥🎥🎥🎥🎥🎥🎥🎥🎥🎥🎥🎥🎥🍿🍿🍿🍿🍿🎥🎥🎥🍿 you showing you 🤣 you showing d and the link to confirm the car', NULL, 0, '2023-04-03 21:16:00', '2023-04-03 21:16:00', NULL),
('02d50cbe-2f05-4ee8-add9-90d4b6dac213', 3, 1, 'dfgdsfgdfgdfg', NULL, 0, '2023-08-27 20:41:28', '2023-08-27 20:41:28', NULL),
('03051548-a2ae-4075-8364-7ab63df8ee98', 3, 2, 'ssss', NULL, 1, '2023-04-03 21:31:25', '2023-08-26 20:32:06', NULL),
('03a3bb74-5e5a-44d5-87d9-55aae6c95ccb', 3, 2, 'fhchfjfjfi', NULL, 1, '2023-04-03 21:50:30', '2023-08-26 20:32:06', NULL),
('03d66f73-8a4e-427e-a680-95b0317bbd95', 2, 3, 'bjjs', NULL, 1, '2023-04-03 22:11:48', '2023-08-26 20:33:58', NULL),
('03fc2f99-93ae-4c8c-8869-bd1fc720f96b', 4, 5, 'sar&ccedil;awm', NULL, 1, '2023-11-19 20:56:40', '2023-11-19 20:56:41', NULL),
('05270e51-bc79-43d3-a06f-35807d228459', 3, 1, 'jwjwjwjwjhsbshsjsis', NULL, 0, '2023-04-03 03:14:57', '2023-04-03 03:14:57', NULL),
('066a8ff1-a936-4cfe-ab03-6138e451dfb8', 2, 1, 'zarda', NULL, 0, '2023-04-03 22:13:06', '2023-04-03 22:13:06', NULL),
('068e9b07-9b6a-4894-9446-f77c9c9e78db', 3, 2, 'hhhjjjj', NULL, 1, '2023-08-27 21:05:11', '2023-08-27 21:05:12', NULL),
('06a30eed-69eb-4920-92a1-334ee94ddb2a', 3, 2, 'hbhhhhui', NULL, 1, '2023-08-27 23:19:44', '2023-08-27 23:20:20', NULL),
('06a34b43-ef0b-4c03-8a13-409bc804b75b', 3, 2, 'hshsje', NULL, 1, '2023-04-03 22:00:02', '2023-08-26 20:32:06', NULL),
('06c5342b-eab7-49ee-90e5-63b07ceb1a1f', 3, 1, 'HH Holmes movie 🎥🎥🎥🎥🎥🎥🎥🎥🎥🎥🎥🎥🎥🍿🍿🍿🍿🍿🎥🎥🎥🍿 you showing you 🤣 you showing d and the link to confirm the car', NULL, 0, '2023-04-03 21:16:19', '2023-04-03 21:16:19', NULL),
('073a0b69-8c0a-4a19-a089-1974499bc0ac', 2, 3, 'jehejje', NULL, 1, '2023-04-03 21:49:32', '2023-08-26 20:33:58', NULL),
('0766a690-8668-4f88-bdd0-024a50ca7d59', 3, 2, 'vbghhh', NULL, 1, '2023-08-27 22:52:45', '2023-08-27 22:52:57', NULL),
('07a64b87-b30c-43cf-8c0f-068e198196ba', 3, 1, 'jejeiiiskw', NULL, 0, '2023-04-03 03:16:04', '2023-04-03 03:16:04', NULL),
('0850c6f6-77d9-4086-9df2-d6cf4c1ace5f', 3, 2, 'jjhghuu', NULL, 1, '2023-08-27 21:05:02', '2023-08-27 21:05:02', NULL),
('08ac40d3-9486-44b2-b573-c70f0662a9d1', 3, 2, 'yyyyyyyy yyyyyyyy the same oooooooooo the same thing they have any other people who have to do with the ones that were a row of them and they are the best of the difference is to do', NULL, 1, '2023-08-27 23:12:18', '2023-08-27 23:12:19', NULL),
('09423638-6f90-4dcb-8c77-0570a01de391', 17, 5, 'la my ads', NULL, 1, '2023-11-08 16:19:42', '2023-11-08 16:19:49', NULL),
('09911c0f-a68f-4847-a8e0-875f6eaca365', 2, 3, 'vgbg', NULL, 1, '2023-04-03 21:29:44', '2023-08-26 20:33:58', NULL),
('09c7bedc-8585-49e3-a294-a7a4e82a77e5', 5, 17, 'lawanaya awro sbay tawaw bit', NULL, 1, '2023-11-08 09:30:11', '2023-11-08 13:02:52', NULL),
('0a3d0fa1-abb8-4842-bbf4-e07615fcc71d', 2, 3, 'dhdudu', NULL, 1, '2023-04-03 21:29:27', '2023-08-26 20:33:58', NULL),
('0a4e22d6-ba18-4fd2-9df3-2eff7ba753fe', 2, 3, 'snns', NULL, 1, '2023-04-03 21:49:26', '2023-08-26 20:33:58', NULL),
('0a6cfb4c-6829-4eac-aa16-38b7a8bed047', 2, 3, 'djjd', NULL, 1, '2023-08-26 20:43:38', '2023-08-26 21:07:35', NULL),
('0aabfe4c-7683-41f5-bc2a-2e6dec665d57', 3, 2, 'hsjsjeusuuehshhs', NULL, 1, '2023-04-03 21:56:41', '2023-08-26 20:32:06', NULL),
('0dcf94c2-c3b6-4a55-9d16-009777cce681', 3, 2, 'outComingChannel = &quot;private-chatify.${contactData?.id ?? 0}&quot;;    incomingChannel = &quot;private-chatify.$userId&quot;;dxffggftty', NULL, 1, '2023-08-27 23:05:57', '2023-08-27 23:05:58', NULL),
('0e16f9e5-c301-4ba0-8fa5-128e48b13e8c', 3, 1, 'llll', NULL, 0, '2023-04-03 21:56:54', '2023-04-03 21:56:54', NULL),
('0e6ed6b2-3cd8-4518-8ce1-4c4ebe800ba9', 3, 2, '👍', NULL, 1, '2023-08-27 23:00:50', '2023-08-27 23:00:51', NULL),
('0ee37cff-4ada-447e-bdd2-9dfbd390dbb1', 3, 2, 'fcffgg', NULL, 1, '2023-08-27 21:09:12', '2023-08-27 21:09:13', NULL),
('0efdd61a-2246-4f14-8880-512ab114d4d6', 3, 1, 'jajwjajw', NULL, 0, '2023-04-03 03:04:23', '2023-04-03 03:04:23', NULL),
('0fb3545e-ea16-4d92-a932-2848e8c16da2', 3, 2, 'jjhhh', NULL, 1, '2023-08-27 20:40:35', '2023-08-27 20:40:38', NULL),
('0fe861ef-e055-4024-9001-a1cbfac8489d', 3, 2, 'hehejeje', NULL, 1, '2023-04-03 22:00:26', '2023-08-26 20:32:06', NULL),
('1036d2c6-49c0-4a7b-a747-865a86a0348b', 3, 2, 'tfhhgghdh', NULL, 1, '2023-04-03 21:29:36', '2023-08-26 20:32:06', NULL),
('109db256-525f-4d50-8dea-fad9ccc9f9b1', 3, 2, 'try to do with it was a few weeks you would like the difference in a few days 😉 and the ones you have been', NULL, 1, '2023-08-27 23:18:59', '2023-08-27 23:19:00', NULL),
('111f3ae9-ad2e-4507-867c-901747e5f4e6', 2, 3, 'vvvh', NULL, 1, '2023-08-26 21:21:56', '2023-08-26 21:23:35', NULL),
('111fce90-2920-449e-b14b-18950a8fc9ae', 3, 2, 'ghadfsdfsdfsdf', NULL, 1, '2023-08-27 20:43:28', '2023-08-27 20:43:40', NULL),
('115a86fc-6c87-4f70-b125-bb93321ff2d6', 3, 2, 'ddddddddddddddd', NULL, 1, '2023-08-27 23:08:34', '2023-08-27 23:08:35', NULL),
('121a48e9-1e22-4cdf-bfd3-a6335e8a6b73', 2, 3, 'hello', NULL, 1, '2023-04-03 21:22:43', '2023-08-26 20:33:58', NULL),
('123fbf68-6dca-4d52-8995-ba942b7a1d06', 3, 2, 'ffggh', NULL, 1, '2023-08-27 22:57:37', '2023-08-27 22:57:38', NULL),
('125531a8-beb7-4d2e-88b2-68a2a04c6401', 3, 1, 'jjajaia', NULL, 0, '2023-04-03 03:04:15', '2023-04-03 03:04:15', NULL),
('12c0ac4d-baca-4e43-a333-2961c7911adc', 3, 7, 'dfgsdfgdfg', NULL, 1, '2023-08-27 20:41:23', '2023-10-23 12:10:22', NULL),
('12d1ed66-a94e-438c-bd04-75639f833fdb', 2, 3, 'ggfh', NULL, 1, '2023-08-27 22:59:59', '2023-08-27 23:00:00', NULL),
('132b5fb8-4026-43f8-ac11-28d192a86539', 3, 2, 'drfgg', NULL, 1, '2023-08-26 21:21:10', '2023-08-26 21:21:57', NULL),
('13381f62-75d3-46af-ac91-70664b277a2b', 3, 2, 'asdaSdsadaSD', NULL, 1, '2023-08-27 20:54:52', '2023-08-27 20:55:49', NULL),
('13aac6ed-5a1a-407e-a085-1fa825976126', 3, 1, 'HH Holmes movie 🎥🎥🎥🎥🎥🎥🎥🎥🎥🎥🎥🎥🎥🍿🍿🍿🍿🍿🎥🎥🎥🍿 you showing you 🤣 you showing d and the link to confirm the car', NULL, 0, '2023-04-03 21:15:48', '2023-04-03 21:15:48', NULL),
('141ea9b1-4821-4b50-9ef3-48cc98802bc6', 3, 1, 'hshshs', NULL, 0, '2023-04-03 03:04:48', '2023-04-03 03:04:48', NULL),
('14fbd336-cd3f-41e6-8fb7-26c95b049a90', 2, 3, 'he is in his life 😭😭 the store and get the rest of the day off and I get that but', NULL, 1, '2023-08-27 23:07:10', '2023-08-27 23:07:11', NULL),
('1681d48c-7de3-4dc3-a625-5bedee874c14', 3, 2, 'hshsjs', NULL, 1, '2023-04-03 22:00:15', '2023-08-26 20:32:06', NULL),
('169ba083-cb79-4b69-a8b6-ea202633b216', 2, 3, 'vfnnf', NULL, 1, '2023-08-26 21:13:10', '2023-08-26 21:15:47', NULL),
('16b65851-d996-4b1e-a5bf-4d6721a05249', 3, 2, 'ggghyy', NULL, 1, '2023-04-03 21:50:01', '2023-08-26 20:32:06', NULL),
('16d65db2-7707-420e-9756-cfd34faeff29', 17, 5, 'dangu bast', NULL, 1, '2023-11-24 20:28:36', '2023-11-24 20:28:55', NULL),
('1771d30b-7098-4a6c-b615-142905825cd0', 3, 2, 'you would have to be in it is the ones that are not the best one 🕜🕐🕐🕐🕐 and I don&#039;t know what to do with it ☺️🤣😭🤣😭', NULL, 1, '2023-08-27 23:16:56', '2023-08-27 23:16:57', NULL),
('18293952-e9c9-4f3d-873b-32acb55dd190', 3, 1, 'jejeiiiskw', NULL, 0, '2023-04-03 03:16:04', '2023-04-03 03:16:04', NULL),
('18aa0502-b6b7-4d88-a20e-ac124941d40a', 3, 2, 'hhhhfgyhhy', NULL, 1, '2023-08-27 23:19:48', '2023-08-27 23:20:20', NULL),
('18dcd068-fb32-4498-87a7-373e654d30c3', 3, 2, 'vvgghff', NULL, 1, '2023-08-27 22:53:30', '2023-08-27 22:53:31', NULL),
('18fcdb83-7b4b-4b5a-b813-f13374c2affc', 2, 3, 'hdhshis', NULL, 1, '2023-04-03 21:55:59', '2023-08-26 20:33:58', NULL),
('1a325555-4fd5-4e34-a024-a3ffddb8df31', 3, 2, 'jhhggg', NULL, 1, '2023-08-27 21:05:46', '2023-08-27 21:05:47', NULL),
('1aab058e-b7f9-41b5-acba-5da4f357a77f', 17, 5, 'گگفدفف', NULL, 1, '2023-11-19 20:57:37', '2023-11-19 21:01:15', NULL),
('1ab5969f-08b7-42de-a4de-e2e272fa99d2', 3, 7, 'hhggg', NULL, 1, '2023-08-17 00:18:19', '2023-10-23 12:10:22', NULL),
('1d23ed32-0f67-4db0-b61b-60184e2883b5', 2, 3, 'nsnnsj', NULL, 1, '2023-04-03 21:55:43', '2023-08-26 20:33:58', NULL),
('1d65b7ab-e04c-4cc5-b7dd-566d2de25ccb', 8, 3, 'test', NULL, 1, '2023-09-04 21:09:23', '2023-09-04 21:09:24', NULL),
('1dedc09c-9fbf-4bad-b339-976ea7146f9a', 3, 2, 'vvgghhpppppiiiiii', NULL, 1, '2023-08-27 22:51:27', '2023-08-27 22:51:29', NULL),
('1ed86be6-097d-4e8d-b73f-5ca115774a47', 3, 2, 'yes 🙌 the ones that are not the same as the other day 🤣😭😭😭😭 and the difference between the ones that are not 🚭🚭🚭🚭', NULL, 1, '2023-08-27 23:20:02', '2023-08-27 23:20:20', NULL),
('1f8dddd0-fc14-4a3f-aaca-428f4a389885', 3, 2, 'tttttt and the difference between that and the difference between the ones I don&#039;t know what it and I', NULL, 1, '2023-08-27 23:21:31', '2023-08-27 23:21:32', NULL),
('20599ffd-02e2-41c9-b58f-3566ab1605b2', 3, 2, 'qqwwee', NULL, 1, '2023-08-27 23:00:35', '2023-08-27 23:00:36', NULL),
('20a9071c-db61-4b5e-9ba6-e45c08cb4d3b', 7, 5, 'bas lasa messagakay peshan dada kak dashty', NULL, 1, '2023-10-24 00:04:14', '2023-10-24 07:09:16', NULL),
('20f688ba-bda9-4272-8693-24741113d4a0', 3, 1, 'jwjjwjw', NULL, 0, '2023-04-03 03:15:58', '2023-04-03 03:15:58', NULL),
('215414a9-23a0-4c0e-bbcc-5a397e5c0544', 17, 5, 'zor wrda nusinaka', NULL, 1, '2023-11-24 20:29:35', '2023-11-24 20:32:04', NULL),
('2189cae7-ff08-433b-8716-45e706859fa5', 3, 1, 'jwjwjwieiw', NULL, 0, '2023-04-03 03:14:31', '2023-04-03 03:14:31', NULL),
('21a6e652-9e8d-48d3-a7cf-60d82e66d0fb', 8, 3, 'test', NULL, 1, '2023-09-04 20:58:47', '2023-09-04 20:58:47', NULL),
('227bd204-7abb-4234-9f51-bcc444fcc1fb', 8, 3, 'test', NULL, 1, '2023-09-04 21:06:29', '2023-09-04 21:08:57', NULL),
('22f0f53d-c577-479d-802f-f62fd4667e56', 7, 1, 'Hi', NULL, 0, '2023-08-15 13:36:13', '2023-08-15 13:36:13', NULL),
('231fb55d-984a-4d41-9bb3-2f5d5c411dda', 5, 3, 'Hi', NULL, 1, '2023-09-22 13:21:43', '2023-11-28 21:28:22', NULL),
('2322da24-3c78-41e7-a0cf-1884b9099cbd', 2, 1, 'slaw', NULL, 0, '2023-04-02 18:23:22', '2023-04-02 18:23:22', NULL),
('23b4221c-d8a3-425f-b987-23dee10e7d40', 3, 1, 'isisisiie', NULL, 0, '2023-04-03 03:17:53', '2023-04-03 03:17:53', NULL),
('23e102ee-1ebe-4309-aa0a-877624574d97', 2, 3, 'hi', NULL, 1, '2023-04-03 21:27:41', '2023-08-26 20:33:58', NULL),
('24398d49-63e4-495d-b02c-ab10e0b2b18a', 3, 1, 'HH Holmes movie 🎥🎥🎥🎥🎥🎥🎥🎥🎥🎥🎥🎥🎥🍿🍿🍿🍿🍿🎥🎥🎥🍿 you showing you 🤣 you showing d and the link to confirm the car', NULL, 0, '2023-04-03 21:16:10', '2023-04-03 21:16:10', NULL),
('2452d9d5-d4e1-49b0-900e-72de4ca5c547', 3, 2, 'hhhhh', NULL, 1, '2023-08-27 21:00:31', '2023-08-27 21:01:38', NULL),
('2484721b-b793-47d5-a429-10eb2aa77079', 3, 2, 'bbhhh', NULL, 1, '2023-08-27 22:52:28', '2023-08-27 22:52:57', NULL),
('2492c171-aa93-40a3-a99b-2e2de151bb77', 2, 3, 'fjjcj', NULL, 1, '2023-08-26 20:44:27', '2023-08-26 21:07:35', NULL),
('24afe646-0b7f-4fd7-85bf-c97a3b8a0ced', 2, 3, 'hsjjsje', NULL, 1, '2023-04-03 21:49:28', '2023-08-26 20:33:58', NULL),
('24f0cb8e-dde3-4abc-91d2-8938b60cd72e', 2, 3, 'ghh', NULL, 1, '2023-04-03 21:52:30', '2023-08-26 20:33:58', NULL),
('251a2bfd-3179-4cd1-b5fb-a40c86af82b8', 3, 2, 'vgg', NULL, 1, '2023-04-03 21:50:55', '2023-08-26 20:32:06', NULL),
('251a4f45-35fd-4c3e-9e5d-4ef463df5170', 3, 1, 'jjjh', NULL, 0, '2023-04-03 03:03:34', '2023-04-03 03:03:34', NULL),
('2540d284-1025-43c5-b6c2-e4a0da969f04', 2, 3, 'sjjsjjs', NULL, 1, '2023-04-03 21:55:58', '2023-08-26 20:33:58', NULL),
('2562c5d8-8301-44f9-9a85-c20a8721b392', 3, 2, 'jdjfufufu', NULL, 1, '2023-04-03 21:50:06', '2023-08-26 20:32:06', NULL),
('257f8d93-2971-4979-a373-413dc4a3587e', 2, 3, 'hahaha', NULL, 1, '2023-04-03 21:27:48', '2023-08-26 20:33:58', NULL),
('25adf148-faff-4a58-9444-481ed65fde4a', 3, 8, 'FirebaseMessaging.onMessageOpenedApp.listen((event) {      Get.to(NotificationsScreen());    });', NULL, 1, '2023-09-04 20:58:56', '2023-09-04 20:58:57', NULL),
('25b17a3c-94f4-42ba-806b-1dd5fa6e9f9a', 3, 2, 'ghggyhhhhhg', NULL, 1, '2023-08-27 20:35:34', '2023-08-27 20:35:38', NULL),
('2694b319-0f15-4fdf-814f-64409adcee49', 3, 2, 'dfff', NULL, 1, '2023-08-27 20:38:13', '2023-08-27 20:40:05', NULL),
('26d256b8-4284-423f-b73f-a1ee233dc068', 3, 2, 'heloo', NULL, 1, '2023-08-27 23:01:02', '2023-08-27 23:01:02', NULL),
('271b20bd-15cb-46d8-83d7-2e27135c8364', 2, 3, 'jhhtfif', NULL, 1, '2023-04-03 21:29:36', '2023-08-26 20:33:58', NULL),
('27a3498c-50ff-4943-b942-212143a4754b', 3, 1, 'hsjd', NULL, 0, '2023-04-03 21:59:54', '2023-04-03 21:59:54', NULL),
('28452adc-8a66-45d2-bb4c-f2658ddcecf8', 5, 17, 'xara kwe', NULL, 1, '2023-11-24 18:19:32', '2023-11-24 20:27:26', NULL),
('28a6c9fb-a737-4596-b1d6-728de5dacbf3', 17, 5, 'xare bashi', NULL, 1, '2023-11-24 20:28:09', '2023-11-24 20:28:55', NULL),
('28d35047-9a1a-46e2-ab6b-c2720c74ae49', 17, 5, 'dabi ba chawm wanem hata dabinm', NULL, 1, '2023-11-24 20:33:42', '2023-11-28 11:12:15', NULL),
('28e4e6dd-13ef-4d04-95ea-b69fd71f384a', 3, 2, 'ehhejeje', NULL, 1, '2023-04-03 22:00:04', '2023-08-26 20:32:06', NULL),
('2a9b80b1-bfe7-4384-9872-775884d3a250', 2, 3, 'hi dear', NULL, 1, '2023-09-05 13:45:39', '2023-11-28 22:52:12', NULL),
('2b514653-9d27-47c5-abf1-6d8fbce348d1', 3, 7, 'gghgfgh', NULL, 1, '2023-08-17 00:17:59', '2023-10-23 12:10:22', NULL),
('2ba8f765-800f-427e-be32-8cb8337cf35a', 5, 7, 'slaw', NULL, 1, '2023-10-23 09:27:10', '2023-10-23 12:09:57', NULL),
('2bbc9af2-e5a9-4e97-982c-49bb8d260b53', 3, 2, 'oooo', NULL, 1, '2023-08-27 20:59:56', '2023-08-27 20:59:59', NULL),
('2c03dc09-4776-4535-9085-09ea63ccc382', 2, 1, 'hello', NULL, 0, '2023-04-03 22:12:56', '2023-04-03 22:12:56', NULL),
('2c3380fb-dd7a-4891-907e-d5b92b612d6f', 2, 3, 'behjs', NULL, 1, '2023-04-03 21:51:27', '2023-08-26 20:33:58', NULL),
('2c346905-700f-4eda-b99f-eeabac8f5eac', 7, 3, 'isn&rsquo;t', NULL, 1, '2023-08-15 13:38:44', '2023-08-27 20:27:05', NULL),
('2c76d55b-efe0-43f0-9577-51aa8faff634', 2, 3, 'bhvgvv', NULL, 1, '2023-08-27 20:34:11', '2023-08-27 20:34:18', NULL),
('2c7bc52a-3edd-47fd-95d2-d6985bd04a0f', 3, 2, 'vvgghhpppppiiiiiijggh', NULL, 1, '2023-08-27 22:51:32', '2023-08-27 22:51:32', NULL),
('2d2becf3-2db3-4f34-871c-508f4ba95894', 7, 3, 'Hi', NULL, 1, '2023-08-15 13:37:01', '2023-08-27 20:27:05', NULL),
('2ebb13f6-9534-42d8-9164-7f8ea5d23745', 2, 3, 'ggyggh', NULL, 1, '2023-08-27 20:34:07', '2023-08-27 20:34:18', NULL),
('2f266efc-82f0-4f9a-909b-c9329fd59b34', 3, 2, 'hsjsjeusuuehshhshshhs', NULL, 1, '2023-04-03 21:56:43', '2023-08-26 20:32:06', NULL),
('2fa24f8d-b9f9-408d-89a1-4948c0efde8d', 3, 1, 'plpl', NULL, 0, '2023-04-03 03:18:40', '2023-04-03 03:18:40', NULL),
('2fe18cae-1e3a-4e8c-86bd-968fbc94c6c8', 3, 2, 'the ones that are not 🚭🚭🚭 I don&#039;t know what to do with it was the difference 😃😂🤣🤣😭', NULL, 1, '2023-08-27 23:20:36', '2023-08-27 23:21:08', NULL),
('2fe7ae0a-e467-492a-9d9e-3a687bf9314b', 3, 2, 'hhhhhgff', NULL, 1, '2023-08-27 22:53:37', '2023-08-27 22:53:38', NULL),
('3025c5ce-8170-457e-b68c-f9f0e8471507', 3, 1, 'Jason I 😘😚😚😚😚😚😚😚😚😚😚😚😚😚😚😚😚😚😙😙😙😚😙 you showing you the money tomorrow ☺️ you the link when d and l a t bone steaks for stripe and I love new tire size you the money', NULL, 0, '2023-04-03 03:15:22', '2023-04-03 03:15:22', NULL),
('3053cf1f-a231-4733-9267-eec61e73abcd', 5, 4, '🐥🐥🐥🐥🐥', NULL, 1, '2023-11-19 20:59:00', '2023-11-19 20:59:02', NULL),
('316eb731-a033-4a25-b561-15a546785a52', 17, 5, 'bashi jargm tozak bian julena zaghtian le bka', NULL, 1, '2023-11-08 13:03:58', '2023-11-08 16:17:44', NULL),
('327cea49-6f72-4046-a66b-6303f776dd9f', 5, 17, '😭', NULL, 1, '2023-11-24 20:29:00', '2023-11-24 20:29:14', NULL),
('32f2a9c3-1ffa-4944-bcfc-2c9613235d44', 3, 2, 'tyyu and the difference in it is the only way to do it is that you would like the same', NULL, 1, '2023-08-27 23:13:06', '2023-08-27 23:13:07', NULL),
('33462a1d-0869-405d-b8d7-513d4791637d', 3, 2, 'huhhhhg', NULL, 1, '2023-08-27 20:38:05', '2023-08-27 20:40:05', NULL),
('3398b573-993e-48bd-b0d4-236eb6ec9647', 3, 1, 'jsjsjsije', NULL, 0, '2023-04-03 03:14:37', '2023-04-03 03:14:37', NULL),
('33a18df9-ede8-40ec-ab64-2b08637b41d2', 3, 1, 'jsjsisie', NULL, 0, '2023-04-03 21:20:38', '2023-04-03 21:20:38', NULL),
('33e5cccf-9f9d-46d5-92a8-96ea39faa5c4', 17, 5, 'fontaka gawratr bi jwantra', NULL, 1, '2023-11-24 20:33:00', '2023-11-28 11:12:15', NULL),
('354913d3-be2a-4f3e-9fd4-64e39069a1e7', 3, 2, 'wwwwwww', NULL, 1, '2023-08-27 22:58:34', '2023-08-27 22:58:36', NULL),
('3577d970-bfbb-465f-b32a-a622d3c2ff4d', 3, 1, 'jsjsjsjs', NULL, 0, '2023-04-03 03:05:01', '2023-04-03 03:05:01', NULL),
('3590bbc0-1e61-4576-91cb-93631efecfd9', 8, 3, 'test', NULL, 1, '2023-09-03 22:13:55', '2023-09-04 20:58:15', NULL),
('35d7421f-9578-4dd4-8ccb-d0b23df1773c', 7, 3, 'hsjdjdjd', NULL, 1, '2023-08-17 00:15:57', '2023-08-27 20:27:05', NULL),
('366aca91-fbdb-4d71-ace1-d8ff8b6d7f2f', 2, 22, 'hi', NULL, 1, '2023-10-11 18:45:54', '2023-11-12 14:08:08', NULL),
('369caf1c-176b-4ac7-89e1-0bc3b2a47b0b', 3, 1, 'jjihygh', NULL, 0, '2023-04-03 03:03:45', '2023-04-03 03:03:45', NULL),
('37188fe4-1696-41e7-a8cd-03406b6368ff', 8, 3, 'gggcgg', NULL, 1, '2023-09-04 20:59:02', '2023-09-04 20:59:03', NULL),
('373e5a7e-214b-498d-8f6a-6f2a0de5b224', 3, 2, 'I don&#039;t know what to do 🧐🧐🧐🧐 and the difference between the same thing they are not', NULL, 1, '2023-08-27 23:13:29', '2023-08-27 23:13:30', NULL),
('37642641-8ffa-405b-9332-aa366d8c496e', 3, 2, 'sdcsadcsdcsdcsdc', NULL, 1, '2023-08-27 23:09:53', '2023-08-27 23:09:54', NULL),
('382840dc-da8c-4fe5-81c1-a63ad359ce6c', 3, 1, 'jejejeje', NULL, 0, '2023-04-03 03:02:35', '2023-04-03 03:02:35', NULL),
('38ad53ee-3b02-4a13-a54b-48c35ebaf88e', 3, 1, 'jsjsjshshsjs', NULL, 0, '2023-04-03 03:03:06', '2023-04-03 03:03:06', NULL),
('38ce6166-e4ee-47dc-a510-7518cf0e76a0', 3, 1, 'jsjsj', NULL, 0, '2023-04-03 03:04:05', '2023-04-03 03:04:05', NULL),
('39268657-1de3-410d-8e84-bb10d3ab1aab', 8, 3, 'test', NULL, 1, '2023-09-04 21:08:45', '2023-09-04 21:08:57', NULL),
('39c2b09b-c610-4589-92a4-e3926d3737a5', 2, 3, 'hxhxhd to be a little bit to see a little more research 😃 be', NULL, 1, '2023-08-27 23:06:31', '2023-08-27 23:06:32', NULL),
('39c84c91-c096-4470-87cf-a074c5c64266', 3, 2, 'iuhgty', NULL, 1, '2023-08-27 21:05:29', '2023-08-27 21:05:30', NULL),
('3a1be811-16ae-4dd3-96a5-9890fc950aba', 3, 2, 'hhhhhgg', NULL, 1, '2023-08-27 20:55:01', '2023-08-27 20:55:49', NULL),
('3a6a5f9b-79be-417e-ad4d-ae683cd8e471', 2, 3, 'hello', NULL, 1, '2023-04-03 21:51:17', '2023-08-26 20:33:58', NULL),
('3aa128de-602e-4f44-80a1-6902eb431d50', 3, 1, 'jsjsjsjjs', NULL, 0, '2023-04-03 03:17:58', '2023-04-03 03:17:58', NULL),
('3aa78a3a-7e97-462c-bb34-b2dcb926cbde', 3, 1, 'jwjwjwjsnne', NULL, 0, '2023-04-03 03:14:35', '2023-04-03 03:14:35', NULL),
('3aad89a8-ff96-4915-ab78-04c33c34cdde', 3, 7, 'sdfgdfgdfgdfg', NULL, 1, '2023-08-27 20:41:13', '2023-10-23 12:10:22', NULL),
('3af50c62-25f8-4159-88ce-d668cf18a0a6', 3, 7, 'gghgfgh', NULL, 1, '2023-08-17 00:17:49', '2023-10-23 12:10:22', NULL),
('3c06118e-4d71-45f3-8521-174e29fdc31d', 2, 3, 'vggvvhggugggggddf', NULL, 1, '2023-08-27 22:46:31', '2023-08-27 22:46:38', NULL),
('3d482d60-e53c-4d77-9711-987fd5126e4c', 8, 3, 'gggcc', NULL, 1, '2023-09-04 20:58:59', '2023-09-04 20:59:00', NULL),
('3df9538f-70c9-48f8-92d6-ce200b259fd2', 3, 2, 'ffggb', NULL, 1, '2023-04-03 21:51:21', '2023-08-26 20:32:06', NULL),
('3e47f5cb-3b8d-49c2-8b43-7098f160ef32', 2, 1, 'hsjsjs', NULL, 0, '2023-04-03 22:12:58', '2023-04-03 22:12:58', NULL),
('3e71f596-b347-4c35-a1bd-10ea763b7d47', 5, 17, '&hearts;️💐&hearts;️&hearts;️&hearts;️&hearts;️&hearts;️🥰🥰🥰🥰😜🤩🤩🤩🤦🏻🙈🙈🐵🐵🐺🐻🐥🐥🐸🐸🐸', NULL, 1, '2023-10-23 18:39:11', '2023-10-23 18:39:13', NULL),
('3e800074-3478-483f-a84c-6df083ef1207', 3, 2, 'ttttttttttttttttttttt and I don&#039;t think so and the difference between a lot and', NULL, 1, '2023-08-27 23:06:09', '2023-08-27 23:06:10', NULL),
('3f844bd2-4bfa-4427-8aed-b36c16e62f20', 7, 3, 'hshshs', NULL, 1, '2023-08-17 00:17:21', '2023-08-27 20:27:05', NULL),
('3f91b5b0-bfbc-4d6a-89e9-49f40ae00eef', 3, 2, 'ggghj', NULL, 1, '2023-04-03 21:51:04', '2023-08-26 20:32:06', NULL),
('4031aeb4-1d16-450b-8caa-a808ad38f7b0', 2, 1, 'hi', NULL, 0, '2023-04-02 18:23:34', '2023-04-02 18:23:34', NULL),
('404157a0-b35a-4764-9c2d-b68466173605', 2, 3, 'hahaha', NULL, 1, '2023-04-03 21:27:46', '2023-08-26 20:33:58', NULL),
('40c7b1bd-37a7-4b6f-8718-dfb0b9bb81bd', 3, 2, 'jhhh5465454\\6556654', NULL, 1, '2023-08-26 21:23:34', '2023-08-26 21:23:50', NULL),
('41e2e6e8-7fb2-4964-9efb-d4b0c6f64191', 3, 2, 'yes 🙌🙌👍🙌👍 ttttttttttttttttttttt and I don&#039;t know what to do that for the difference is the ones', NULL, 1, '2023-08-27 23:20:08', '2023-08-27 23:20:20', NULL),
('42e96845-dd67-43d3-8e3e-1f6460006dac', 3, 1, 'lllll', NULL, 0, '2023-04-03 03:16:11', '2023-04-03 03:16:11', NULL),
('435055f2-bcb6-4d35-be60-8716bee7518a', 5, 17, 'hi', NULL, 1, '2023-11-19 19:50:08', '2023-11-19 19:57:44', NULL),
('43ce68b8-2811-4410-8c47-65f164e11395', 3, 1, 'hjjj', NULL, 0, '2023-04-03 03:03:32', '2023-04-03 03:03:32', NULL),
('43da9991-f2bf-41d7-8a76-655a6be60c05', 3, 2, 'jhhj', NULL, 1, '2023-08-27 20:58:53', '2023-08-27 20:58:54', NULL),
('440bebde-fde0-4edc-b58e-260db5c7d74a', 3, 1, 'jifgh', NULL, 0, '2023-04-03 03:01:35', '2023-04-03 03:01:35', NULL),
('446f0872-94e1-4e5a-bbe3-0c7ccd746f53', 3, 7, 'Hi', NULL, 1, '2023-08-16 23:53:18', '2023-10-23 12:10:22', NULL),
('44d01a0b-6509-493e-a007-6d3d527826bb', 2, 3, 'jajsjsj', NULL, 1, '2023-04-03 22:11:31', '2023-08-26 20:33:58', NULL),
('44e23ff4-8214-498e-b54e-5a83017c8ad7', 3, 2, 'ggtgfggg', NULL, 1, '2023-08-27 20:37:58', '2023-08-27 20:40:05', NULL),
('4503d7e7-ab52-4849-acda-42382030d162', 3, 2, 'hhggyuuhgffffgg', NULL, 1, '2023-08-27 23:17:15', '2023-08-27 23:17:16', NULL),
('45368726-1a70-4904-bb98-d0e090a1e2f9', 3, 1, 'Hi', NULL, 0, '2023-04-03 02:55:39', '2023-04-03 02:55:39', NULL),
('45e615dc-6f0c-4bc4-9121-8bf8bdfa5515', 3, 2, 'gggg', NULL, 1, '2023-04-03 21:51:01', '2023-08-26 20:32:06', NULL),
('47965d1a-77d3-46d2-b3bf-eb0b778693b2', 3, 2, 'messagePagingController?.insertFirstOrUpdateItem(item);                  messagePagingController?.notifyListeners();', NULL, 1, '2023-08-27 23:21:34', '2023-08-27 23:21:35', NULL),
('47dc37f3-62b0-4da0-a0e7-1833ac71e970', 4, 5, 'sar&ccedil;awm', NULL, 1, '2023-11-19 20:56:29', '2023-11-19 20:56:30', NULL),
('48d20490-866f-4375-9543-e6a04e2d3cdb', 3, 1, 'hsjjsjdjdjjdjdjdj', NULL, 0, '2023-04-03 21:57:34', '2023-04-03 21:57:34', NULL),
('494e604b-0675-470d-b96b-e5ed928be68d', 3, 2, 'huhfg', NULL, 1, '2023-08-27 21:05:18', '2023-08-27 21:05:19', NULL),
('4aa34dbe-96f3-43f7-ada2-29a0725f7261', 23, 2, 'Hi', NULL, 1, '2023-10-18 00:07:18', '2023-10-22 01:33:04', NULL),
('4b3030b7-4d7f-47f4-994c-ed1d4cf20a6c', 7, 3, 'bsbsbsoooo', NULL, 1, '2023-08-17 00:18:44', '2023-08-27 20:27:05', NULL),
('4ba61df3-7a61-4595-9553-8c5bcc24a7ad', 3, 2, 'ffgggg', NULL, 1, '2023-08-27 23:00:10', '2023-08-27 23:00:11', NULL),
('4bb36774-9f6b-40ac-bd41-4c146e892ece', 3, 2, 'iihghhhhhh', NULL, 1, '2023-08-27 21:00:48', '2023-08-27 21:01:38', NULL),
('4bdaa272-af05-4a3a-ae6d-f119c2addf40', 3, 1, 'hjsjsjs', NULL, 0, '2023-04-03 03:01:42', '2023-04-03 03:01:42', NULL),
('4c2bdd87-9c9e-475e-bdaa-f9ddc79d174c', 3, 2, 'ygfh', NULL, 1, '2023-04-03 21:55:49', '2023-08-26 20:32:06', NULL),
('4ddd12fd-03fe-475e-bf6b-9584246fd116', 7, 3, 'gfgvg', NULL, 1, '2023-08-17 00:16:43', '2023-08-27 20:27:05', NULL),
('4e53cee4-07c0-4177-9239-5856c0975dd3', 3, 2, 'gvh', NULL, 1, '2023-04-03 21:55:47', '2023-08-26 20:32:06', NULL),
('4ea2247a-3ab1-4270-990e-cb17fb8076dd', 3, 8, 'vvvvv', NULL, 1, '2023-09-04 20:58:50', '2023-09-04 20:58:51', NULL),
('4ee02eca-6909-400c-99c9-fdf0bc69fe0b', 3, 2, 'gfffggbvv', NULL, 1, '2023-08-27 21:05:33', '2023-08-27 21:05:34', NULL),
('4f19d6ba-d896-4dc7-8f34-b408cc0cca7f', 3, 2, 'pos', NULL, 1, '2023-08-27 23:00:43', '2023-08-27 23:00:44', NULL),
('4fc535c8-84e7-4352-8092-358a32cc8ebd', 3, 1, 'bggfy', NULL, 0, '2023-04-03 21:19:55', '2023-04-03 21:19:55', NULL),
('501c4a28-faa9-4f8d-83d4-34103ec78efc', 2, 3, 'hxhxhxhd', NULL, 1, '2023-04-03 21:29:08', '2023-08-26 20:33:58', NULL),
('50bb3789-dc0b-4edb-a37b-23a072a3b348', 2, 1, 'zarda 1', NULL, 0, '2023-04-03 22:13:12', '2023-04-03 22:13:12', NULL),
('50f6c807-2804-4d17-b00d-1eee1b03fc19', 3, 2, 'dsafswdfsadsdfsadf', NULL, 1, '2023-08-27 20:58:47', '2023-08-27 20:58:48', NULL),
('51032068-ae6c-4124-a5e8-c91516558c4a', 2, 1, 'yyh', NULL, 0, '2023-07-04 19:43:29', '2023-07-04 19:43:29', NULL),
('5130a21e-8d51-4a6a-89a8-a6cd17d3e482', 3, 2, 'TextEditingController messageController;', NULL, 1, '2023-08-27 23:05:22', '2023-08-27 23:05:23', NULL),
('51680192-2a4e-488d-939c-2a1763638389', 3, 2, 'kkkjyy', NULL, 1, '2023-08-27 21:08:23', '2023-08-27 21:08:24', NULL),
('518f03b8-88a8-4184-b68a-ad934f7ed3d4', 3, 2, 'hshsjej', NULL, 1, '2023-04-03 22:00:30', '2023-08-26 20:32:06', NULL),
('51b6bb42-6aca-43e8-a92c-b37c593e98d3', 3, 2, 'dfsasdfsdf', NULL, 1, '2023-08-26 21:07:45', '2023-08-26 21:07:50', NULL),
('5252a029-0a51-4be3-a914-c21b67a177b7', 3, 2, 'jjjjj', NULL, 1, '2023-08-27 22:52:37', '2023-08-27 22:52:57', NULL),
('52a84594-d39e-4de2-9449-5be8be533163', 3, 1, 'good morning my love and I hope you had an amazing day today and', NULL, 0, '2023-08-29 21:32:52', '2023-08-29 21:32:52', NULL),
('533fd293-d1bc-4a2e-9051-14424ba9b573', 2, 3, 'bgghh', NULL, 1, '2023-08-27 23:01:12', '2023-08-27 23:01:13', NULL),
('53c0b50f-fb39-463b-ad7c-c773be83efe0', 3, 2, 'gg and the same way as I was the same as the other one 🕐', NULL, 1, '2023-08-27 23:19:22', '2023-08-27 23:19:23', NULL),
('544ad222-c060-47cc-9b9c-18adf089e458', 8, 3, 'testing', NULL, 1, '2023-09-04 21:09:11', '2023-09-04 21:09:15', NULL),
('5459abe3-4909-4450-a23a-51df42264011', 3, 1, 'jwjwjsjwjwjsjw', NULL, 0, '2023-04-03 03:14:49', '2023-04-03 03:14:49', NULL),
('549dc5ce-4519-423c-94de-c188fccb93c4', 3, 1, 'jwjwjjw', NULL, 0, '2023-04-03 03:15:56', '2023-04-03 03:15:56', NULL),
('550eaf8b-e087-4449-9072-124dba963d2a', 3, 1, 'hsuusjs', NULL, 0, '2023-04-03 03:02:32', '2023-04-03 03:02:32', NULL),
('551216e3-327b-46d5-88a2-8fa3506c52c7', 3, 8, 'good morning my love and I hope you&#039;re feeling good 😙👍 and I love you 💖💖💖 and I hope you have the', NULL, 1, '2023-09-04 20:59:57', '2023-09-04 21:00:03', NULL),
('5553e661-8eb8-4e32-9915-9f4b1143eb08', 3, 2, 'csdcsdcsdcsdc', NULL, 1, '2023-08-27 23:10:11', '2023-08-27 23:10:12', NULL),
('555df61a-faf5-45a1-b193-e1d11329c20f', 2, 3, 'hsusiiie', NULL, 1, '2023-04-03 21:27:56', '2023-08-26 20:33:58', NULL),
('55697586-cbe7-44a4-afee-4a51901905fe', 2, 3, 'ffghhh', NULL, 1, '2023-08-27 20:43:39', '2023-08-27 20:43:49', NULL),
('55ea314c-4a26-4a3e-9d69-05251b45a884', 3, 2, 'fhfjg', NULL, 1, '2023-04-03 21:50:19', '2023-08-26 20:32:06', NULL),
('56949982-e6b9-4903-813c-5e27da92fb0b', 3, 2, 'sdcsdczxczxczxczxczxc', NULL, 1, '2023-08-27 23:09:57', '2023-08-27 23:09:58', NULL),
('5741e1ac-3182-4bcb-adcd-ef4f53441372', 5, 17, 'size jwana be 3aiba', NULL, 1, '2023-11-08 16:20:02', '2023-11-08 16:20:04', NULL),
('57c08523-521b-41de-b14f-9d6b00cf17b7', 3, 2, 'hshhss', NULL, 1, '2023-04-03 21:43:51', '2023-08-26 20:32:06', NULL),
('58567117-1499-4750-bbe1-4e8134d5302d', 3, 1, 'jwjwjwjwjwj', NULL, 0, '2023-04-03 03:14:52', '2023-04-03 03:14:52', NULL),
('58db235d-aad1-4a6d-9854-bb3cb9bcb7fe', 3, 2, '😚😚😙😆😍😍🥰😋😚😚😙😚😚😚😚😚😚😚😚😚😚😚😚', NULL, 1, '2023-08-27 23:05:03', '2023-08-27 23:05:04', NULL),
('58f21f6c-6271-4c6f-b9c8-7c06305b4745', 3, 2, 'uuhjjjiiotgyyyyrrttyyyyyyy and', NULL, 1, '2023-08-27 23:02:28', '2023-08-27 23:02:29', NULL),
('59a2246c-98d1-4e74-b0f6-8d8d8fb0ee58', 3, 2, 'gggh', NULL, 1, '2023-08-27 20:38:20', '2023-08-27 20:40:05', NULL),
('59f7b894-3fd7-4b92-be42-88e384db2afc', 3, 1, 'jdjdjdje', NULL, 0, '2023-04-03 21:20:40', '2023-04-03 21:20:40', NULL),
('5a5fc3df-bfe7-472c-a9e3-cf702d61e64d', 2, 3, 'hi', NULL, 1, '2023-04-03 22:11:21', '2023-08-26 20:33:58', NULL),
('5b409b28-cf95-4313-bc38-8479b4b1e8a5', 3, 2, 'sweet potato salad for me and they will have a good 👍🤚👍 ttttttttttttttttttttt and I don&#039;t know what you would do that I am going for me to get it to you', NULL, 1, '2023-08-27 23:21:51', '2023-08-27 23:21:52', NULL),
('5b63ae02-79bc-4e1d-99f7-f4a83b4afdc6', 3, 2, 'gggg', NULL, 1, '2023-08-27 20:37:17', '2023-08-27 20:40:05', NULL),
('5b7a09ca-3a84-4405-b8ca-f0641434b45c', 7, 3, 'time isn&rsquo;t correct in the message', NULL, 1, '2023-08-15 13:37:59', '2023-08-27 20:27:05', NULL),
('5bba49ab-d788-4428-bbd1-9251c17c2684', 3, 2, 'yyyyy', NULL, 1, '2023-08-27 22:59:07', '2023-08-27 22:59:08', NULL),
('5be86a0d-7e19-4fce-969e-549906a8deaf', 3, 2, 'you would have been in a few years and I have to be in the same place', NULL, 1, '2023-08-27 23:20:58', '2023-08-27 23:21:08', NULL),
('5c93d135-2639-4e70-b9ef-59636e054547', 2, 3, 'dhdhfhhd', NULL, 1, '2023-08-27 23:07:25', '2023-08-27 23:07:26', NULL),
('5cd9039f-ae82-4dd5-82d1-a3f3578f6c88', 3, 2, 'thggggg', NULL, 1, '2023-08-27 20:39:50', '2023-08-27 20:40:05', NULL),
('5d0cdc75-ab9a-4b49-bf24-518507cd361a', 2, 3, 'djdjf', NULL, 1, '2023-08-27 23:01:23', '2023-08-27 23:01:24', NULL),
('5d66a82e-04fe-4c01-9e66-9344229a3ea6', 3, 2, 'fgj', NULL, 1, '2023-04-03 21:49:39', '2023-08-26 20:32:06', NULL),
('5dbfb640-c907-4657-a342-3f4497cf2442', 3, 2, 'vcghh', NULL, 1, '2023-08-27 20:27:23', '2023-08-27 20:27:32', NULL),
('5e35ce6d-0a64-4a81-94c7-b4d3699e8819', 2, 3, 'isiiis', NULL, 1, '2023-04-03 21:51:29', '2023-08-26 20:33:58', NULL),
('5e5b495e-a4d7-4ead-b25b-e2b11d66a12e', 3, 8, 'the best of the best of the year 🎇🎇🎇🎇💝💝💝', NULL, 1, '2023-09-04 20:59:04', '2023-09-04 20:59:05', NULL),
('5fca3333-720b-4636-bb2d-349ed31629ba', 3, 7, 'gghgfgh', NULL, 1, '2023-08-17 00:17:53', '2023-10-23 12:10:22', NULL),
('602ee1e8-1612-4edf-ae72-dea56253ef31', 2, 3, 'hdhf', NULL, 1, '2023-04-03 21:29:20', '2023-08-26 20:33:58', NULL),
('61c471a8-2220-4074-b7bb-a056ffd4a411', 3, 2, 'ggghh', NULL, 1, '2023-08-27 21:05:08', '2023-08-27 21:05:09', NULL),
('621056d6-2bd9-4f1f-8f9b-4183209d73ab', 3, 1, 'jsjsjsjjs', NULL, 0, '2023-04-03 03:17:56', '2023-04-03 03:17:56', NULL),
('621e59d0-c733-4324-84b5-22f427666e15', 3, 2, 'tttrreedfgj', NULL, 1, '2023-08-27 21:05:50', '2023-08-27 21:05:51', NULL),
('622bb490-098f-44de-b8c4-e2d2f40ece65', 3, 2, 'the ones that are not the same as they would do that ☺️🤣🤣🤣🤣😭', NULL, 1, '2023-08-27 23:15:57', '2023-08-27 23:15:58', NULL),
('62736abe-ebf6-4bbc-b138-b77c1d419cb4', 17, 5, 'atush wanarey', NULL, 1, '2023-11-24 20:29:53', '2023-11-24 20:32:04', NULL),
('62b2cacd-9f76-4009-a2b4-aadd7d835746', 3, 1, 'uwjjsjw', NULL, 0, '2023-04-03 02:56:04', '2023-04-03 02:56:04', NULL),
('62b8668a-b428-49a1-9ce2-8cc9cb1c78b6', 2, 3, 'hama 1', NULL, 1, '2023-04-03 22:13:26', '2023-08-26 20:33:58', NULL),
('62be7e30-4da3-4f52-b5ba-62228a8c5e09', 3, 2, 'bbbhhhgg', NULL, 1, '2023-08-27 23:20:29', '2023-08-27 23:21:08', NULL),
('62e5f2b9-d831-4d12-aed2-228ce9bf2c87', 3, 1, 'jsjsjsisiwieie', NULL, 0, '2023-04-03 03:05:04', '2023-04-03 03:05:04', NULL),
('6315bf1a-a84d-4b97-9388-2a058d7af7f4', 3, 2, 'that was the same as the ones I got from the same way 😜 the ones that have been a row and the difference between the ones I got in it was just in a lot', NULL, 1, '2023-08-27 23:11:50', '2023-08-27 23:11:51', NULL),
('6324497c-f9cc-49da-915e-f38c52f6a40e', 5, 17, 'awa kalki nea bchuka', NULL, 1, '2023-11-24 20:32:52', '2023-11-24 20:32:53', NULL),
('63381006-5bae-429d-8463-81b843230a47', 3, 2, 'ggggbhh', NULL, 1, '2023-08-27 20:55:09', '2023-08-27 20:55:49', NULL),
('634edea0-fb58-448c-9e7a-7dd6740d6cde', 3, 2, 'yes 👍 ttttttttttttttttttttt and I don&#039;t know if it will do with the ones that I am a lot of the ones that were in a row', NULL, 1, '2023-08-27 23:13:37', '2023-08-27 23:13:38', NULL),
('63656114-ed23-42a0-b7a8-c2f7a2587bf1', 3, 2, 'hhhhhhghh', NULL, 1, '2023-08-27 20:40:01', '2023-08-27 20:40:05', NULL),
('6385af4e-914c-458f-965a-0c4103a99d96', 3, 2, 'deded', NULL, 1, '2023-08-27 20:32:00', '2023-08-27 20:32:02', NULL),
('6398d9ee-9d0b-4c61-b4a1-93a046141248', 7, 1, 'how are you', NULL, 0, '2023-08-15 13:36:37', '2023-08-15 13:36:37', NULL),
('63d5d6c5-bd17-4a60-9863-cac26b61b72f', 3, 2, 'hhffdfggt', NULL, 1, '2023-08-27 23:00:20', '2023-08-27 23:00:21', NULL),
('646d1fbb-e859-4722-a5ed-def78337f61b', 7, 1, 'hello', NULL, 0, '2023-08-15 13:36:31', '2023-08-15 13:36:31', NULL),
('648e1949-b5c1-49d1-bbcb-f5367e903bb7', 2, 3, 'vggvvhggugggg', NULL, 1, '2023-08-27 22:46:28', '2023-08-27 22:46:38', NULL),
('64999b8d-a83e-4879-9773-eca8548e3476', 3, 2, 'grgggggg', NULL, 1, '2023-08-27 21:08:19', '2023-08-27 21:08:20', NULL),
('6521970f-f45b-43b6-b1fe-ca160d9de684', 3, 1, 'jwjwjwiwiw for stripe and l I 😘 ve you sure I love it I am not the link for stripe 🦓🦓 you sure I can get you sure you', NULL, 0, '2023-04-03 03:15:50', '2023-04-03 03:15:50', NULL),
('656d61cf-b01e-4f30-bd2e-56ffe992bc3b', 3, 1, 'jeieieiei', NULL, 0, '2023-04-03 21:20:44', '2023-04-03 21:20:44', NULL),
('65bebf5b-64e2-4508-b6dc-89de09dbae3d', 2, 3, 'hdhdhd to the park and ride the bike 🚲 to get a new phone yet but it done by tomorrow morning and I&#039;ll send the money back', NULL, 1, '2023-08-27 23:07:03', '2023-08-27 23:07:03', NULL),
('67497ec5-965e-422e-83bf-5a108f45e552', 3, 1, 'hsjsjjs', NULL, 0, '2023-04-03 22:00:40', '2023-04-03 22:00:40', NULL),
('67a66117-0aa7-438a-b142-ff79eb087e8c', 8, 3, 'Hi', NULL, 1, '2023-09-03 22:12:36', '2023-09-04 20:58:15', NULL),
('67b48f60-f87d-4f27-8029-2ced6ec1bd3b', 2, 3, 'fhjfjfjjf', NULL, 1, '2023-08-26 21:19:29', '2023-08-26 21:19:36', NULL),
('67cdb5d0-6b70-44c8-b92e-1eab1bbbead5', 2, 1, 'jsjsjs', NULL, 0, '2023-04-03 21:27:21', '2023-04-03 21:27:21', NULL),
('67d3668d-dd56-48d7-971f-d418103165f7', 3, 2, '123654', NULL, 1, '2023-08-26 21:23:42', '2023-08-26 21:23:50', NULL),
('67ee73e9-6f7a-4002-aa7c-9636165bde64', 3, 8, 'xxcgg', NULL, 1, '2023-09-04 21:10:16', '2023-09-04 21:10:33', NULL),
('67f88043-2bba-4808-ab01-611a17590a23', 3, 1, 'hwhsjs', NULL, 0, '2023-04-03 03:04:59', '2023-04-03 03:04:59', NULL),
('67fbc288-0e80-4682-98b6-82b6e9c2207e', 3, 2, 'hshs', NULL, 1, '2023-04-03 21:44:02', '2023-08-26 20:32:06', NULL),
('680a9a40-4097-4877-92b9-345dc566e31f', 3, 2, 'jjjjiiuttt the ones that are in my car and the difference between the ones that are not', NULL, 1, '2023-08-27 23:20:50', '2023-08-27 23:21:08', NULL),
('6815dc9a-1eb2-4fa5-91b2-c0cb53bd5c57', 3, 2, 'asdasdasdasdasd', NULL, 1, '2023-08-27 23:10:27', '2023-08-27 23:10:27', NULL),
('68963b63-cddb-4d28-85b6-257546ec7fe2', 2, 23, 'Hi', NULL, 1, '2023-10-19 18:13:44', '2023-10-22 20:19:05', NULL),
('6899dfc1-e905-4ffa-a3da-3cb5c700b612', 3, 1, 'qqqqq', NULL, 0, '2023-04-03 03:18:14', '2023-04-03 03:18:14', NULL),
('69f6f468-126f-471a-ac51-26b0ee0f3def', 3, 2, 'you would have to have a lot and I have to be in the office 🤣🤣🤣', NULL, 1, '2023-08-27 23:19:15', '2023-08-27 23:19:16', NULL),
('69fa6139-17e0-44a5-ae47-d7d80f446772', 3, 2, 'fffffffffffffffffffffff', NULL, 1, '2023-08-27 23:08:39', '2023-08-27 23:08:40', NULL),
('6a39b596-5714-40a1-951a-22972768b47b', 3, 1, 'juwjwuwuwjwhwbbwbhe', NULL, 0, '2023-04-03 03:15:05', '2023-04-03 03:15:05', NULL),
('6a68dc94-0f82-46c9-8439-608a304fffff', 2, 3, 'lllll', NULL, 1, '2023-04-03 21:27:44', '2023-08-26 20:33:58', NULL),
('6a730244-1c42-4c7d-bc56-74d17d512228', 2, 3, 'hhbhbbbbhj', NULL, 1, '2023-04-03 21:51:11', '2023-08-26 20:33:58', NULL),
('6a9d75f3-3b16-4675-ad81-8f04c6333119', 2, 3, 'bfjcjc', NULL, 1, '2023-08-26 21:20:08', '2023-08-26 21:20:35', NULL),
('6ac4deb0-6f41-4193-ace2-1093778cdec7', 4, 17, 'kuy baba', NULL, 1, '2023-11-19 21:02:03', '2023-11-19 21:02:14', NULL),
('6b0d74c7-bf19-4ad5-b3b1-cc71a4df755a', 3, 2, 'ffg', NULL, 1, '2023-04-03 21:49:56', '2023-08-26 20:32:06', NULL),
('6b3cefde-0dab-4ceb-9e71-6cbf55666d88', 2, 3, 'gffggjjhuuggfft', NULL, 1, '2023-08-27 22:51:35', '2023-08-27 22:51:57', NULL),
('6b7b09b9-7a45-4408-91e8-13645c01d2f3', 3, 1, 'jsjsjs', NULL, 0, '2023-04-03 03:17:50', '2023-04-03 03:17:50', NULL),
('6bb14fe5-86db-4f37-af91-472c2d7c73d6', 3, 2, 'yes 👍🤚👍🤚 the ones that are the same way as I am not 🚭🚭🚭🚭 I don&#039;t know what you are not the same as the same thing 😜', NULL, 1, '2023-08-27 23:20:17', '2023-08-27 23:20:20', NULL),
('6bb81471-8eed-4303-b94f-19aa8a581e1b', 17, 5, 'a jwana', NULL, 1, '2023-11-08 16:20:56', '2023-11-10 13:18:04', NULL),
('6bf53515-2fa2-4634-962d-9e2ec1562207', 3, 1, 'uuuuuu', NULL, 0, '2023-04-03 03:03:58', '2023-04-03 03:03:58', NULL),
('6c0a9648-71c0-4e02-b619-da4d994b0722', 2, 3, 'bsbbjshshsjjs', NULL, 1, '2023-04-03 21:51:41', '2023-08-26 20:33:58', NULL),
('6c77906a-80e2-43dd-9e28-fe9bbfc997a5', 2, 3, 'jfufif', NULL, 1, '2023-04-03 21:29:05', '2023-08-26 20:33:58', NULL),
('6c8d8ecc-1dd9-4c6a-b253-d0eed6435d14', 4, 5, 'kuy kura', NULL, 1, '2023-11-19 20:56:00', '2023-11-19 20:56:15', NULL),
('6df7a52f-670b-43e5-b15f-a1ed5a9f7f72', 3, 1, 'hshsjjd', NULL, 0, '2023-04-03 22:00:35', '2023-04-03 22:00:35', NULL),
('6e65d678-d5ec-42e9-a0d8-d9b2e9fc2edc', 3, 2, 'sdasdasdasd', NULL, 1, '2023-08-27 20:56:09', '2023-08-27 20:58:40', NULL),
('6ed498cb-252c-41f0-8153-61f6e7f623f7', 2, 3, 'jkaiai', NULL, 1, '2023-04-03 22:11:43', '2023-08-26 20:33:58', NULL),
('6efd6729-5a71-4f2e-bd45-6832e093256d', 2, 3, 'f gghhhh be ready to eat at', NULL, 1, '2023-08-27 20:41:41', '2023-08-27 20:41:49', NULL),
('6f199f66-ca2c-4d07-adad-abe401c2c18e', 3, 1, 'plplpl', NULL, 0, '2023-04-03 03:18:37', '2023-04-03 03:18:37', NULL),
('6f4eabd9-c601-4b52-8a11-7dc8c8eccaee', 3, 2, 'hhassddd', NULL, 1, '2023-08-27 20:40:32', '2023-08-27 20:40:38', NULL),
('6f8d81d0-53e9-49d9-8268-46d40b6f6569', 2, 3, 'xccffffg', NULL, 1, '2023-04-03 21:29:30', '2023-08-26 20:33:58', NULL),
('6f9aadeb-d606-4920-b661-1e3b6ff75f78', 3, 2, 'ggh', NULL, 1, '2023-04-03 21:29:56', '2023-08-26 20:32:06', NULL),
('6fbe8499-328c-4d1c-89b4-d28021ead8d2', 3, 2, 'qqqqqqqqqqqq', NULL, 1, '2023-08-27 22:57:59', '2023-08-27 22:58:00', NULL),
('6ffb6893-2a64-4e44-9eca-459b088590ef', 3, 1, 'jsjsjsjs', NULL, 0, '2023-04-03 22:03:56', '2023-04-03 22:03:56', NULL),
('7057528d-a110-43f8-b8a4-2c11f8e07e28', 3, 2, 'ghg', NULL, 1, '2023-04-03 21:49:36', '2023-08-26 20:32:06', NULL),
('706cb451-19d9-4c31-9a1b-2081c947c5f6', 3, 1, 'hshjs', NULL, 0, '2023-04-03 22:00:10', '2023-04-03 22:00:10', NULL),
('71869c31-2ddb-4288-8d01-573e4dc663ed', 3, 2, 'the ones that are not the same thing as I don&#039;t know what you can say 🤣🤣🤣🤣🤣😭😭🥳🥳 the ones that are not the', NULL, 1, '2023-08-27 23:12:59', '2023-08-27 23:13:00', NULL),
('71a39948-5a4e-45e2-bc28-c824beae8d0a', 2, 3, 'shdudu', NULL, 1, '2023-08-27 23:01:20', '2023-08-27 23:01:21', NULL),
('71b68a04-b8ce-4b7d-9667-39e2f679b497', 2, 3, 'hhbh', NULL, 1, '2023-04-03 21:51:08', '2023-08-26 20:33:58', NULL),
('71be22ef-bf6c-41eb-b3d6-34e1e438c86d', 3, 2, 'oooooooooo', NULL, 1, '2023-08-27 22:58:20', '2023-08-27 22:58:21', NULL),
('71bfd164-682a-4532-85b9-7a5ae50c041c', 8, 3, 'fccch', NULL, 1, '2023-09-04 20:59:05', '2023-09-04 20:59:05', NULL),
('71ca84be-9779-4d6c-8586-9b7183757664', 3, 1, 'hsjsjsjd', NULL, 0, '2023-04-03 22:00:48', '2023-04-03 22:00:48', NULL),
('72749a8c-1f31-4149-9dbd-b57388b505b0', 3, 2, 'hhhhhh', NULL, 1, '2023-08-27 22:53:20', '2023-08-27 22:53:21', NULL),
('72a74aad-7329-4149-b353-13b3587bfdb2', 3, 7, 'hi', NULL, 1, '2023-08-16 23:53:25', '2023-10-23 12:10:22', NULL),
('72baf036-4e20-49a0-bcbe-49c4dd6d98ca', 2, 3, 'gggg', NULL, 1, '2023-04-03 21:29:39', '2023-08-26 20:33:58', NULL),
('72ce2870-c7f0-4487-abe0-93edcfd4a37f', 2, 1, 'kskks', NULL, 0, '2023-04-03 21:49:53', '2023-04-03 21:49:53', NULL),
('736d30cc-37bd-4179-942f-60663723a33d', 3, 2, 'hsjsjs', NULL, 1, '2023-04-03 22:00:22', '2023-08-26 20:32:06', NULL),
('73f29324-e134-4caa-b640-16471b7385b8', 2, 3, 'gggghbhhb', NULL, 1, '2023-08-27 22:27:52', '2023-08-27 22:46:38', NULL),
('74a01d16-f31d-477d-8605-9a6aa338e8cb', 3, 2, 'you would be a few weeks you would have to be a few minutes late to do that 😉😗😉', NULL, 1, '2023-08-27 23:16:06', '2023-08-27 23:16:07', NULL),
('750deda3-cdde-4961-b517-ec4d0f8dcb41', 3, 2, 'gggtt', NULL, 1, '2023-08-27 20:36:49', '2023-08-27 20:37:09', NULL),
('75f50839-bf39-4ae9-80e1-ec480aeeffa1', 3, 2, 'heuejej', NULL, 1, '2023-04-03 22:00:24', '2023-08-26 20:32:06', NULL),
('76441387-5ce6-4e16-b248-b9770191b007', 3, 1, 'jsjsjjd', NULL, 0, '2023-04-03 22:04:43', '2023-04-03 22:04:43', NULL),
('7669798e-983b-4728-acff-1d964c82ac9e', 3, 2, 'hhjjbvggf', NULL, 1, '2023-08-27 22:53:17', '2023-08-27 22:53:18', NULL),
('769b44e5-e68c-4d1c-9b36-1577096dec67', 3, 2, 'rgghhhh', NULL, 1, '2023-08-27 21:07:59', '2023-08-27 21:08:00', NULL),
('7767c959-b359-4ae9-a290-ffba8b547f9c', 2, 3, 'gddh to the store for you to come home to the store for you 💋💋💞 be there by the end the store ❤️❤️🏪 be there 😀 be there by 1 the time and we are going back to sleep now 💗 to get the kids to the park and walk around the house 🏠 to get it done ✅✅✅ to get the kids to the park with the store and get the rest of the day', NULL, 1, '2023-08-27 23:06:53', '2023-08-27 23:06:54', NULL),
('777c1aaa-427a-4fc6-aae8-0766c0c2d8b2', 3, 2, 'yy and the difference between the ones that were in a few weeks and I was like I', NULL, 1, '2023-08-27 23:20:41', '2023-08-27 23:21:08', NULL),
('77813a2d-2db0-413f-a4e2-a3e4ef137bcf', 3, 2, 'dfgdsfgdfg', NULL, 1, '2023-08-27 20:41:34', '2023-08-27 20:41:42', NULL),
('7957682b-0cd5-4834-84a6-d9be253570aa', 3, 2, 'dsfgdfgsdfg', NULL, 1, '2023-08-27 20:41:19', '2023-08-27 20:41:42', NULL),
('7984f266-0c0a-417f-84e7-19e24879b835', 2, 3, 'bdbxns', NULL, 1, '2023-04-03 21:27:53', '2023-08-26 20:33:58', NULL),
('79cc128c-e57e-4d48-a495-88d68477c9e0', 9, 10, 'Test', NULL, 0, '2023-10-18 00:09:21', '2023-10-18 00:09:21', NULL),
('79f91ea0-4525-4670-b595-f8c204160106', 2, 3, 'ghgghv', NULL, 1, '2023-08-26 21:26:49', '2023-08-26 21:38:36', NULL),
('7a0247c0-fac9-4cf4-ab0b-68449c58674f', 3, 2, 'fudufuduf', NULL, 1, '2023-04-03 21:50:23', '2023-08-26 20:32:06', NULL),
('7b9e1184-de8a-45aa-8f5b-80460e8aa315', 3, 2, 'ffffdddsdsdddssdd', NULL, 1, '2023-08-27 22:57:45', '2023-08-27 22:57:46', NULL),
('7bfbdb93-8363-4fb3-9f25-400fcecea6c3', 2, 3, 'snns', NULL, 1, '2023-04-03 21:50:52', '2023-08-26 20:33:58', NULL),
('7c3a59aa-2aeb-4d7d-bb66-82c44dad2887', 3, 1, 'jsjjsjs', NULL, 0, '2023-04-03 22:00:42', '2023-04-03 22:00:42', NULL),
('7c6708ca-5512-4a66-bd7e-5abbf74b0b76', 3, 2, 'hshhs', NULL, 1, '2023-04-03 21:44:53', '2023-08-26 20:32:06', NULL),
('7cfdedd6-0b2d-4101-b880-c79d880a121b', 7, 3, 'hshshs', NULL, 1, '2023-08-17 00:18:01', '2023-08-27 20:27:05', NULL),
('7d610812-76f9-422b-b533-51187929c5cb', 3, 1, 'idieiejeie', NULL, 0, '2023-04-03 21:20:42', '2023-04-03 21:20:42', NULL),
('7de74f01-8e43-4874-8264-fdfa0131b43d', 7, 3, 'hshshs', NULL, 1, '2023-08-17 00:17:51', '2023-08-27 20:27:05', NULL),
('7e0cc96c-140d-4af3-b2f7-d8d54300628c', 2, 3, 'df', NULL, 1, '2023-10-12 16:43:08', '2023-11-28 22:52:12', NULL),
('7fc79b9f-ad35-46fc-bb8a-7cb8a5ed9936', 3, 8, 'ty for the best of luck with the kids 😗😗😗😗', NULL, 1, '2023-09-04 21:00:32', '2023-09-04 21:00:33', NULL),
('80322986-e9ac-4967-9b5f-3c83b534f939', 2, 3, 'vggvvh', NULL, 1, '2023-08-27 22:46:23', '2023-08-27 22:46:38', NULL),
('80987ed3-6b0c-4e10-8b3d-3e91095f974d', 3, 2, 'ffgggg', NULL, 1, '2023-08-27 23:12:42', '2023-08-27 23:12:43', NULL),
('80a0a273-177f-45ee-95e4-297279207bb1', 3, 2, 'gggbbb', NULL, 1, '2023-08-27 21:04:54', '2023-08-27 21:04:55', NULL),
('80aaf800-c204-49f7-b5c6-397f3d47c0c3', 3, 2, 'ggggggggg', NULL, 1, '2023-08-27 21:08:27', '2023-08-27 21:08:28', NULL),
('80bead0b-281f-4a8f-a18d-0151c1e456bb', 8, 3, 'gcgvgccf', NULL, 1, '2023-09-04 21:00:06', '2023-09-04 21:00:24', NULL),
('8175f5d8-a584-40bd-b8b4-1d2be44a42ad', 3, 2, 'messageController', NULL, 1, '2023-08-27 22:52:49', '2023-08-27 22:52:57', NULL),
('8185f3e8-fc58-4252-9f05-ea0f1cfe96af', 3, 1, 'jwjwjeue', NULL, 0, '2023-04-03 03:05:08', '2023-04-03 03:05:08', NULL),
('822619f3-8bcf-4e5e-b68d-7eb03b7a2023', 2, 3, 'ghhjjh', NULL, 1, '2023-08-27 20:43:12', '2023-08-27 20:43:18', NULL),
('826c59ec-4985-4962-9786-6ba6ac7aa04b', 3, 2, 'cxvxzcvxzcvxcv', NULL, 1, '2023-08-27 23:08:58', '2023-08-27 23:08:59', NULL),
('827cffd8-5390-446d-a6c5-706fd257c68e', 2, 3, 'hdhxhch', NULL, 1, '2023-08-26 21:19:22', '2023-08-26 21:19:36', NULL),
('832b3896-863d-440e-9e65-48fb60f39daf', 2, 3, 'hi', NULL, 1, '2023-04-03 21:24:25', '2023-08-26 20:33:58', NULL),
('83324edf-51b7-459b-b572-56cbc62baa87', 2, 3, 'ggygg', NULL, 1, '2023-08-27 22:26:25', '2023-08-27 22:26:27', NULL),
('840951b5-0028-45f9-8d84-af8c623137ea', 2, 3, 'gggbbhj', NULL, 1, '2023-08-27 20:28:06', '2023-08-27 20:29:51', NULL),
('8414a81d-25e9-40c9-8e5a-664f7b589b2c', 3, 2, 'gffgccff', NULL, 1, '2023-08-27 21:05:26', '2023-08-27 21:05:26', NULL),
('84810e4d-95d9-4cf0-96a1-240d4d3d185e', 3, 2, 'loo', NULL, 1, '2023-04-03 21:56:48', '2023-08-26 20:32:06', NULL),
('850e1173-ff62-49b1-aa82-fcde3904c81d', 3, 2, 'the ones that are not going on in it was just a few', NULL, 1, '2023-08-27 23:07:42', '2023-08-27 23:07:43', NULL),
('854c1549-b9b2-42ce-bf9a-d520d70e9113', 17, 5, 'natdibw', NULL, 1, '2023-10-23 18:37:17', '2023-10-23 18:37:29', NULL),
('8577bc3b-e436-420e-a41d-db34da1a9f67', 3, 2, 'ttttttttttttttttttttt and the other ones are the best of us for all that are not the same as you can do it was the same way as I am a lot more in it and they will do that for me but you can do it was just a few weeks ago and the difference between the ones that are not the same as they would be in the difference between the ones that are not the same as the difference between the ones that are not the same as the other ones are the 😘😚😘🥰😅😆😙😗😉😉😉😗😀😃😄😆😅😂🤣🤣😭😭😭😭🥳🥳🤪🤪😛🥹🙂😗🚭🚫🕐🕐💬👍👍👍', NULL, 1, '2023-08-27 23:04:54', '2023-08-27 23:04:55', NULL),
('85c1910f-a57e-42c5-802b-abc398bdb421', 2, 1, 'jsjsjs', NULL, 0, '2023-04-03 21:27:23', '2023-04-03 21:27:23', NULL),
('85d24e19-1667-472e-ac9b-0a2bfd08f829', 3, 1, 'hhhjn', NULL, 0, '2023-04-03 22:10:39', '2023-04-03 22:10:39', NULL),
('86faabbf-3fbc-4913-9354-6434cead9b9b', 3, 1, 'qqqqq', NULL, 0, '2023-04-03 03:18:09', '2023-04-03 03:18:09', NULL),
('877e85de-00e9-4f41-9044-903d2749969a', 2, 3, 'bsbbjshshsjjsfhfj', NULL, 1, '2023-04-03 21:52:15', '2023-08-26 20:33:58', NULL),
('87e36d7f-3897-4875-95c7-f1b8821c557c', 3, 2, 'زترزتت', NULL, 0, '2023-11-28 22:52:20', '2023-11-28 22:52:20', NULL),
('89091016-8bfc-485c-a0ec-1d1a5ab9d6c0', 3, 2, 'cvdfgdsfg', NULL, 1, '2023-08-26 21:07:38', '2023-08-26 21:07:50', NULL),
('89d49bce-668d-4f52-9121-15b9d52560d8', 3, 1, 'uwuajwjjw', NULL, 0, '2023-04-03 03:04:21', '2023-04-03 03:04:21', NULL),
('8a43ac1c-5ebf-44f5-8b2c-6b25043466ee', 3, 1, 'jwjwjwuwuwjsjwuwuje', NULL, 0, '2023-04-03 03:15:00', '2023-04-03 03:15:00', NULL),
('8b1aac79-c2d0-49a5-900e-6bc7c92774a4', 4, 5, '🙁☹️🥺😞😒😢', NULL, 1, '2023-11-19 20:59:05', '2023-11-19 20:59:06', NULL),
('8b521837-c13c-468e-a323-41f8ac1f9937', 3, 1, 'hsjjsjdjdjjd', NULL, 0, '2023-04-03 21:57:33', '2023-04-03 21:57:33', NULL),
('8c8d3520-c007-4ff6-a4c6-5e87089fd6e9', 3, 2, 'messageController', NULL, 1, '2023-08-27 23:10:36', '2023-08-27 23:10:37', NULL),
('8c9104d8-6f8d-4518-9957-5bd70dd6b88f', 2, 1, 'ndmdmd', NULL, 0, '2023-04-02 18:24:11', '2023-04-02 18:24:11', NULL),
('8d6aff96-ac54-4e52-91bf-3ad010ba7d07', 2, 1, 'nnsjsj', NULL, 0, '2023-04-03 21:49:51', '2023-04-03 21:49:51', NULL),
('8dacac0f-7873-4c53-a7b2-814e74c4e53e', 3, 1, 'jwjwjwjwuwuwiwuw', NULL, 0, '2023-04-03 03:15:02', '2023-04-03 03:15:02', NULL),
('8e459eee-96ce-4748-bc1c-08db33e083cb', 3, 1, 'hbhhhhuj', NULL, 0, '2023-04-03 03:03:47', '2023-04-03 03:03:47', NULL),
('8e5ed170-e4cc-4cc7-a50d-1f9e9b849866', 3, 1, 'jjij', NULL, 0, '2023-04-03 03:03:41', '2023-04-03 03:03:41', NULL),
('8fb8a01a-f9ec-48d6-b66b-afe33175ebda', 7, 3, 'hshshs', NULL, 1, '2023-08-17 00:17:40', '2023-08-27 20:27:05', NULL),
('8fcd644c-f9ba-4b55-a3a0-f693594ce3d2', 2, 3, 'ghbb', NULL, 1, '2023-08-26 21:19:39', '2023-08-26 21:19:48', NULL),
('9010848e-dbea-4315-824a-a715c04a1ee8', 4, 5, '&ccedil;', NULL, 1, '2023-11-27 13:51:05', '2023-11-28 11:12:11', NULL),
('90604b56-ca05-4c79-b13d-0b8b4f8ad69c', 17, 5, '😘', NULL, 1, '2023-11-08 01:26:39', '2023-11-08 09:29:41', NULL),
('908c0530-84a7-4a33-b5df-90c4e7afdeaf', 3, 2, 'the ones that are not the same as the ones I got from the ones 😜😜😜😜😜 the ones that are not the same', NULL, 1, '2023-08-27 23:16:14', '2023-08-27 23:16:15', NULL),
('90cd9068-e9e9-4b31-801d-875a2cbc85ae', 3, 1, 'lllll', NULL, 0, '2023-04-03 03:18:07', '2023-04-03 03:18:07', NULL),
('910321dc-db56-4f1e-a59d-0f8936f3618f', 3, 7, 'gghgf', NULL, 1, '2023-08-17 00:17:07', '2023-10-23 12:10:22', NULL),
('917af933-3325-4b60-81d4-db5d2906a99f', 3, 2, 'qqqqqqq', NULL, 1, '2023-08-27 22:59:23', '2023-08-27 22:59:25', NULL),
('919c913f-4a40-4b75-b652-ef527da28229', 23, 22, 'Hi', NULL, 1, '2023-10-17 23:18:17', '2023-11-12 14:08:05', NULL),
('91f0eb67-18a9-4642-8342-65a102c84f4d', 2, 3, 'the office tomorrow and I will be there in a few minutes to get my car ready for the office tomorrow and I will be there in a few minutes to get my car ready for the office tomorrow and I will be there in a few minutes to get my car ready for the office tomorrow and I will be there in a few minutes to get my car ready for the office', NULL, 1, '2023-10-12 17:30:45', '2023-11-28 22:52:12', NULL),
('92814014-8322-4f7e-b4fa-38fefb70be41', 3, 2, 'xasdcsdcsdc', NULL, 1, '2023-08-27 23:10:08', '2023-08-27 23:10:09', NULL),
('92a0c49b-4912-4461-a366-ad55863b2f10', 3, 2, 'hshhshs', NULL, 1, '2023-04-03 21:56:28', '2023-08-26 20:32:06', NULL),
('92e4a6b2-70a4-4403-8370-9386df00ccbe', 2, 3, 'hdhdhd to get a new phone yet but it will probably', NULL, 1, '2023-08-27 23:07:30', '2023-08-27 23:07:30', NULL),
('92e6dee1-f79b-40cb-9bce-659527e93e75', 3, 2, 'hhhhhhhh', NULL, 1, '2023-08-27 20:59:00', '2023-08-27 20:59:01', NULL),
('930e483f-022e-44c8-8186-6f4e2bb18690', 3, 8, 'gghggg', NULL, 1, '2023-09-04 20:58:36', '2023-09-04 20:58:40', NULL),
('931817fe-6e79-4b0f-9cd0-a79db8cf00b7', 3, 1, 'jhijj', NULL, 0, '2023-04-03 03:03:50', '2023-04-03 03:03:50', NULL);
INSERT INTO `ch_messages` (`id`, `from_id`, `to_id`, `body`, `attachment`, `seen`, `created_at`, `updated_at`, `deleted_from_id`) VALUES
('931decfb-ff3f-4fc7-bb56-4e18dc87d48a', 3, 2, 'vvgghhpppppiiiiiijggh', NULL, 1, '2023-08-27 22:51:52', '2023-08-27 22:51:53', NULL),
('939cde67-cd61-4ce7-a041-00e9e11027c8', 2, 3, 'car ready for the office tomorrow and I will be there in a few minutes to get my car ready for the office tomorrow and I will be there in a few minutes to get my car ready for the office tomorrow and I will be there in a few minutes to get my car ready for the office tomorrow and I will be there in a few minutes to get my car ready for the office tomorrow and I will be there in a few minutes to get my ttttttttt', NULL, 1, '2023-10-12 17:29:56', '2023-11-28 22:52:12', NULL),
('939e87da-cf20-4c6d-82ba-dd1ebb9c3a10', 2, 3, 'hi', NULL, 1, '2023-04-03 22:11:27', '2023-08-26 20:33:58', NULL),
('93b9b464-6dab-47d5-98c1-d9e856ce8aed', 3, 1, 'jsisisis for stripe on wing and l and the link for sale desc for stripe 🦓🦓🦓🦓 you showing d to the money tomorrow morning I 😘 ve for the car 🚗🚗 you the car has been a long time and I can u for stripe 🦓🦓', NULL, 0, '2023-04-03 03:15:42', '2023-04-03 03:15:42', NULL),
('940f83cb-71fb-4a62-9d04-76e766e9dc5b', 8, 3, 'test', NULL, 1, '2023-09-03 22:15:05', '2023-09-04 20:58:15', NULL),
('94174479-f3d9-482a-80f8-02caea7314ca', 3, 1, 'jsjsjsjs', NULL, 0, '2023-04-03 03:14:42', '2023-04-03 03:14:42', NULL),
('957e8b45-2cbf-4a2a-a6fc-8f6e531397ed', 3, 2, 'gggg', NULL, 1, '2023-08-27 20:38:54', '2023-08-27 20:40:05', NULL),
('95d6511d-14f1-4510-8c7f-31eb2a4bcb41', 3, 2, 'tyyu', NULL, 1, '2023-08-27 20:36:00', '2023-08-27 20:36:05', NULL),
('95eda7c1-9dbb-40c2-b524-2c6d05f053d0', 5, 17, 'aw updatanam daita mohammed', NULL, 1, '2023-11-08 09:30:00', '2023-11-08 13:02:52', NULL),
('96096af8-55b4-484d-ac15-1bb548ce63ef', 3, 2, 'ffg', NULL, 1, '2023-04-03 21:31:33', '2023-08-26 20:32:06', NULL),
('966fdb18-9301-48c3-862e-b3eab154acb6', 3, 2, 'hgg', NULL, 1, '2023-04-03 21:52:18', '2023-08-26 20:32:06', NULL),
('9714a825-483b-4625-bbc4-274338d88a09', 2, 3, 'jsjsjs', NULL, 1, '2023-04-03 21:49:21', '2023-08-26 20:33:58', NULL),
('9720fd6f-31cd-4923-9325-e74d6732ab5b', 3, 2, 'gghjjj', NULL, 1, '2023-08-27 20:59:52', '2023-08-27 20:59:59', NULL),
('97232069-5b0b-4fc0-bd43-c0c59267bee9', 2, 3, 'ggh', NULL, 1, '2023-08-27 20:36:38', '2023-08-27 20:36:43', NULL),
('976a7448-85b7-4f3f-ae77-fc5954e57b15', 2, 1, 'slaw', NULL, 0, '2023-04-02 18:23:08', '2023-04-02 18:23:08', NULL),
('97f67f6c-6a8c-4090-a578-c53c7b177acf', 3, 2, 'TextEditingController messageController;  outComingChannel = &quot;private-chatify.${contactData?.id ?? 0}&quot;;    incomingChannel = &quot;private-chatify.$userId&quot;;', NULL, 1, '2023-08-27 23:05:31', '2023-08-27 23:05:31', NULL),
('988352ff-04b1-42cd-84b5-1a71689b3149', 2, 3, 'jekeioeiiiw', NULL, 1, '2023-04-03 21:49:30', '2023-08-26 20:33:58', NULL),
('98ad1e43-b37a-47ce-af8e-0a07a745500a', 3, 2, 'cvgfddf', NULL, 1, '2023-08-27 20:34:17', '2023-08-27 20:34:29', NULL),
('99336e77-dc3b-41e0-b6f8-c900f90daddd', 2, 1, 'hshsjsjs', NULL, 0, '2023-04-03 22:13:00', '2023-04-03 22:13:00', NULL),
('995506c5-64c8-469b-861e-a9d85398bcab', 2, 3, 'hshshsu', NULL, 1, '2023-04-03 21:27:59', '2023-08-26 20:33:58', NULL),
('9981acf8-88fc-4ab8-be4c-a9547b668b2d', 3, 1, 'jsjsjshshsjs', NULL, 0, '2023-04-03 03:02:50', '2023-04-03 03:02:50', NULL),
('99f4678f-f258-4bb8-bbee-ba29bf72e481', 3, 2, 'gyhhh', NULL, 1, '2023-08-27 20:43:17', '2023-08-27 20:43:40', NULL),
('9a2f8519-ac8d-4528-a708-ba000fadb3f7', 3, 2, 'yyyyy the difference between the ones that were the ones I got from a row of us are', NULL, 1, '2023-08-27 23:16:24', '2023-08-27 23:16:26', NULL),
('9a3b7967-41ed-4b54-84c1-84fcb8776f99', 2, 3, 'hshshhs', NULL, 1, '2023-04-03 22:11:58', '2023-08-26 20:33:58', NULL),
('9bcc424c-4b6a-4b6f-81f5-603773833ebf', 3, 2, 'yyyyyyyy', NULL, 1, '2023-08-27 22:58:08', '2023-08-27 22:58:09', NULL),
('9bf036d6-317c-4988-b34c-734fe071c26b', 3, 1, 'jjiii', NULL, 0, '2023-04-03 03:03:30', '2023-04-03 03:03:30', NULL),
('9c2b7430-9b13-4331-b9e0-36898b0ca43a', 3, 2, 'ggffghh', NULL, 1, '2023-08-27 22:53:45', '2023-08-27 22:53:46', NULL),
('9ca886fe-2ac5-4209-9e99-1298af4c95f7', 3, 2, 'hiiii', NULL, 1, '2023-04-03 21:45:00', '2023-08-26 20:32:06', NULL),
('9d0cf269-f0a0-4311-b823-bd01e99a93a2', 2, 3, 'hi', NULL, 1, '2023-04-03 21:22:52', '2023-08-26 20:33:58', NULL),
('9d2bde67-dafa-4273-a01f-913df1f1743d', 3, 1, 'ji', NULL, 0, '2023-04-03 02:56:16', '2023-04-03 02:56:16', NULL),
('9d4a0930-f588-4d72-8a5a-8fa8f0f1bd17', 3, 7, 'ghggg', NULL, 1, '2023-08-17 00:18:35', '2023-10-23 12:10:22', NULL),
('9d5c1de8-b921-49a2-984a-c6387ba8f872', 2, 3, 'vghvv', NULL, 1, '2023-08-27 22:51:12', '2023-08-27 22:51:57', NULL),
('9d62160c-f5b4-4c61-816b-a0df5249f155', 8, 3, 'hi', NULL, 1, '2023-09-04 21:10:48', '2023-09-04 21:10:49', NULL),
('9d6be86d-7bac-4d67-9b2d-07417cd45c91', 3, 2, 'the ones that are not the same as the other ones are the best of the ones that are not the same as', NULL, 1, '2023-08-27 23:07:36', '2023-08-27 23:07:37', NULL),
('9dd9b9f4-a835-413f-95f3-c1d31a663554', 3, 2, 'xxgxgxgxyd', NULL, 1, '2023-04-03 21:50:11', '2023-08-26 20:32:06', NULL),
('9ddcba4a-a47a-4c96-b990-75f996e61ab1', 3, 1, 'kiiii', NULL, 0, '2023-04-03 03:16:08', '2023-04-03 03:16:08', NULL),
('9e1eaf86-2e09-4d89-b797-abb6c507459c', 4, 5, '😂', NULL, 1, '2023-11-19 20:58:49', '2023-11-19 20:58:49', NULL),
('9e3e8e09-2812-4c98-b5b3-ff430b6672af', 7, 3, 'hi', NULL, 1, '2023-08-19 19:28:36', '2023-08-27 20:27:05', NULL),
('9faaaa1d-89e1-4d37-a821-5911b8104520', 2, 3, 'hi', NULL, 1, '2023-08-26 20:32:15', '2023-08-26 20:33:58', NULL),
('9fadbbb6-c864-4710-bf91-e81d31442e0e', 5, 17, 'esh fsha', NULL, 1, '2023-11-19 19:49:13', '2023-11-19 19:57:44', NULL),
('9fbfc689-140c-479e-8c89-deff0154610f', 3, 2, 'the ones that are not the same thing as the other ones ☺️☺️☺️🤣🤣 and the difference between the ones that have a few weeks and then I am a lot of people who don&#039;t want it is that you would like to do that I guess', NULL, 1, '2023-08-27 23:22:02', '2023-08-27 23:22:03', NULL),
('a0d5cc1c-d916-4653-b915-e82408059ac9', 3, 2, 'the difference between the ones that are the best and the difference between the ones ☺️☺️☺️☺️ and the difference between', NULL, 1, '2023-08-27 23:06:17', '2023-08-27 23:06:18', NULL),
('a134ba8a-03dc-48eb-b0ed-e10c166218a8', 3, 2, 'hhhhfg', NULL, 1, '2023-08-27 20:56:16', '2023-08-27 20:58:40', NULL),
('a13d951a-69c7-444c-af0b-671701ce0c5f', 2, 3, 'fhfuufuduf', NULL, 1, '2023-04-03 21:29:25', '2023-08-26 20:33:58', NULL),
('a14debd3-a62d-45b0-a380-48d20676158d', 2, 1, 'jsjsjs', NULL, 0, '2023-04-02 18:23:39', '2023-04-02 18:23:39', NULL),
('a171ce31-e0cc-4a23-ad57-989ebdeff7ee', 3, 2, 'ffhh', NULL, 1, '2023-04-03 21:52:24', '2023-08-26 20:32:06', NULL),
('a1a4dc43-c069-42c0-a169-654aefc29449', 3, 2, 'hello', NULL, 1, '2023-04-03 21:44:57', '2023-08-26 20:32:06', NULL),
('a2d76ce7-afc7-4d14-9711-2c0a575fcf64', 3, 2, 'zZxczxczxcxzc', NULL, 1, '2023-08-27 23:10:01', '2023-08-27 23:10:02', NULL),
('a3205db2-c5d2-495a-b420-45cf3022d1ad', 3, 2, 'ggghhhjj', NULL, 1, '2023-08-27 23:19:33', '2023-08-27 23:19:34', NULL),
('a3855b69-406c-4d44-aca5-59361038558d', 3, 1, 'jejeiiiskw', NULL, 0, '2023-04-03 03:16:04', '2023-04-03 03:16:04', NULL),
('a386a962-0526-4d39-839d-27a52878bc9a', 3, 1, 'hsjsjsjsj', NULL, 0, '2023-04-03 22:03:58', '2023-04-03 22:03:58', NULL),
('a39fdc27-7c06-408d-b4bd-6e5bfd7cd094', 3, 2, 'Dr and the difference between the ones that are not', NULL, 1, '2023-08-27 23:06:02', '2023-08-27 23:06:03', NULL),
('a3ae3397-645e-4926-8451-acda43bb08d0', 3, 1, 'hsjjs', NULL, 0, '2023-04-03 21:57:31', '2023-04-03 21:57:31', NULL),
('a3d19c93-78d8-4efa-bd22-0203171785d6', 3, 1, 'jwjwjjejwjjwjs', NULL, 0, '2023-04-03 03:16:01', '2023-04-03 03:16:01', NULL),
('a541aa17-ccd1-4287-88dc-ef6e4723f0dc', 3, 2, 'jjhhhuuiuu', NULL, 1, '2023-08-27 21:05:55', '2023-08-27 21:05:56', NULL),
('a54cf5a9-1141-440a-b3f1-b2378b135ee6', 2, 3, 'cvgg', NULL, 1, '2023-04-03 21:52:45', '2023-08-26 20:33:58', NULL),
('a5948bb4-adf8-4d3c-a4bd-3b377c078150', 3, 1, 'iiiii', NULL, 0, '2023-04-03 03:18:03', '2023-04-03 03:18:03', NULL),
('a5ca08a6-5630-4d75-9157-17789f3d9965', 3, 1, 'owiiskw', NULL, 0, '2023-04-03 02:56:06', '2023-04-03 02:56:06', NULL),
('a5e52950-7d50-4bfc-9d63-b1b927d5527f', 3, 2, 'jjjh', NULL, 1, '2023-04-03 21:29:47', '2023-08-26 20:32:06', NULL),
('a62027c7-4339-4233-b6bc-dc5da7fb422a', 5, 17, 'pemgotea chak bkat kaka', NULL, 1, '2023-11-24 20:32:12', '2023-11-24 20:32:13', NULL),
('a6228882-b288-4d1a-a0a1-de271d9970ee', 3, 8, 'fff', NULL, 1, '2023-09-04 21:09:59', '2023-09-04 21:10:33', NULL),
('a63a99f6-54f2-45a5-ae8a-6ce2b13d4456', 2, 3, 'hhhj', NULL, 1, '2023-08-27 22:29:33', '2023-08-27 22:46:38', NULL),
('a6b11ad3-6241-413c-a3e3-7698c79542e5', 3, 2, 'Kikuyu I am not sure what the difference is to do with my mom in the difference in a row and I don&#039;t have any other side effects from my phone number but I think 💬 is the only way that they can do with a few of us will be there in a few weeks and they have any of the difference is that the difference is that you would have to be in the difference between that and the difference is the difference between the one 🕐🕐 and the difference in it was just a few times and the other ones are not the ones they would have any of them and they have any other people that are not the ones that are not the ones that are not the ones that are not 🚭🚫🚭🚭🚭🚭🚭🚭🚭', NULL, 1, '2023-08-27 23:03:45', '2023-08-27 23:03:46', NULL),
('a78d7762-72e4-4a95-9e12-3831b83784fa', 2, 3, 'ghhggvgcf', NULL, 1, '2023-04-03 21:52:32', '2023-08-26 20:33:58', NULL),
('a79f5f8f-e85d-4c87-a2f2-e02ba6f70b5a', 3, 2, 'yyyyy the same way as the other one of us will be in the ones I don&#039;t think', NULL, 1, '2023-08-27 23:17:03', '2023-08-27 23:17:04', NULL),
('a8256949-869d-4029-b803-5d6479889f4f', 2, 3, 'ggg', NULL, 1, '2023-08-27 20:28:02', '2023-08-27 20:29:51', NULL),
('a8d19fae-5ad6-4313-b6b6-b2adc0b9f348', 3, 2, 'you would have to do it was Ii ☺️🤣😭😭 and I have to be in', NULL, 1, '2023-08-27 23:19:09', '2023-08-27 23:19:10', NULL),
('a95bfd1a-9f63-4815-9329-3bd27e52ded1', 2, 3, 'hellojsjajs', NULL, 1, '2023-04-03 21:27:33', '2023-08-26 20:33:58', NULL),
('aa65c90f-a5ae-4827-839e-066540fa0447', 2, 3, 'ggggh', NULL, 1, '2023-08-27 22:27:44', '2023-08-27 22:46:38', NULL),
('aaa6aa78-aa63-4c2f-a289-bd0c96643cbd', 2, 3, 'cvh', NULL, 1, '2023-04-03 21:31:21', '2023-08-26 20:33:58', NULL),
('abd8814c-930b-443b-bf5d-7c5dc0182b0b', 3, 2, 'you would have to be in the difference between the ones that', NULL, 1, '2023-08-27 23:10:52', '2023-08-27 23:10:53', NULL),
('ac67e473-c9a7-471e-b8d7-4751dee53e38', 3, 2, 'ppppppp', NULL, 1, '2023-08-27 22:58:26', '2023-08-27 22:58:27', NULL),
('acbd4f21-902d-433f-a6ee-49d612a22ecb', 3, 2, 'you would have to be in the difference between the ones', NULL, 1, '2023-08-27 23:11:00', '2023-08-27 23:11:01', NULL),
('acd68267-9864-42e1-85f3-51e05b20e75c', 3, 2, 'ccgfsdfsdfasdf', NULL, 1, '2023-08-27 20:42:50', '2023-08-27 20:43:13', NULL),
('ad128219-36df-45d3-bc2f-ae7fc8c1b6b6', 2, 3, 'hdhdhd the park in front seat the park in front seat the time I', NULL, 1, '2023-08-27 23:07:16', '2023-08-27 23:07:17', NULL),
('ad65a097-a0f2-4c63-b2bf-5feb930cd2e4', 2, 7, 'Hi', NULL, 0, '2023-12-08 21:42:29', '2023-12-08 21:42:29', NULL),
('ad685f2f-30d3-49cf-98ec-49e50ff1ff53', 3, 2, 'lol I don&#039;t know what to do with it was just a row in it was just in it 😃😄😆😅😃😂😂😂😂', NULL, 1, '2023-08-27 23:12:08', '2023-08-27 23:12:09', NULL),
('ad775c37-6f39-4671-b049-c351b8fb49aa', 3, 2, 'dfffgvb', NULL, 1, '2023-08-27 20:35:29', '2023-08-27 20:35:38', NULL),
('ae2caef2-9ed8-4806-8b76-e418e2f69d02', 3, 1, 'swswsws[{&quot;key&quot;:&quot;Offer type&quot;,&quot;attribute_id&quot;:4,&quot;type&quot;:&quot;single_select&quot;,&quot;category_id&quot;:&quot;17&quot;,&quot;values&quot;:16},{&quot;key&quot;:&quot;another multi&quot;,&quot;attribute_id&quot;:10,&quot;type&quot;:&quot;multi_select&quot;,&quot;category_id&quot;:&quot;17&quot;,&quot;values&quot;:[22,20,21]},{&quot;key&quot;:&quot;Brand&quot;,&quot;attribute_id&quot;:6,&quot;type&quot;:&quot;single_select&quot;,&quot;cat', NULL, 0, '2023-08-29 21:32:45', '2023-08-29 21:32:45', NULL),
('ae83e463-419c-44a0-9a15-7342ab8cb4be', 3, 1, 'hello', NULL, 0, '2023-04-03 21:20:31', '2023-04-03 21:20:31', NULL),
('ae8480b9-c599-46ff-8041-9a4ef33ca854', 3, 2, 'I&#039;m sorry 😞😔😔😔😔😔😔😔😔😔😔😔😔😔😔 the difference between the', NULL, 1, '2023-08-27 23:11:09', '2023-08-27 23:11:10', NULL),
('aeaeda15-110a-46d4-b528-1da5bdb88afb', 3, 8, 'ccgh', NULL, 1, '2023-09-04 21:10:34', '2023-09-04 21:10:35', NULL),
('aeee160c-098a-4543-9b99-28db67fb4b3a', 3, 2, 'fvsadgasdfgasdfg', NULL, 1, '2023-08-27 23:08:49', '2023-08-27 23:08:49', NULL),
('aef4108e-f5fc-45bd-9574-ae022ba4f0a0', 3, 1, 'helo', NULL, 0, '2023-04-03 03:04:12', '2023-04-03 03:04:12', NULL),
('af2842ba-0dd2-4f7d-bb7b-97c45477dc70', 2, 3, 'hellojsjajsisisis', NULL, 1, '2023-04-03 21:27:35', '2023-08-26 20:33:58', NULL),
('af440755-3c9b-4f50-ac21-ac3c10974e70', 2, 3, 'ffnbhy', NULL, 1, '2023-08-27 20:36:46', '2023-08-27 20:36:50', NULL),
('af4d539b-d116-4ca4-9e0e-a3d066e0e2cb', 3, 2, 'ggggga that are not the same as the other day 🙂😗😉😗😀 the ones that are in my heart', NULL, 1, '2023-08-27 23:19:54', '2023-08-27 23:20:20', NULL),
('af74ea05-56f0-4e96-92b4-379979590c4b', 3, 2, 'ttttttttttttttttttttt', NULL, 1, '2023-08-27 22:57:52', '2023-08-27 22:57:53', NULL),
('afbaa339-e5a8-4804-9342-7902fad634c6', 3, 2, 'gggggf', NULL, 1, '2023-08-27 20:56:23', '2023-08-27 20:58:40', NULL),
('b02dfa26-1569-4639-8be8-84e47fd907c5', 3, 2, 'ggffgh', NULL, 1, '2023-08-27 21:05:37', '2023-08-27 21:05:37', NULL),
('b0425c9b-f9ee-4589-ac6c-c5455af13c6b', 3, 1, 'hdhdjjd', NULL, 0, '2023-04-03 21:57:23', '2023-04-03 21:57:23', NULL),
('b0a5e45a-328d-4206-9a2c-afe0645991e5', 2, 3, 'bsbbjs', NULL, 1, '2023-04-03 21:51:39', '2023-08-26 20:33:58', NULL),
('b1f15bad-08d6-4b3b-ac71-4006188d3f53', 3, 1, 'bshsjjs', NULL, 0, '2023-04-03 22:03:53', '2023-04-03 22:03:53', NULL),
('b2328419-c07b-4aa0-a21d-6c16c70a406e', 2, 3, 'rfgggg', NULL, 1, '2023-08-27 22:15:44', '2023-08-27 22:15:45', NULL),
('b284fbff-0fd1-495b-afba-0431643f5680', 2, 3, 'yhhu', NULL, 1, '2023-08-26 21:23:49', '2023-08-26 21:23:59', NULL),
('b2a9ed4c-78fa-43f7-9c0b-5f894ee3a059', 3, 1, 'jwjwjwjwjwj', NULL, 0, '2023-04-03 03:14:45', '2023-04-03 03:14:45', NULL),
('b348ac59-dfeb-46ba-b435-34f6001c7a50', 2, 3, 'dhdsussh', NULL, 1, '2023-08-27 23:01:27', '2023-08-27 23:01:28', NULL),
('b3923a37-10b3-4bd2-81bc-987d8f5d0bdd', 2, 3, 'iiii', NULL, 1, '2023-08-26 21:22:49', '2023-08-26 21:23:35', NULL),
('b3f22b04-08bb-4337-aa0d-4dec3516b856', 3, 2, 'hsjsje', NULL, 1, '2023-04-03 21:56:35', '2023-08-26 20:32:06', NULL),
('b412a5e5-919d-47fa-ae36-4e222c564d62', 3, 1, 'qqq', NULL, 0, '2023-04-03 03:18:17', '2023-04-03 03:18:17', NULL),
('b419b80f-76a2-49a4-b8e2-f8fb58ff7711', 3, 2, 'ggghj', NULL, 1, '2023-08-26 21:38:41', '2023-08-27 20:27:32', NULL),
('b44dcd5f-9408-4711-a586-020bca2a2042', 5, 17, 'tamashat krdea ku darchwa?', NULL, 1, '2023-11-08 16:18:15', '2023-11-08 16:18:25', NULL),
('b66d6ec4-0cc6-4dd5-891c-d69418edba12', 3, 2, 'fffghhyygf', NULL, 1, '2023-08-27 23:20:26', '2023-08-27 23:21:08', NULL),
('b6b55e92-c39d-4aab-b224-7739a766c0aa', 2, 3, 'bsbbjs', NULL, 1, '2023-04-03 21:51:37', '2023-08-26 20:33:58', NULL),
('b6f36345-d42e-4fe3-b05e-5e0540aa68dd', 5, 4, '😀😀😀', NULL, 1, '2023-11-19 20:58:48', '2023-11-19 20:58:49', NULL),
('b7027b97-3228-45f8-ba9f-9ce20cb3d3cb', 3, 1, 'iiiii', NULL, 0, '2023-04-03 03:18:04', '2023-04-03 03:18:04', NULL),
('b7897a82-1dbb-4600-bc50-ccc1f10523a0', 2, 3, 'dhejrieidi', NULL, 1, '2023-08-27 23:01:17', '2023-08-27 23:01:17', NULL),
('b8017a37-1d84-4bd8-a816-9572840a8338', 3, 2, 'cfgg', NULL, 1, '2023-04-03 21:30:25', '2023-08-26 20:32:06', NULL),
('b8085418-dc43-48c7-b6e7-ca2d99227a1c', 3, 1, 'jsjjsis', NULL, 0, '2023-04-03 21:20:36', '2023-04-03 21:20:36', NULL),
('b8c4770b-8f2b-462b-a1d4-8cee13388b59', 2, 3, 'jjk', NULL, 1, '2023-08-27 22:30:11', '2023-08-27 22:46:38', NULL),
('b9c809c7-de19-4c81-afbc-0cbc40f9dd4e', 3, 8, 'tttyy', NULL, 1, '2023-09-04 21:09:02', '2023-09-04 21:09:03', NULL),
('b9e2d7c0-ec80-44ab-9d7b-eee866dece0d', 3, 2, 'hsjsjeusuue', NULL, 1, '2023-04-03 21:56:39', '2023-08-26 20:32:06', NULL),
('ba455f08-b77b-4e38-891a-0cf0fbfa6310', 5, 7, 'barezi bram', NULL, 1, '2023-10-23 14:16:31', '2023-10-24 00:03:41', NULL),
('baeff10c-b71c-4178-9873-f592cde66e12', 3, 2, 'yyyyy', NULL, 1, '2023-08-27 22:58:55', '2023-08-27 22:58:57', NULL),
('bb5088ed-fbd8-4fe8-80e4-ae2703929dbd', 3, 2, 'jsjsusjje', NULL, 1, '2023-04-03 21:45:06', '2023-08-26 20:32:06', NULL),
('bb823ee1-5f21-43e4-9656-0f6aa89f6fec', 2, 3, 'hama 222', NULL, 1, '2023-04-03 22:13:30', '2023-08-26 20:33:58', NULL),
('bbb9f0b5-4cd4-4372-be27-438eff6fc39f', 3, 2, 'ooooo', NULL, 1, '2023-08-27 20:40:14', '2023-08-27 20:40:38', NULL),
('bd30f01e-b64f-4a60-b3a4-cef096232ce6', 3, 1, 'hehhshd', NULL, 0, '2023-04-03 21:57:21', '2023-04-03 21:57:21', NULL),
('bd3f42fc-adc1-47a0-9ce7-a243c370953b', 3, 2, 'huhhhh', NULL, 1, '2023-08-27 21:00:14', '2023-08-27 21:01:38', NULL),
('bd924d13-d537-48a5-9a94-9fda73441e4b', 2, 3, 'bchchchc', NULL, 1, '2023-04-03 21:29:10', '2023-08-26 20:33:58', NULL),
('bdfde842-ae9e-4587-96e0-20960be0e90f', 3, 2, 'jjhhh', NULL, 1, '2023-08-27 21:00:03', '2023-08-27 21:00:06', NULL),
('be6ffcb1-27b5-46cb-b256-2cc69f3d5f4e', 3, 2, '4565765754675467', NULL, 1, '2023-08-27 23:09:03', '2023-08-27 23:09:04', NULL),
('beebc25e-4105-4a1e-9663-c8681c750e01', 3, 1, 'hjj', NULL, 0, '2023-04-03 03:03:25', '2023-04-03 03:03:25', NULL),
('befbe037-66ee-4fbe-b132-3761f2d3954e', 3, 1, 'jwjwjeuehshhshs', NULL, 0, '2023-04-03 03:05:13', '2023-04-03 03:05:13', NULL),
('bfddb6e4-ffa9-450f-8614-d9157a4c6add', 2, 3, 'ghgh', NULL, 1, '2023-08-26 21:07:49', '2023-08-26 21:08:04', NULL),
('c019851f-888c-449e-8a4a-bfc37d8837a5', 2, 1, 'jwjeje', NULL, 0, '2023-04-02 18:24:01', '2023-04-02 18:24:01', NULL),
('c08cc647-42f1-4df6-ba47-73a178062254', 2, 3, 'hbbvh', NULL, 1, '2023-04-03 21:24:28', '2023-08-26 20:33:58', NULL),
('c1476656-8413-49cb-8b2d-b24d357e85b9', 3, 1, 'jwjwjwiwiw', NULL, 0, '2023-04-03 03:14:33', '2023-04-03 03:14:33', NULL),
('c1946165-138d-441d-8c8d-f92924f4b539', 3, 2, 'you would have to be in the office ☺️☺️', NULL, 1, '2023-08-27 23:21:24', '2023-08-27 23:21:25', NULL),
('c238e907-79c7-4c8f-bcdd-5ccf760c2498', 3, 2, 'jsjsusjje', NULL, 1, '2023-04-03 21:45:04', '2023-08-26 20:32:06', NULL),
('c2b04646-1cf0-446c-909c-4d243373fc33', 2, 3, 'huu', NULL, 1, '2023-10-12 16:44:33', '2023-11-28 22:52:12', NULL),
('c2b807e1-613d-4087-ae43-86b213da7e02', 3, 1, 'jsjsjshshsjs', NULL, 0, '2023-04-03 03:03:18', '2023-04-03 03:03:18', NULL),
('c2c7e75f-8d32-4427-bae2-81b19129c75c', 3, 1, 'jajajwhjw', NULL, 0, '2023-04-03 03:04:17', '2023-04-03 03:04:17', NULL),
('c2cb7e78-de55-4395-9174-322a599f3e06', 3, 1, 'iwiwiwiw', NULL, 0, '2023-04-03 03:14:29', '2023-04-03 03:14:29', NULL),
('c3303276-68da-4246-985d-06ed01cd7391', 3, 2, 'heje', NULL, 1, '2023-04-03 21:44:38', '2023-08-26 20:32:06', NULL),
('c3b3a5f0-374b-4399-a87b-aceb9b0f9936', 2, 3, 'dbhdhfhf', NULL, 1, '2023-08-27 23:07:47', '2023-08-27 23:07:48', NULL),
('c417f466-8514-4966-bcd1-2a917507c8dc', 3, 1, 'hdjdu', NULL, 0, '2023-04-03 21:57:24', '2023-04-03 21:57:24', NULL),
('c48d0e9a-6403-4d51-9e64-0dc94af36f9c', 3, 2, 'ttttt', NULL, 1, '2023-08-27 20:27:46', '2023-08-27 20:27:58', NULL),
('c5513af6-80d2-4948-a34e-2e2f99633a0c', 3, 2, 'hhhhhhh', NULL, 1, '2023-08-27 23:01:54', '2023-08-27 23:01:55', NULL),
('c5ac4de8-d7df-49bf-857a-9e859fdc5871', 2, 3, 'wwww', NULL, 1, '2023-08-26 21:19:43', '2023-08-26 21:19:48', NULL),
('c5e7b24d-7e94-4251-b9d6-32658ab9087c', 2, 3, 'jshshshs', NULL, 1, '2023-04-03 21:27:58', '2023-08-26 20:33:58', NULL),
('c5fd3202-dafd-4561-a5ed-2efddf28afca', 2, 3, 'hama', NULL, 1, '2023-04-03 22:13:23', '2023-08-26 20:33:58', NULL),
('c7a4d360-9ab4-4edf-a934-48255f844355', 3, 2, 'yhgggggg', NULL, 1, '2023-08-27 20:50:55', '2023-08-27 20:54:27', NULL),
('c89d017b-a6f5-4760-99d2-4093345f1832', 3, 1, 'lllll', NULL, 0, '2023-04-03 03:16:11', '2023-04-03 03:16:11', NULL),
('c91ba9f5-9a7c-42ea-a744-21fc0ea365b6', 7, 5, 'slaw kak dashty', NULL, 1, '2023-10-23 12:10:11', '2023-10-23 14:16:18', NULL),
('c922ffdb-a354-4d7b-a38e-931071d7737f', 7, 3, 'how are you', NULL, 1, '2023-08-15 13:37:20', '2023-08-27 20:27:05', NULL),
('c92a2641-c4cf-4f87-84b8-328e0e0c8f57', 2, 3, 'hello', NULL, 1, '2023-04-03 21:49:16', '2023-08-26 20:33:58', NULL),
('c93af089-b2fe-4432-8364-3c15d36ddccc', 3, 2, 'hsjsje', NULL, 1, '2023-04-03 21:56:37', '2023-08-26 20:32:06', NULL),
('c9c2c703-1f5b-40d0-9c26-b032ec0efb41', 2, 3, 'jfufufud', NULL, 1, '2023-04-03 21:29:14', '2023-08-26 20:33:58', NULL),
('ca316a1b-a15c-41bc-b8b8-cb8918d30fe4', 7, 3, 'hello', NULL, 1, '2023-08-17 00:15:24', '2023-08-27 20:27:05', NULL),
('cb1295f7-6f64-4f3c-9f5c-8480d4fc81cd', 3, 2, 'vvgghhppppp', NULL, 1, '2023-08-27 22:51:21', '2023-08-27 22:51:22', NULL),
('cb444575-1de8-4ab7-80b2-80acde5a9f07', 3, 2, 'messageController  outComingChannel = &quot;private-chatify.${contactData?.id ?? 0}&quot;;    incomingChannel = &quot;private-chatify.$userId&quot;;', NULL, 1, '2023-08-27 23:02:11', '2023-08-27 23:02:12', NULL),
('cb5d8f6f-1cd8-46b2-8980-69f9e84e0f1c', 3, 2, '😁😁😁😚😙😙😙😙😙😄😄😃💬💬👍👍 ttttttttttttttttttttt and I don&#039;t know what to do it is that you would have to have a row and they have any other ones that have to be in', NULL, 1, '2023-08-27 23:05:16', '2023-08-27 23:05:17', NULL),
('cb6a757f-be8e-4b60-8ccf-1d34c043bdcd', 7, 3, 'what the fuck', NULL, 1, '2023-08-15 13:38:52', '2023-08-27 20:27:05', NULL),
('cbc86b74-af51-41ee-9f61-e1cb2f7b96a8', 2, 3, 'cifufi', NULL, 1, '2023-04-03 21:29:16', '2023-08-26 20:33:58', NULL),
('cbcbca1e-90df-4803-9d09-4a204466b158', 3, 2, 'uuhjjjiiotgyyyyrrttyyyyyyy the ones that have been on the ones that are the same as', NULL, 1, '2023-08-27 23:16:30', '2023-08-27 23:16:31', NULL),
('cc24ed7c-6b59-440c-9976-ccec2220e596', 3, 1, 'jjjj', NULL, 0, '2023-04-03 03:03:28', '2023-04-03 03:03:28', NULL),
('ccd1639a-0799-4044-ac28-0b60b8b2f888', 3, 1, 'kejjek', NULL, 0, '2023-04-03 03:16:06', '2023-04-03 03:16:06', NULL),
('cd639e99-5476-40d3-8260-4072f89e0b7d', 3, 1, 'jsjsjejs', NULL, 0, '2023-04-03 03:04:50', '2023-04-03 03:04:50', NULL),
('cdc70b6d-a018-419e-b3ef-25d87a6bf033', 3, 2, 'hsheueue', NULL, 1, '2023-04-03 22:00:06', '2023-08-26 20:32:06', NULL),
('ce0c318f-c2f5-420b-9654-bf70a65d47b1', 2, 3, 'hdhjs', NULL, 1, '2023-04-03 21:56:01', '2023-08-26 20:33:58', NULL),
('ceed1040-202b-4f19-84c0-fb7207187c2f', 2, 3, 'bbsnsj', NULL, 1, '2023-04-03 21:49:19', '2023-08-26 20:33:58', NULL),
('cefc9a63-9273-42a1-b7bf-47e3c71ffdff', 2, 3, 'hhhhhh', NULL, 1, '2023-04-03 22:11:37', '2023-08-26 20:33:58', NULL),
('cf85adc8-2e38-4473-ae98-c92deae75760', 2, 3, 'bbbh', NULL, 1, '2023-04-03 21:31:37', '2023-08-26 20:33:58', NULL),
('cfda03db-91d9-4123-8601-d46f30c034d7', 22, 23, 'hi', NULL, 0, '2023-11-13 12:01:26', '2023-11-13 12:01:26', NULL),
('d059f294-b777-4102-b42c-5a6f94dd2004', 2, 3, 'gggbbhjhfff', NULL, 1, '2023-08-27 20:28:10', '2023-08-27 20:29:51', NULL),
('d0698ffc-a16f-4925-92cb-d178373b9ad8', 8, 3, 'hi', NULL, 1, '2023-09-04 21:15:30', '2023-09-04 21:15:31', NULL),
('d0bcc81f-efc6-41f7-b348-be0623838c69', 3, 2, 'ccccccccccccccccccccc', NULL, 1, '2023-08-27 23:08:45', '2023-08-27 23:08:46', NULL),
('d0fd3cee-b096-42b6-b00c-6ee9cb12fe41', 3, 2, 'jsjs', NULL, 1, '2023-04-03 21:44:33', '2023-08-26 20:32:06', NULL),
('d128ea51-759a-4742-bc01-b18974c4adbd', 3, 2, 'you would have to be in the difference between the ones that are not the same as the other ones are the best of the ones that are not the same as the other ones are the best of the ones that were the ones that are the same thing they are doing and they have any other side things the same way they', NULL, 1, '2023-08-27 23:11:40', '2023-08-27 23:11:41', NULL),
('d15df77b-39c9-4957-917e-cbe26e0e3d11', 3, 2, 'aaaaaaaaaaaaaaaaaaaaaa', NULL, 1, '2023-08-27 23:08:29', '2023-08-27 23:08:30', NULL),
('d1b45bdb-2f1b-489c-87f6-08e798c16d1d', 3, 2, 'uuhttty', NULL, 1, '2023-08-27 23:00:16', '2023-08-27 23:00:18', NULL),
('d204460e-ec49-4538-ae0e-7fbf6f63c561', 5, 4, 'شسبللبل', NULL, 1, '2023-11-19 20:56:55', '2023-11-19 20:56:56', NULL),
('d2302265-9e4f-4f88-ae8c-a242b618418c', 3, 2, 'dfwefwefewf', NULL, 1, '2023-08-27 20:42:40', '2023-08-27 20:42:45', NULL),
('d2b77dcb-09f5-4f53-9060-ac7e8674cbe1', 2, 3, 'dufud', NULL, 1, '2023-04-03 21:29:06', '2023-08-26 20:33:58', NULL),
('d3231dae-17ad-4d5a-90a5-b306eb493356', 3, 2, 'utttt', NULL, 1, '2023-08-27 20:36:42', '2023-08-27 20:36:47', NULL),
('d397a496-e18b-4835-a3de-1743ece6209e', 3, 1, 'hi', NULL, 0, '2023-04-03 02:56:00', '2023-04-03 02:56:00', NULL),
('d3c1d406-4f86-41b1-8ce0-8d8c23705377', 3, 1, 'hshs', NULL, 0, '2023-04-03 03:14:25', '2023-04-03 03:14:25', NULL),
('d3cf7c10-8926-45d2-85f8-751701f448ce', 3, 2, 'sdfasdfsdf', NULL, 1, '2023-08-27 20:44:26', '2023-08-27 20:50:17', NULL),
('d50feac5-6876-410e-8856-7a7abf33dc77', 3, 2, 'the ones that are not the same as the other day 🙂🤣😭🤣😭🤣😭 the ones that are not 🚭🚭🚭🚫', NULL, 1, '2023-08-27 23:13:14', '2023-08-27 23:13:15', NULL),
('d5546d21-8a0f-48fb-aab6-48dec724163b', 2, 3, 'bbjsjd', NULL, 1, '2023-04-03 21:55:55', '2023-08-26 20:33:58', NULL),
('d65f961e-502e-4d71-9fec-89d21db6b5d7', 3, 1, 'jdjdjdje', NULL, 0, '2023-04-03 22:04:45', '2023-04-03 22:04:45', NULL),
('d69e331f-bc28-470b-b13f-e8989c5d7ba4', 17, 5, 'سشگگجج', NULL, 1, '2023-11-19 20:56:58', '2023-11-19 20:56:59', NULL),
('d719ebc0-1ad1-4502-b50c-b38f769689aa', 2, 3, 'dhhdhc', NULL, 1, '2023-08-26 20:33:50', '2023-08-26 20:33:58', NULL),
('d82ca95b-e8d2-4066-9bca-4e0aaae2d6e8', 3, 2, 'ggggvvbbjhh', NULL, 1, '2023-08-27 23:17:10', '2023-08-27 23:17:11', NULL),
('d8456ae7-f224-4e02-a1d1-b4faafa26979', 3, 2, 'yes 🤚 the ones that are not the same as the other ones are the best', NULL, 1, '2023-08-27 23:16:19', '2023-08-27 23:16:20', NULL),
('d85137b9-6610-4e0a-bd6a-378e72f29ed7', 3, 2, 'jjajajsj', NULL, 1, '2023-04-03 21:45:03', '2023-08-26 20:32:06', NULL),
('d8a11904-dce1-4482-a3ae-f2e851f49d44', 3, 2, 'yyyjkiuyyy the ones that are in it and they will', NULL, 1, '2023-08-27 23:12:50', '2023-08-27 23:12:51', NULL),
('d933eb42-b0b1-40d5-bf58-ec6ce1df64ef', 3, 2, 'Tru for me to do with my phone and the difference between the same way as you get it and the difference between a lot and', NULL, 1, '2023-08-27 23:13:22', '2023-08-27 23:13:23', NULL),
('d9617943-c04f-41f8-9ee6-ddf7df8baeae', 3, 1, 'jui', NULL, 0, '2023-04-03 03:03:39', '2023-04-03 03:03:39', NULL),
('d978d578-c4ba-495f-a753-cdca78fd2cb5', 3, 7, 'gygf', NULL, 1, '2023-08-17 00:15:49', '2023-10-23 12:10:22', NULL),
('d9b829ed-15cc-4c44-ada4-658ad60bf473', 3, 1, 'jsjsjs', NULL, 0, '2023-04-03 03:02:40', '2023-04-03 03:02:40', NULL),
('d9c07aa8-7629-4ffb-b77f-7539b2ec8830', 2, 3, 'hello', NULL, 1, '2023-04-03 21:27:30', '2023-08-26 20:33:58', NULL),
('da7ae31e-ce12-4163-8e58-0ae128bd680b', 3, 1, 'jajjs', NULL, 0, '2023-04-03 02:56:02', '2023-04-03 02:56:02', NULL),
('da81d8c3-88e5-4e2e-8bdb-43822f580d53', 8, 3, 'test', NULL, 1, '2023-09-04 21:09:44', '2023-09-04 21:09:45', NULL),
('dadd14b1-fc75-4088-877a-342ad7a7e3f9', 7, 3, 'bzbshhd', NULL, 1, '2023-08-17 00:17:13', '2023-08-27 20:27:05', NULL),
('db3443ee-260f-4357-a166-52c8a455effd', 2, 3, 'juh', NULL, 1, '2023-08-27 22:29:10', '2023-08-27 22:46:38', NULL),
('db81e4a9-daf3-4fad-b40a-9812343430f5', 9, 10, 'Hii', NULL, 0, '2023-10-18 00:00:56', '2023-10-18 00:00:56', NULL),
('dbfc5295-3f44-494b-9237-82e398381a7e', 7, 3, 'hshshs', NULL, 1, '2023-08-17 00:17:47', '2023-08-27 20:27:05', NULL),
('dc11a255-395f-4365-ae1e-bca515c5f9ae', 3, 1, 'jsjs', NULL, 0, '2023-04-03 03:12:49', '2023-04-03 03:12:49', NULL),
('dc33afaa-b7de-4324-925a-71e8f83fe295', 5, 7, 'notification pishan nadat ka msg open nakraya', NULL, 1, '2023-10-23 14:16:48', '2023-10-24 00:03:41', NULL),
('dc3bd174-6821-48cf-8d29-71812d56efb9', 3, 2, 'bbbjkk', NULL, 1, '2023-08-27 22:57:40', '2023-08-27 22:57:41', NULL),
('dc793689-672d-4813-99ef-166acf801f60', 3, 2, 'hhhjh', NULL, 1, '2023-08-27 21:00:43', '2023-08-27 21:01:38', NULL),
('dc7d636b-e0c8-4ca9-9c9e-4c75b9d53f36', 2, 3, 'ggggh', NULL, 1, '2023-08-26 21:07:58', '2023-08-26 21:08:04', NULL),
('dccde3af-343b-4051-8cbb-810922397034', 2, 3, 'bsbdhjs', NULL, 1, '2023-04-03 21:51:32', '2023-08-26 20:33:58', NULL),
('dd170ab4-5cd4-4fc8-85c0-a66ef0ebedfd', 2, 1, 'heelloo', NULL, 0, '2023-04-03 21:27:18', '2023-04-03 21:27:18', NULL),
('dddfcf98-26b0-48a5-9ce1-63890178f6c6', 7, 3, 'hello muhammad', NULL, 1, '2023-08-15 13:37:12', '2023-08-27 20:27:05', NULL),
('de25601c-912c-4214-bcc9-b30db80b6e95', 2, 3, 'ghggg', NULL, 1, '2023-08-27 22:51:14', '2023-08-27 22:51:57', NULL),
('ded424a5-df54-4163-bcad-c9c76926ce70', 2, 3, 'jaiaiaiaoiwiw', NULL, 1, '2023-04-03 22:11:51', '2023-08-26 20:33:58', NULL),
('dffbc005-2a53-4837-835c-4e4676f54110', 3, 2, 'the ones that are not the same as the other ones are the best', NULL, 1, '2023-08-27 23:10:44', '2023-08-27 23:10:45', NULL),
('e01d4839-4836-4e7c-adcf-75c5606e2c0f', 3, 1, 'jsjsiwiw', NULL, 0, '2023-04-03 03:14:27', '2023-04-03 03:14:27', NULL),
('e0c429a6-3bb3-4430-a0d8-4d9ea6c6d6b9', 3, 1, 'jsjsjsisi', NULL, 0, '2023-04-03 03:18:01', '2023-04-03 03:18:01', NULL),
('e0cf6cba-d5c3-4fd1-a9d0-eee3336908e4', 3, 2, 'good morning I don&#039;t have to have any in my', NULL, 1, '2023-08-27 23:18:51', '2023-08-27 23:18:52', NULL),
('e186b56d-90a7-4559-abc7-29ac9dbb1897', 3, 2, 'uuhj', NULL, 1, '2023-08-27 22:53:00', '2023-08-27 22:53:01', NULL),
('e1c71dd9-3c6c-4480-a509-80a83eac7c6c', 3, 2, 'vvgghh', NULL, 1, '2023-08-27 22:46:42', '2023-08-27 22:46:43', NULL),
('e2641fdd-3183-41da-9854-97d38adda1c3', 3, 1, 'jwjwjwjwjw', NULL, 0, '2023-04-03 03:14:47', '2023-04-03 03:14:47', NULL),
('e2703aaa-ab5c-47b9-9f8c-13f349b5e624', 3, 2, 'hehejue', NULL, 1, '2023-04-03 22:00:20', '2023-08-26 20:32:06', NULL),
('e2820054-c10f-4b08-a973-05c8db685591', 3, 2, 'hhhhhhhgghhhh', NULL, 1, '2023-08-27 20:40:43', '2023-08-27 20:41:42', NULL),
('e29ec299-d8ab-472e-b653-f733832f65bc', 3, 1, 'jwjwjwjwjwuwiwiwiiwiwwiiwiwiwiwiw', NULL, 0, '2023-04-03 03:15:10', '2023-04-03 03:15:10', NULL),
('e2b96be5-b772-486d-a25a-ea867997f1e1', 3, 2, 'efgh', NULL, 1, '2023-08-27 20:36:33', '2023-08-27 20:36:39', NULL),
('e2e5e3ad-84fb-4295-9833-a1bcb31a2d2c', 2, 1, 'hehdhhd', NULL, 0, '2023-08-27 20:34:22', '2023-08-27 20:34:22', NULL),
('e31e825a-f978-4869-bf78-2c94bed65c42', 3, 2, 't I am not the same as the other ones are the', NULL, 1, '2023-08-27 23:11:16', '2023-08-27 23:11:17', NULL),
('e31f4d0a-7682-4447-944d-c719d39fa3bc', 3, 2, 'irifiti', NULL, 1, '2023-04-03 21:50:26', '2023-08-26 20:32:06', NULL),
('e3204a36-b087-4966-b083-b05f11b89c77', 3, 1, 'hello zardasht', NULL, 0, '2023-04-03 02:55:57', '2023-04-03 02:55:57', NULL),
('e34b0ef8-e1d7-4686-b473-2ee935a0113b', 2, 3, 'hjzjsjs', NULL, 1, '2023-04-03 22:11:56', '2023-08-26 20:33:58', NULL),
('e422c76b-abf6-44a1-a9be-799d97259575', 3, 2, 'outComingChannel = &quot;private-chatify.${contactData?.id ?? 0}&quot;;    incomingChannel = &quot;private-chatify.$userId&quot;;  outComingChannel = &quot;private-chatify.${contactData?.id ?? 0}&quot;;    incomingChannel = &quot;private-chatify.$userId&quot;;x', NULL, 1, '2023-08-27 23:05:35', '2023-08-27 23:05:36', NULL),
('e43a7ff5-a16c-4920-bdc9-c96516510c7a', 8, 3, 'fghvgg', NULL, 1, '2023-09-04 20:58:54', '2023-09-04 20:58:55', NULL),
('e4636caa-c8ad-46bd-b19a-7cae0516fcac', 3, 7, 'gghgfgh', NULL, 1, '2023-08-17 00:17:44', '2023-10-23 12:10:22', NULL),
('e4afb540-2261-4568-b130-6584f73dc7f3', 2, 3, 'hdhxhf', NULL, 1, '2023-08-26 21:13:26', '2023-08-26 21:15:47', NULL),
('e5a5a281-b74a-47ea-9bd4-416fbc09185f', 3, 7, 'yggygygf', NULL, 1, '2023-08-17 00:18:53', '2023-10-23 12:10:22', NULL),
('e5fb7d37-694f-4ec8-8e1e-dd0101867c95', 3, 1, 'jauaiwjwuwuwiw', NULL, 0, '2023-04-03 03:04:19', '2023-04-03 03:04:19', NULL),
('e64256d1-74bf-4e77-b5fb-258f26f092ba', 3, 1, 'jwjwjwjwjsjs', NULL, 0, '2023-04-03 03:14:40', '2023-04-03 03:14:40', NULL),
('e644dd77-f31c-4ba3-a7aa-a9b892352631', 3, 2, 'dscsdcsdcsdcsdc', NULL, 1, '2023-08-27 23:10:15', '2023-08-27 23:10:15', NULL),
('e7817d92-ec1a-46a7-817c-d4a751cb8957', 3, 2, 'dsfasdfsdf', NULL, 1, '2023-08-27 23:01:06', '2023-08-27 23:01:07', NULL),
('e83016b5-017e-4ba4-afb2-ba413078b53b', 3, 2, 'vvgghhppppp', NULL, 1, '2023-08-27 22:49:27', '2023-08-27 22:49:28', NULL),
('e8bd5f2c-f280-4cd9-9d9d-1764102f4f64', 3, 1, 'qqqq', NULL, 0, '2023-04-03 03:18:12', '2023-04-03 03:18:12', NULL),
('e8d97da9-ec1f-4dc8-b31b-9efabfc560f7', 3, 1, 'jeiejsjjs', NULL, 0, '2023-04-03 03:17:55', '2023-04-03 03:17:55', NULL),
('e8f0bdd3-b3d2-4cbc-be8f-25b29d401be4', 4, 5, '💯', NULL, 1, '2023-11-19 20:58:56', '2023-11-19 20:58:57', NULL),
('e9210525-b37a-4739-89da-562be725c827', 3, 2, 'ghghj', NULL, 1, '2023-08-27 20:59:46', '2023-08-27 20:59:59', NULL),
('e94380d0-4707-4b4f-b86c-2939fddcb41b', 2, 1, 'rfghj', NULL, 0, '2023-07-04 19:43:26', '2023-07-04 19:43:26', NULL),
('e98428a8-9922-4ac8-879a-3c46af779612', 2, 3, 'lllllll', NULL, 1, '2023-04-03 22:11:40', '2023-08-26 20:33:58', NULL),
('e9a49a54-d21b-4120-998f-7bd63350ee9e', 2, 3, 'ggggghh', NULL, 1, '2023-08-27 21:09:20', '2023-08-27 21:09:21', NULL),
('e9b3c6dd-8575-4335-bce9-b39564292ec8', 2, 1, 'hello', NULL, 0, '2023-04-03 21:49:48', '2023-04-03 21:49:48', NULL),
('e9e331e7-ac0f-4ae3-b727-cb021b25aa2f', 3, 2, 'vggggg', NULL, 1, '2023-08-27 23:01:41', '2023-08-27 23:01:42', NULL),
('e9fd5009-c869-40c4-a4d6-fb7670c423e6', 3, 1, 'jwjwjjejwjjwjs', NULL, 0, '2023-04-03 03:16:01', '2023-04-03 03:16:01', NULL),
('eadfd819-1e5b-4392-a8ea-e4c23d9ff24b', 3, 2, 'asdfasdfsadfsadfsdf', NULL, 1, '2023-08-27 23:08:53', '2023-08-27 23:08:53', NULL),
('eb1bc56a-171b-484d-bbaf-67c2051de947', 5, 17, 'psmam kwe', NULL, 1, '2023-11-08 09:29:48', '2023-11-08 13:02:52', NULL),
('eb4ecc65-c5d0-4d0f-9f05-d847937f7697', 3, 2, 'uuh', NULL, 1, '2023-08-27 20:32:04', '2023-08-27 20:34:01', NULL),
('eb5a733e-af14-4e99-82dd-74b519e2deea', 4, 5, 'هەلاو', NULL, 1, '2023-11-19 20:56:59', '2023-11-19 20:57:00', NULL),
('eb84b0c5-39ee-4401-b6fb-713ddb481b73', 17, 5, 'shaw bw', NULL, 1, '2023-10-23 18:37:47', '2023-10-23 18:38:45', NULL),
('eba45eda-b713-422a-ab45-9bf8ecdeef0d', 2, 3, 'vggvvhggug', NULL, 1, '2023-08-27 22:46:26', '2023-08-27 22:46:38', NULL),
('ebb2fd08-4dcb-4c20-94ce-6533f7c2e974', 3, 2, 'eeee', NULL, 1, '2023-08-27 20:27:37', '2023-08-27 20:27:42', NULL),
('ebc0e9ae-43c1-4064-9239-04b5d1998ed0', 3, 2, 'ftthhhhffdeee', NULL, 1, '2023-08-27 23:00:25', '2023-08-27 23:00:26', NULL),
('ec3bba31-03a6-4aa1-a6bb-09ad130a8304', 3, 1, 'jsusjejs', NULL, 0, '2023-04-03 03:04:52', '2023-04-03 03:04:52', NULL),
('ece0a038-be07-42d9-af49-d4c969f8b84d', 3, 2, 'ijjggtyy', NULL, 1, '2023-08-27 20:54:13', '2023-08-27 20:54:27', NULL),
('ee382ac6-e828-4581-ae0e-ba565217ae6a', 2, 3, 'jfjfjfj', NULL, 1, '2023-08-26 20:34:20', '2023-08-26 20:34:31', NULL),
('ee3ec314-1935-4bbe-bf1a-f75b4aa91b0e', 17, 5, '✅', NULL, 1, '2023-10-23 18:39:30', '2023-10-23 18:39:36', NULL),
('ee959547-4cd8-4aff-bff1-c18afa4882e8', 3, 2, 'jsjsjsj', NULL, 1, '2023-04-03 21:44:55', '2023-08-26 20:32:06', NULL),
('efc0a830-6ea1-460d-9321-bda598a2d2a1', 5, 17, 'esh fsha', NULL, 1, '2023-11-14 20:30:21', '2023-11-15 03:27:43', NULL),
('efc7c533-7624-4ce8-9cbc-d5b3cdd72f92', 3, 2, 'ffteed', NULL, 1, '2023-08-27 20:34:39', '2023-08-27 20:35:38', NULL),
('f0441971-16c7-4ad1-9004-d72f7a88f308', 2, 3, 'jhgh', NULL, 1, '2023-08-27 21:09:26', '2023-08-27 21:09:27', NULL),
('f05cff0d-6d86-4c99-a2d4-20eaaa724cf3', 2, 1, 'jwjeje', NULL, 0, '2023-04-02 18:24:07', '2023-04-02 18:24:07', NULL),
('f067c699-6114-4003-808e-b944e0c5b8ad', 2, 3, 'cufufud', NULL, 1, '2023-04-03 21:29:12', '2023-08-26 20:33:58', NULL),
('f0b3fffe-0971-401f-b5d6-bdf8fbaee372', 2, 1, 'jsjsjd', NULL, 0, '2023-04-02 18:23:48', '2023-04-02 18:23:48', NULL),
('f13d6843-f201-49b2-b345-caa6419d6363', 3, 2, 'hgsfhfsdghfgh', NULL, 1, '2023-08-27 20:41:07', '2023-08-27 20:41:42', NULL),
('f145b4c2-0226-44d1-a80c-90ef88d85528', 3, 1, 'hi', NULL, 0, '2023-04-03 21:20:33', '2023-04-03 21:20:33', NULL),
('f1e1967c-6ae7-491d-af4f-d44ba180af37', 5, 17, 'hander ku aw shtanat la gallery danaya?', NULL, 1, '2023-11-08 16:18:03', '2023-11-08 16:18:25', NULL),
('f23129e9-009f-41e4-82e0-7ee78c69056c', 3, 2, 'messageController  outComingChannel = &quot;private-chatify.${contactData?.id ?? 0}&quot;;    incomingChannel = &quot;private-chatify.$userId&quot;;', NULL, 1, '2023-08-27 23:05:27', '2023-08-27 23:05:28', NULL),
('f2c84a67-2b9c-4592-bf2d-753ac75ccae1', 3, 1, 'jwjwjwjwjw', NULL, 0, '2023-04-03 03:14:54', '2023-04-03 03:14:54', NULL),
('f3f8057b-59e2-446f-ba62-1281fb51903f', 2, 3, 'hello', NULL, 1, '2023-04-03 21:55:41', '2023-08-26 20:33:58', NULL),
('f4282d83-f15e-437e-a9be-86a3c8ebca9f', 3, 1, 'hsjsjs', NULL, 0, '2023-04-03 21:59:57', '2023-04-03 21:59:57', NULL),
('f4444047-3edb-43dd-b40f-23f77a4dbce1', 2, 3, 'jfjfif', NULL, 1, '2023-04-03 21:29:18', '2023-08-26 20:33:58', NULL),
('f5084f1a-23bc-451b-92b8-a5cf0adb8eaf', 7, 3, 'hggh', NULL, 1, '2023-08-17 00:18:24', '2023-08-27 20:27:05', NULL),
('f50f8cec-9b4e-4a5a-b176-750027576dc8', 5, 4, 'گهژده', NULL, 1, '2023-11-19 21:00:24', '2023-11-19 21:03:40', NULL),
('f52d8b0e-1036-448d-91ab-817ee59cb353', 3, 2, 'jnhhhj', NULL, 1, '2023-08-27 21:08:33', '2023-08-27 21:08:34', NULL),
('f684d6b0-add6-4c8c-8ccd-f2476b777700', 3, 1, 'jjij', NULL, 0, '2023-04-03 03:03:42', '2023-04-03 03:03:42', NULL),
('f6f38c42-b3a5-4c68-9fce-4848da20a4d4', 3, 2, 'ggZXCzxczxczxc', NULL, 1, '2023-08-27 23:08:23', '2023-08-27 23:08:24', NULL),
('f726a961-d7b8-4387-8be9-5989c93d2bff', 5, 4, 'bashi bram', NULL, 1, '2023-11-19 20:56:21', '2023-11-19 20:56:22', NULL),
('f7a12c05-17df-4570-b465-33e0ebda4223', 3, 1, 'jwjwjwiwiw for stripe and l I 😘 ve you sure I love it I am not the link for stripe 🦓🦓 you sure I can get you sure you', NULL, 0, '2023-04-03 03:15:50', '2023-04-03 03:15:50', NULL),
('f7b75c33-90e1-4f2b-8631-e63015d42d0b', 3, 2, 'messageControllermessageController  TextEditingController messageController;  TextEditingController messageController;  messagePagingController?.insertFirstOrUpdateItem(item);                  messagePagingController?.notifyListeners();', NULL, 1, '2023-08-27 23:22:21', '2023-08-27 23:22:22', NULL),
('f8223fef-d69e-45b9-938d-279e30020fd7', 3, 2, 'ccghhh', NULL, 1, '2023-08-26 21:23:58', '2023-08-26 21:26:45', NULL),
('f8bc161f-b251-41cd-b164-63b9d0dc1831', 3, 2, 'vvgghhppppp', NULL, 1, '2023-08-27 22:49:41', '2023-08-27 22:49:42', NULL),
('f8c143a2-eae2-40d4-9eb3-5a167a87f79f', 3, 1, 'plplppplp', NULL, 0, '2023-04-03 03:18:34', '2023-04-03 03:18:34', NULL),
('f8fe5f34-8f74-4419-89b5-9cd5069fb511', 3, 2, 'ghghy', NULL, 1, '2023-08-27 20:34:35', '2023-08-27 20:35:38', NULL),
('f96e7db5-b8e9-4fd4-b18b-580c751fc8df', 3, 2, 'ffff nnnjh', NULL, 1, '2023-08-27 21:06:13', '2023-08-27 21:06:14', NULL),
('f98f4328-af81-4ab2-bfd1-65fb5b42b262', 3, 2, 'afrtg', NULL, 1, '2023-08-26 21:20:57', '2023-08-26 21:21:57', NULL),
('f99f506b-eeec-47eb-b55a-5ffec9833a1b', 3, 2, 'tttttt', NULL, 1, '2023-08-27 20:40:09', '2023-08-27 20:40:38', NULL),
('fa114bf0-0140-4667-a0d0-bf5fbdeba5fe', 2, 1, 'hdjsjsh', NULL, 0, '2023-04-03 22:13:01', '2023-04-03 22:13:01', NULL),
('fa85cc4d-140d-4989-8551-a487559ffe4d', 3, 2, 'gggghhj', NULL, 1, '2023-08-27 21:08:31', '2023-08-27 21:08:31', NULL),
('fa8957e5-919a-4453-81f2-f8348eaf974d', 3, 2, 'jhgg', NULL, 1, '2023-04-03 21:29:42', '2023-08-26 20:32:06', NULL),
('faeb9161-e32a-4860-957a-0ca5d0d77eae', 3, 2, 'hhhjj', NULL, 1, '2023-08-27 22:53:13', '2023-08-27 22:53:14', NULL),
('faf5dc58-cd18-4815-b0eb-35b13c987bff', 2, 3, 'helllo vbbajajsj', NULL, 1, '2023-04-03 22:12:04', '2023-08-26 20:33:58', NULL),
('fbc8f829-a3d9-4aa6-a853-6d0498feb6b2', 23, 22, 'halaw ml7iz', NULL, 1, '2023-10-17 23:18:42', '2023-11-12 14:08:05', NULL),
('fc51df3e-7e34-4e46-9999-75865be2b5d9', 2, 3, 'hhhj', NULL, 1, '2023-08-27 21:09:23', '2023-08-27 21:09:24', NULL),
('fc8715a1-0ed7-4ada-8429-b4c8c2b8b3b4', 3, 2, 'aaaa', NULL, 1, '2023-04-03 21:30:31', '2023-08-26 20:32:06', NULL),
('fd57b1a9-335a-4d34-a54f-86a300c00aed', 2, 3, 'najajjs', NULL, 1, '2023-04-03 22:11:30', '2023-08-26 20:33:58', NULL),
('fd57ffb8-7265-4d2c-a2aa-4075cf36c409', 3, 2, 'kkkhfffygy', NULL, 1, '2023-08-27 23:17:18', '2023-08-27 23:17:19', NULL),
('fd5eef8e-b6cf-40c2-8e95-7c1a20d72a3b', 3, 1, 'jsjsjshshsjs', NULL, 0, '2023-04-03 03:03:16', '2023-04-03 03:03:16', NULL),
('fdadb7e3-40d3-4950-8565-71b10d2bdfd4', 2, 3, 'ydhdhfhd', NULL, 1, '2023-08-27 23:06:25', '2023-08-27 23:06:26', NULL),
('fe39860e-20f2-40d5-93d3-ac842785572f', 3, 2, 'gggh and the difference between the difference between that are the difference between the ones and I don&#039;t know how much it is that you would have to do it was just a row in it was just the ones I don&#039;t know what to do with the difference between that are the ones that are in it is a few weeks and the difference in the difference between the ones I have any in a lot of people are the same thing they would do that', NULL, 1, '2023-08-27 23:04:20', '2023-08-27 23:04:21', NULL),
('fefe7e56-1126-4771-8e77-b672f6859339', 3, 1, 'fvhfvdfvdfrthertherth', NULL, 0, '2023-08-27 20:41:02', '2023-08-27 20:41:02', NULL),
('ff893b5b-82df-48df-802a-b356793da46e', 3, 1, 'hsjjs', NULL, 0, '2023-04-03 21:57:29', '2023-04-03 21:57:29', NULL);

-- --------------------------------------------------------

--
-- Table structure for table `cities`
--

CREATE TABLE `cities` (
  `id` bigint UNSIGNED NOT NULL,
  `name` varchar(255) CHARACTER SET utf8mb4 COLLATE utf8mb4_unicode_ci NOT NULL,
  `postal_code` varchar(255) CHARACTER SET utf8mb4 COLLATE utf8mb4_unicode_ci NOT NULL,
  `active` tinyint(1) NOT NULL DEFAULT '1',
  `created_by` int NOT NULL,
  `updated_by` int DEFAULT NULL,
  `created_at` timestamp NULL DEFAULT NULL,
  `updated_at` timestamp NULL DEFAULT NULL,
  `deleted_at` timestamp NULL DEFAULT NULL
) ENGINE=InnoDB DEFAULT CHARSET=utf8mb4 COLLATE=utf8mb4_unicode_ci;

-- --------------------------------------------------------

--
-- Table structure for table `contacts`
--

CREATE TABLE `contacts` (
  `id` bigint UNSIGNED NOT NULL,
  `full_name` varchar(255) CHARACTER SET utf8mb4 COLLATE utf8mb4_unicode_ci NOT NULL,
  `email` varchar(255) CHARACTER SET utf8mb4 COLLATE utf8mb4_unicode_ci NOT NULL,
  `subject` varchar(255) CHARACTER SET utf8mb4 COLLATE utf8mb4_unicode_ci NOT NULL,
  `message` text CHARACTER SET utf8mb4 COLLATE utf8mb4_unicode_ci NOT NULL,
  `read` tinyint(1) DEFAULT '0',
  `starred` tinyint(1) DEFAULT NULL,
  `deleted_at` timestamp NULL DEFAULT NULL,
  `created_at` timestamp NULL DEFAULT NULL,
  `updated_at` timestamp NULL DEFAULT NULL
) ENGINE=InnoDB DEFAULT CHARSET=utf8mb4 COLLATE=utf8mb4_unicode_ci;

-- --------------------------------------------------------

--
-- Table structure for table `contact_us_sents`
--

CREATE TABLE `contact_us_sents` (
  `id` bigint UNSIGNED NOT NULL,
  `from` varchar(255) CHARACTER SET utf8mb4 COLLATE utf8mb4_unicode_ci DEFAULT NULL,
  `to` varchar(255) CHARACTER SET utf8mb4 COLLATE utf8mb4_unicode_ci NOT NULL,
  `subject` text CHARACTER SET utf8mb4 COLLATE utf8mb4_unicode_ci NOT NULL,
  `message` text CHARACTER SET utf8mb4 COLLATE utf8mb4_unicode_ci NOT NULL,
  `created_at` timestamp NULL DEFAULT NULL,
  `updated_at` timestamp NULL DEFAULT NULL
) ENGINE=InnoDB DEFAULT CHARSET=utf8mb4 COLLATE=utf8mb4_unicode_ci;

--
-- Dumping data for table `contact_us_sents`
--

INSERT INTO `contact_us_sents` (`id`, `from`, `to`, `subject`, `message`, `created_at`, `updated_at`) VALUES
(1, 'mail@khoshnaw.com', 'zardo.rwandzi7@gmail.com', 'TESTING REVIEW', '<p>sgfsfggsgfd</p>', '2023-12-03 21:18:00', '2023-12-03 21:18:00');

-- --------------------------------------------------------

--
-- Table structure for table `failed_jobs`
--

CREATE TABLE `failed_jobs` (
  `id` bigint UNSIGNED NOT NULL,
  `uuid` varchar(255) CHARACTER SET utf8mb4 COLLATE utf8mb4_unicode_ci NOT NULL,
  `connection` text CHARACTER SET utf8mb4 COLLATE utf8mb4_unicode_ci NOT NULL,
  `queue` text CHARACTER SET utf8mb4 COLLATE utf8mb4_unicode_ci NOT NULL,
  `payload` longtext CHARACTER SET utf8mb4 COLLATE utf8mb4_unicode_ci NOT NULL,
  `exception` longtext CHARACTER SET utf8mb4 COLLATE utf8mb4_unicode_ci NOT NULL,
  `failed_at` timestamp NOT NULL DEFAULT CURRENT_TIMESTAMP
) ENGINE=InnoDB DEFAULT CHARSET=utf8mb4 COLLATE=utf8mb4_unicode_ci;

-- --------------------------------------------------------

--
-- Table structure for table `favorates`
--

CREATE TABLE `favorates` (
  `id` bigint UNSIGNED NOT NULL,
  `item_id` bigint UNSIGNED NOT NULL,
  `user_id` bigint UNSIGNED NOT NULL,
  `created_by` int NOT NULL,
  `updated_by` int NOT NULL,
  `active` tinyint(1) NOT NULL DEFAULT '1',
  `deleted_at` timestamp NULL DEFAULT NULL,
  `created_at` timestamp NULL DEFAULT NULL,
  `updated_at` timestamp NULL DEFAULT NULL
) ENGINE=InnoDB DEFAULT CHARSET=utf8mb4 COLLATE=utf8mb4_unicode_ci;

--
-- Dumping data for table `favorates`
--

INSERT INTO `favorates` (`id`, `item_id`, `user_id`, `created_by`, `updated_by`, `active`, `deleted_at`, `created_at`, `updated_at`) VALUES
(3, 1, 2, 2, 0, 1, NULL, '2023-04-02 18:02:27', '2023-04-02 18:02:27'),
(4, 1, 3, 3, 0, 1, NULL, '2023-04-03 02:55:29', '2023-04-03 02:55:29'),
(11, 1, 4, 4, 0, 1, NULL, '2023-08-11 21:01:51', '2023-08-11 21:01:51'),
(13, 4, 7, 7, 0, 1, NULL, '2023-08-15 13:51:03', '2023-08-15 13:51:03'),
(18, 8, 3, 3, 0, 1, NULL, '2023-09-02 22:10:43', '2023-09-02 22:10:43'),
(20, 7, 16, 16, 0, 1, NULL, '2023-09-03 20:05:41', '2023-09-03 20:05:41'),
(24, 7, 8, 8, 0, 1, NULL, '2023-09-04 10:12:41', '2023-09-04 10:12:41'),
(27, 13, 8, 8, 0, 1, NULL, '2023-09-04 20:03:38', '2023-09-04 20:03:38'),
(30, 14, 3, 3, 0, 1, NULL, '2023-09-04 20:33:16', '2023-09-04 20:33:16'),
(37, 14, 17, 17, 0, 1, NULL, '2023-09-05 23:33:59', '2023-09-05 23:33:59'),
(40, 8, 2, 2, 0, 1, NULL, '2023-10-07 23:54:58', '2023-10-07 23:54:58'),
(41, 24, 22, 22, 0, 1, NULL, '2023-10-08 23:31:10', '2023-10-08 23:31:10'),
(76, 24, 23, 23, 0, 1, NULL, '2023-10-18 00:36:27', '2023-10-18 00:36:27'),
(79, 3, 5, 5, 0, 1, NULL, '2023-10-23 10:00:21', '2023-10-23 10:00:21'),
(86, 9, 5, 5, 0, 1, NULL, '2023-11-05 19:14:21', '2023-11-05 19:14:21'),
(87, 8, 5, 5, 0, 1, NULL, '2023-11-05 19:14:21', '2023-11-05 19:14:21'),
(90, 4, 22, 22, 0, 1, NULL, '2023-11-13 12:01:35', '2023-11-13 12:01:35'),
(94, 9, 17, 17, 0, 1, NULL, '2023-11-20 00:06:08', '2023-11-20 00:06:08');

-- --------------------------------------------------------

--
-- Table structure for table `filter_bookmarks`
--

CREATE TABLE `filter_bookmarks` (
  `id` bigint UNSIGNED NOT NULL,
  `filter_category` int DEFAULT NULL,
  `filter_child` int DEFAULT NULL,
  `attributes` longtext CHARACTER SET utf8mb4 COLLATE utf8mb4_bin,
  `price` longtext CHARACTER SET utf8mb4 COLLATE utf8mb4_bin,
  `location` longtext CHARACTER SET utf8mb4 COLLATE utf8mb4_bin,
  `search` text CHARACTER SET utf8mb4 COLLATE utf8mb4_unicode_ci,
  `user_id` int NOT NULL,
  `active` tinyint(1) NOT NULL DEFAULT '1',
  `created_by` int NOT NULL,
  `updated_by` int DEFAULT NULL,
  `created_at` timestamp NULL DEFAULT NULL,
  `updated_at` timestamp NULL DEFAULT NULL,
  `deleted_at` timestamp NULL DEFAULT NULL
) ENGINE=InnoDB DEFAULT CHARSET=utf8mb4 COLLATE=utf8mb4_unicode_ci;

--
-- Dumping data for table `filter_bookmarks`
--

INSERT INTO `filter_bookmarks` (`id`, `filter_category`, `filter_child`, `attributes`, `price`, `location`, `search`, `user_id`, `active`, `created_by`, `updated_by`, `created_at`, `updated_at`, `deleted_at`) VALUES
(1, 1, 7, '[]', '{\"min_price\":\"\",\"max_price\":\"\",\"currency_type\":\"\"}', '{\"lat\":\"\",\"long\":\"\",\"radius\":\"\"}', NULL, 1, 1, 0, NULL, '2023-04-02 14:46:00', '2023-04-02 14:46:00', NULL),
(2, 1, 7, '[{\"key\":\"\\u0645\\u06c6\\u062f\\u06ce\\u0644\",\"attribute_id\":6,\"type\":\"single_select\",\"category_id\":\"7\",\"values\":5}]', '{\"min_price\":\"\",\"max_price\":\"\",\"currency_type\":\"\"}', '{\"lat\":\"\",\"long\":\"\",\"radius\":\"\"}', NULL, 1, 1, 0, NULL, '2023-04-02 14:49:22', '2023-04-02 14:49:22', NULL),
(17, 17, 20, '[]', '{\"min_price\":\"\",\"max_price\":\"\",\"currency_type\":\"\"}', '{\"lat\":\"\",\"long\":\"\",\"radius\":\"\"}', NULL, 4, 1, 0, NULL, '2023-10-03 12:34:10', '2023-10-03 12:34:10', NULL),
(28, 55, 56, '[]', '{\"min_price\":\"\",\"max_price\":\"\",\"currency_type\":\"\"}', '{\"lat\":\"\",\"long\":\"\",\"radius\":\"\"}', NULL, 23, 1, 0, NULL, '2023-10-17 23:30:36', '2023-10-17 23:30:36', NULL),
(36, NULL, NULL, '[]', '{\"min_price\":\"\",\"max_price\":\"1000\",\"currency_type\":\"\"}', '{\"lat\":\"\",\"long\":\"\",\"radius\":\"\"}', NULL, 23, 1, 0, NULL, '2023-10-18 00:22:36', '2023-10-18 00:22:36', NULL),
(39, NULL, NULL, '[]', '{\"min_price\":\"649\",\"max_price\":\"4994\",\"currency_type\":\"USD\"}', '{\"lat\":\"\",\"long\":\"\",\"radius\":\"\"}', NULL, 9, 1, 0, NULL, '2023-10-18 22:00:15', '2023-10-18 22:00:15', NULL),
(40, 55, 56, '[]', '{\"min_price\":\"649\",\"max_price\":\"4994\",\"currency_type\":\"USD\"}', '{\"lat\":\"\",\"long\":\"\",\"radius\":\"\"}', NULL, 9, 1, 0, NULL, '2023-10-18 22:01:05', '2023-10-18 22:01:05', NULL),
(57, 55, 56, '[{\"key\":\"to\",\"attribute_id\":15,\"type\":\"single_select\",\"category_id\":\"56\",\"values\":43},{\"key\":\"to\",\"attribute_id\":15,\"type\":\"single_select\",\"category_id\":\"56\",\"values\":42}]', '{\"min_price\":\"\",\"max_price\":\"\",\"currency_type\":\"\"}', '{\"lat\":\"\",\"long\":\"\",\"radius\":\"\"}', 'bmw', 23, 1, 0, NULL, '2023-10-22 20:18:31', '2023-10-22 20:18:31', NULL),
(60, NULL, NULL, '[]', '{\"min_price\":\"\",\"max_price\":\"\",\"currency_type\":\"\"}', '{\"lat\":\"\",\"long\":\"\",\"radius\":\"\"}', NULL, 7, 1, 0, NULL, '2023-10-23 12:09:53', '2023-10-23 12:09:53', NULL),
(68, 55, 56, '[]', '{\"min_price\":\"\",\"max_price\":\"\",\"currency_type\":\"\"}', '{\"lat\":\"\",\"long\":\"\",\"radius\":\"\"}', NULL, 17, 1, 0, NULL, '2023-11-08 01:24:36', '2023-11-13 19:48:07', NULL);

-- --------------------------------------------------------

--
-- Table structure for table `gallery`
--

CREATE TABLE `gallery` (
  `id` bigint UNSIGNED NOT NULL,
  `adds_id` int NOT NULL,
  `user_id` int NOT NULL,
  `package_id` varchar(255) CHARACTER SET utf8mb4 COLLATE utf8mb4_unicode_ci NOT NULL,
  `expire_date` date DEFAULT NULL,
  `package_days` int DEFAULT NULL,
  `active` tinyint(1) NOT NULL DEFAULT '1',
  `created_by` int NOT NULL,
  `updated_by` int DEFAULT NULL,
  `created_at` timestamp NULL DEFAULT NULL,
  `updated_at` timestamp NULL DEFAULT NULL,
  `deleted_at` timestamp NULL DEFAULT NULL
) ENGINE=InnoDB DEFAULT CHARSET=utf8mb4 COLLATE=utf8mb4_unicode_ci;

--
-- Dumping data for table `gallery`
--

INSERT INTO `gallery` (`id`, `adds_id`, `user_id`, `package_id`, `expire_date`, `package_days`, `active`, `created_by`, `updated_by`, `created_at`, `updated_at`, `deleted_at`) VALUES
(1, 7, 17, '1', '2023-11-07', 0, 1, 17, NULL, '2023-11-07 02:58:28', '2023-11-07 02:58:28', NULL),
(2, 6, 17, '3', '2023-11-07', 0, 1, 17, NULL, '2023-11-07 03:00:49', '2023-11-07 03:00:49', NULL),
(3, 6, 17, '3', '2023-11-07', 0, 1, 17, NULL, '2023-11-07 03:01:01', '2023-11-07 03:01:01', NULL),
(4, 7, 17, '3', '2023-11-08', 0, 1, 17, NULL, '2023-11-08 01:23:59', '2023-11-08 01:23:59', NULL),
(5, 7, 17, '3', '2023-11-08', 0, 1, 17, NULL, '2023-11-08 01:24:04', '2023-11-08 01:24:04', NULL),
(6, 7, 17, '3', '2023-11-08', 0, 1, 17, NULL, '2023-11-08 01:24:08', '2023-11-08 01:24:08', NULL),
(7, 6, 17, '3', '2023-11-08', 0, 1, 17, NULL, '2023-11-08 01:24:14', '2023-11-08 01:24:14', NULL),
(8, 7, 17, '2', '2023-11-09', 0, 1, 17, NULL, '2023-11-09 00:16:59', '2023-11-09 00:16:59', NULL),
(9, 7, 17, '1', '2023-11-09', 0, 1, 17, NULL, '2023-11-09 00:17:04', '2023-11-09 00:17:04', NULL),
(10, 7, 17, '3', '2023-11-09', 0, 1, 17, NULL, '2023-11-09 00:17:09', '2023-11-09 00:17:09', NULL),
(11, 7, 17, '2', '2023-11-09', 0, 1, 17, NULL, '2023-11-09 00:17:14', '2023-11-09 00:17:14', NULL),
(12, 7, 17, '2', '2023-11-09', 0, 1, 17, NULL, '2023-11-09 00:17:16', '2023-11-09 00:17:16', NULL),
(13, 6, 17, '3', '2023-11-09', 0, 1, 17, NULL, '2023-11-09 00:17:39', '2023-11-09 00:17:39', NULL),
(14, 6, 17, '2', '2023-11-09', 0, 1, 17, NULL, '2023-11-09 00:17:48', '2023-11-09 00:17:48', NULL),
(15, 6, 17, '2', '2023-11-09', 0, 1, 17, NULL, '2023-11-09 00:17:50', '2023-11-09 00:17:50', NULL),
(16, 6, 17, '1', '2023-11-09', 0, 1, 17, NULL, '2023-11-09 00:17:55', '2023-11-09 00:17:55', NULL),
(17, 6, 17, '1', '2023-11-09', 0, 1, 17, NULL, '2023-11-09 00:17:57', '2023-11-09 00:17:57', NULL),
(18, 6, 17, '3', '2023-11-09', 0, 1, 17, NULL, '2023-11-09 00:18:01', '2023-11-09 00:18:01', NULL),
(19, 6, 17, '3', '2023-11-09', 0, 1, 17, NULL, '2023-11-09 00:18:03', '2023-11-09 00:18:03', NULL),
(20, 6, 17, '2', '2023-11-09', 0, 1, 17, NULL, '2023-11-09 00:18:08', '2023-11-09 00:18:08', NULL),
(21, 6, 17, '2', '2023-11-09', 0, 1, 17, NULL, '2023-11-09 00:18:10', '2023-11-09 00:18:10', NULL),
(22, 7, 17, '3', '2023-11-10', 0, 1, 17, NULL, '2023-11-10 16:01:18', '2023-11-10 16:01:18', NULL),
(23, 7, 17, '3', '2023-11-11', 0, 1, 17, NULL, '2023-11-11 23:43:47', '2023-11-11 23:43:47', NULL),
(24, 7, 17, '3', '2023-11-11', 0, 1, 17, NULL, '2023-11-11 23:43:55', '2023-11-11 23:43:55', NULL),
(25, 7, 17, '3', '2023-11-11', 0, 1, 17, NULL, '2023-11-11 23:43:58', '2023-11-11 23:43:58', NULL),
(26, 7, 17, '2', '2023-11-11', 0, 1, 17, NULL, '2023-11-11 23:44:04', '2023-11-11 23:44:04', NULL);

-- --------------------------------------------------------

--
-- Table structure for table `gallery_orders`
--

CREATE TABLE `gallery_orders` (
  `id` bigint UNSIGNED NOT NULL,
  `user_id` bigint UNSIGNED NOT NULL,
  `adds_id` bigint UNSIGNED NOT NULL,
  `package_id` bigint UNSIGNED NOT NULL,
  `order_price` varchar(255) CHARACTER SET utf8mb4 COLLATE utf8mb4_unicode_ci NOT NULL,
  `payment_method` enum('nasswallet','fastpay') CHARACTER SET utf8mb4 COLLATE utf8mb4_unicode_ci NOT NULL,
  `payment_status` enum('paid','unpaid') CHARACTER SET utf8mb4 COLLATE utf8mb4_unicode_ci NOT NULL,
  `payment_details` text CHARACTER SET utf8mb4 COLLATE utf8mb4_unicode_ci,
  `created_at` timestamp NULL DEFAULT NULL,
  `updated_at` timestamp NULL DEFAULT NULL
) ENGINE=InnoDB DEFAULT CHARSET=utf8mb4 COLLATE=utf8mb4_unicode_ci;

--
-- Dumping data for table `gallery_orders`
--

INSERT INTO `gallery_orders` (`id`, `user_id`, `adds_id`, `package_id`, `order_price`, `payment_method`, `payment_status`, `payment_details`, `created_at`, `updated_at`) VALUES
(1, 17, 7, 1, '10', 'nasswallet', 'unpaid', NULL, '2023-11-07 02:58:28', '2023-11-07 02:58:28'),
(2, 17, 6, 3, '50', 'nasswallet', 'unpaid', NULL, '2023-11-07 03:00:49', '2023-11-07 03:00:49'),
(3, 17, 6, 3, '50', 'nasswallet', 'unpaid', NULL, '2023-11-07 03:01:01', '2023-11-07 03:01:01'),
(4, 17, 7, 3, '50', 'nasswallet', 'unpaid', NULL, '2023-11-08 01:23:59', '2023-11-08 01:23:59'),
(5, 17, 7, 3, '50', 'nasswallet', 'unpaid', NULL, '2023-11-08 01:24:04', '2023-11-08 01:24:04'),
(6, 17, 7, 3, '50', 'nasswallet', 'unpaid', NULL, '2023-11-08 01:24:08', '2023-11-08 01:24:08'),
(7, 17, 6, 3, '50', 'nasswallet', 'unpaid', NULL, '2023-11-08 01:24:14', '2023-11-08 01:24:14'),
(8, 17, 7, 2, '25', 'nasswallet', 'unpaid', NULL, '2023-11-09 00:16:59', '2023-11-09 00:16:59'),
(9, 17, 7, 1, '10', 'nasswallet', 'unpaid', NULL, '2023-11-09 00:17:04', '2023-11-09 00:17:04'),
(10, 17, 7, 3, '50', 'nasswallet', 'unpaid', NULL, '2023-11-09 00:17:09', '2023-11-09 00:17:09'),
(11, 17, 7, 2, '25', 'nasswallet', 'unpaid', NULL, '2023-11-09 00:17:14', '2023-11-09 00:17:14'),
(12, 17, 7, 2, '25', 'nasswallet', 'unpaid', NULL, '2023-11-09 00:17:16', '2023-11-09 00:17:16'),
(13, 17, 6, 3, '50', 'nasswallet', 'unpaid', NULL, '2023-11-09 00:17:39', '2023-11-09 00:17:39'),
(14, 17, 6, 2, '25', 'nasswallet', 'unpaid', NULL, '2023-11-09 00:17:48', '2023-11-09 00:17:48'),
(15, 17, 6, 2, '25', 'nasswallet', 'unpaid', NULL, '2023-11-09 00:17:50', '2023-11-09 00:17:50'),
(16, 17, 6, 1, '10', 'nasswallet', 'unpaid', NULL, '2023-11-09 00:17:55', '2023-11-09 00:17:55'),
(17, 17, 6, 1, '10', 'nasswallet', 'unpaid', NULL, '2023-11-09 00:17:57', '2023-11-09 00:17:57'),
(18, 17, 6, 3, '50', 'nasswallet', 'unpaid', NULL, '2023-11-09 00:18:01', '2023-11-09 00:18:01'),
(19, 17, 6, 3, '50', 'nasswallet', 'unpaid', NULL, '2023-11-09 00:18:03', '2023-11-09 00:18:03'),
(20, 17, 6, 2, '25', 'nasswallet', 'unpaid', NULL, '2023-11-09 00:18:08', '2023-11-09 00:18:08'),
(21, 17, 6, 2, '25', 'nasswallet', 'unpaid', NULL, '2023-11-09 00:18:10', '2023-11-09 00:18:10'),
(22, 17, 7, 3, '50', 'nasswallet', 'unpaid', NULL, '2023-11-10 16:01:18', '2023-11-10 16:01:18'),
(23, 17, 7, 3, '50', 'nasswallet', 'unpaid', NULL, '2023-11-11 23:43:47', '2023-11-11 23:43:47'),
(24, 17, 7, 3, '50', 'nasswallet', 'unpaid', NULL, '2023-11-11 23:43:55', '2023-11-11 23:43:55'),
(25, 17, 7, 3, '50', 'nasswallet', 'unpaid', NULL, '2023-11-11 23:43:58', '2023-11-11 23:43:58'),
(26, 17, 7, 2, '25', 'nasswallet', 'unpaid', NULL, '2023-11-11 23:44:04', '2023-11-11 23:44:04');

-- --------------------------------------------------------

--
-- Table structure for table `help_feedback`
--

CREATE TABLE `help_feedback` (
  `id` bigint UNSIGNED NOT NULL,
  `title` varchar(255) CHARACTER SET utf8mb4 COLLATE utf8mb4_unicode_ci NOT NULL,
  `description` text CHARACTER SET utf8mb4 COLLATE utf8mb4_unicode_ci NOT NULL,
  `active` tinyint(1) NOT NULL DEFAULT '1',
  `created_by` int NOT NULL,
  `updated_by` int DEFAULT NULL,
  `created_at` timestamp NULL DEFAULT NULL,
  `updated_at` timestamp NULL DEFAULT NULL,
  `deleted_at` timestamp NULL DEFAULT NULL
) ENGINE=InnoDB DEFAULT CHARSET=utf8mb4 COLLATE=utf8mb4_unicode_ci;

--
-- Dumping data for table `help_feedback`
--

INSERT INTO `help_feedback` (`id`, `title`, `description`, `active`, `created_by`, `updated_by`, `created_at`, `updated_at`, `deleted_at`) VALUES
(1, '{\"en\":\"Need help or have feedback for SalePoint?\",\"ckb\":\"پێویستت بە یارمەتی هەیە یان فیدباکت هەیە بۆ SalePoint؟\",\"ar\":\"هل تحتاج للمساعدة أو لديك ملاحظات حول تطبيق SalePoint\"}', '{\"en\":\"<p>We value your experience with SalePoint and are committed to providing you with the best possible shopping experience. If you need help with anything or have feedback on how we can improve, please don&#39;t hesitate to reach out to us. Our team is dedicated to ensuring your satisfaction and will be more than happy to assist you in any way we can. Whether you have a question about a product, need help with an order, or want to share your thoughts on how we can enhance our service, we&#39;re here for you. Contact us today and let us know how we can help make your shopping experience with SalePoint even better.<\\/p>\",\"ckb\":\"<p>ئێمە ئەزموونەکەت لەگەڵ سەیلپۆینت بە نرخ دەزانین و پابەندین بە دابینکردنی باشترین ئەزموونی کڕین بۆت. ئەگەر پێویستت بە یارمەتی هەیە لە هەر شتێکدا یان فیدباکت هەیە لەسەر ئەوەی کە چۆن دەتوانین باشتر بکەین، تکایە دوودڵ مەبە لە پەیوەندیکردنمان. تیمەکەمان تایبەتە بە دڵنیابوون لە ڕەزامەندی ئێوە و زیاتر لە دڵخۆشی هاوکاریتان دەکەین بە هەر شێوەیەک کە لە تواناماندا بێت. جا پرسیارێکت هەبێت دەربارەی بەرهەمێک، پێویستت بە یارمەتی هەیە لە داواکارییەکدا، یان دەتەوێت بیروڕاکانت لەسەر چۆنیەتی بەرزکردنەوەی خزمەتگوزارییەکەمان بەیەکەوە باس بکەیت، ئێمە لێرەین بۆ تۆ. ئەمڕۆ پەیوەندیمان پێوە بکەن و ئاگادارمان بکەنەوە کە چۆن دەتوانین یارمەتیدەر بین بۆ ئەوەی ئەزموونی کڕینەکەت لەگەڵ سەیلپۆینت باشتر بێت.<\\/p>\",\"ar\":\"<p>الوصف: نحن نهتم بتجربتك مع تطبيق SalePoint ونسعى دائمًا لتوفير أفضل تجربة تسوق لك. إذا كنت بحاجة إلى أي مساعدة أو لديك أي ملاحظات حول كيفية تحسين الخدمة، فلا تتردد في التواصل معنا. فريقنا ملتزم بضمان رضاك وسيكون من دواعي سرورنا مساعدتك في أي شيء تحتاجه. سواء كنت تريد الاستفسار عن منتج، أو بحاجة إلى مساعدة في الطلب، أو ترغب في مشاركة أفكارك حول كيفية تحسين خدمتنا، فنحن هنا لمساعدتك. اتصل بنا اليوم واسمح لنا بمعرفة كيف يمكننا جعل تجربة التسوق مع SalePoint أفضل بالنسبة لك.<\\/p>\\r\\n\\r\\n<p><button><\\/button><button><\\/button><\\/p>\"}', 1, 1, NULL, '2023-04-02 10:20:41', '2023-04-02 10:20:41', NULL),
(2, '{\"en\":\"Englsih\",\"ckb\":\"Kurdish\",\"ar\":\"Arabic\"}', '{\"en\":\"<p>We value your experience with SalePoint and are committed to providing you with the best possible shopping experience. If you need help with anything or have feedback on how we can improve, please don&#39;t hesitate to reach out to us. Our team is dedicated to ensuring your satisfaction and will be more than happy to assist you in any way we can. Whether you have a question about a product, need help with an order, or want to share your thoughts on how we can enhance our service, we&#39;re here for you. Contact us today and let us know how we can help make your shopping experience with SalePoint even better.<\\/p>\",\"ckb\":\"<p>ئێمە ئەزموونەکەت لەگەڵ سەیلپۆینت بە نرخ دەزانین و پابەندین بە دابینکردنی باشترین ئەزموونی کڕین بۆت. ئەگەر پێویستت بە یارمەتی هەیە لە هەر شتێکدا یان فیدباکت هەیە لەسەر ئەوەی کە چۆن دەتوانین باشتر بکەین، تکایە دوودڵ مەبە لە پەیوەندیکردنمان. تیمەکەمان تایبەتە بە دڵنیابوون لە ڕەزامەندی ئێوە و زیاتر لە دڵخۆشی هاوکاریتان دەکەین بە هەر شێوەیەک کە لە تواناماندا بێت. جا پرسیارێکت هەبێت دەربارەی بەرهەمێک، پێویستت بە یارمەتی هەیە لە داواکارییەکدا، یان دەتەوێت بیروڕاکانت لەسەر چۆنیەتی بەرزکردنەوەی خزمەتگوزارییەکەمان بەیەکەوە باس بکەیت، ئێمە لێرەین بۆ تۆ. ئەمڕۆ پەیوەندیمان پێوە بکەن و ئاگادارمان بکەنەوە کە چۆن دەتوانین یارمەتیدەر بین بۆ ئەوەی ئەزموونی کڕینەکەت لەگەڵ سەیلپۆینت باشتر بێت.<\\/p>\",\"ar\":\"<p>الوصف: نحن نهتم بتجربتك مع تطبيق SalePoint ونسعى دائمًا لتوفير أفضل تجربة تسوق لك. إذا كنت بحاجة إلى أي مساعدة أو لديك أي ملاحظات حول كيفية تحسين الخدمة، فلا تتردد في التواصل معنا. فريقنا ملتزم بضمان رضاك وسيكون من دواعي سرورنا مساعدتك في أي شيء تحتاجه. سواء كنت تريد الاستفسار عن منتج، أو بحاجة إلى مساعدة في الطلب، أو ترغب في مشاركة أفكارك حول كيفية تحسين خدمتنا، فنحن هنا لمساعدتك. اتصل بنا اليوم واسمح لنا بمعرفة كيف يمكننا جعل تجربة التسوق مع SalePoint أفضل بالنسبة لك.<\\/p>\\r\\n\\r\\n<p><button><\\/button><button><\\/button><\\/p>\"}', 1, 1, NULL, '2023-04-02 10:22:36', '2023-04-02 10:22:36', NULL);

-- --------------------------------------------------------

--
-- Table structure for table `images`
--

CREATE TABLE `images` (
  `id` bigint UNSIGNED NOT NULL,
  `adds_id` int NOT NULL,
  `file_orginal_name` varchar(255) CHARACTER SET utf8mb4 COLLATE utf8mb4_unicode_ci NOT NULL,
  `file_name` varchar(255) CHARACTER SET utf8mb4 COLLATE utf8mb4_unicode_ci NOT NULL,
  `path` varchar(255) CHARACTER SET utf8mb4 COLLATE utf8mb4_unicode_ci NOT NULL,
  `extension` varchar(255) CHARACTER SET utf8mb4 COLLATE utf8mb4_unicode_ci NOT NULL,
  `type` varchar(255) CHARACTER SET utf8mb4 COLLATE utf8mb4_unicode_ci NOT NULL,
  `active` tinyint(1) NOT NULL DEFAULT '1',
  `created_by` int NOT NULL,
  `updated_by` int DEFAULT NULL,
  `created_at` timestamp NULL DEFAULT NULL,
  `updated_at` timestamp NULL DEFAULT NULL,
  `deleted_at` timestamp NULL DEFAULT NULL
) ENGINE=InnoDB DEFAULT CHARSET=utf8mb4 COLLATE=utf8mb4_unicode_ci;

--
-- Dumping data for table `images`
--

INSERT INTO `images` (`id`, `adds_id`, `file_orginal_name`, `file_name`, `path`, `extension`, `type`, `active`, `created_by`, `updated_by`, `created_at`, `updated_at`, `deleted_at`) VALUES
(1, 1, 'image_picker_B7D978A1-735E-4CF0-9223-3A2B249C6897-10416-00000534CF96B444.jpg', 'sdTB4J9xXvcS91u0WmmvXRIyTRJik2.jpeg', '/storage//uploads/adds/1/sdTB4J9xXvcS91u0WmmvXRIyTRJik2.jpeg', 'jpg', '', 1, 7, NULL, '2023-10-22 20:53:57', '2023-10-22 20:53:57', NULL),
(2, 2, 'image_picker_B0BABDC8-4B62-4073-B97D-290ED98060FF-46051-0000081A57CB015F.jpg', 'nNeZKIEZIytSnPwd3GQaAsqLWyGKp9.jpeg', '/storage//uploads/adds/2/nNeZKIEZIytSnPwd3GQaAsqLWyGKp9.jpeg', 'jpg', '', 1, 5, NULL, '2023-10-23 09:28:46', '2023-10-23 09:28:46', NULL),
(3, 2, 'image_picker_C4DE3E27-141E-4A6C-A638-45E2A681BEFF-46051-0000081A57643E7E.jpg', 'RJxxZtPbiJXPp0p8waio053HbJxlat.jpeg', '/storage//uploads/adds/2/RJxxZtPbiJXPp0p8waio053HbJxlat.jpeg', 'jpg', '', 1, 5, NULL, '2023-10-23 09:28:46', '2023-10-23 09:28:46', NULL),
(4, 3, 'image_picker_9AD74FF6-E658-4570-AFB5-6A5F1D28AE41-46186-000008208F12B771.jpg', 'gbo0xEP93PRvd1dQBK6aDmiIxBQEEH.jpeg', '/storage//uploads/adds/3/gbo0xEP93PRvd1dQBK6aDmiIxBQEEH.jpeg', 'jpg', '', 1, 5, NULL, '2023-10-23 09:57:54', '2023-10-23 09:57:54', NULL),
(5, 4, 'image_picker_50252769-6126-462C-AB6F-8E637E1CA062-47421-000008515CCA4A8D.jpg', 'ALd2CwzwbuEBZGTzPJ1QoNRfW53vLB.jpeg', '/storage//uploads/adds/4/ALd2CwzwbuEBZGTzPJ1QoNRfW53vLB.jpeg', 'jpg', '', 1, 5, NULL, '2023-10-23 14:19:45', '2023-10-23 14:19:45', NULL),
(6, 5, 'image_picker_BDB340DA-AD88-4854-BFB5-EFC30D3DFC48-48852-000008974F19419B.jpg', 'dUTl4fOVvapRlwPbTiuXZntz7s5cG1.jpeg', '/storage//uploads/adds/5/dUTl4fOVvapRlwPbTiuXZntz7s5cG1.jpeg', 'jpg', '', 1, 5, NULL, '2023-10-23 18:36:16', '2023-10-23 18:36:16', NULL),
(7, 6, 'image_picker_D09BB5D2-0A02-4961-A010-CA9EC9706B6A-7204-0000076819590CE1.jpg', 'oHmsev077G66gfX4tidaLRjdouhUkb.jpeg', '/storage//uploads/adds/6/oHmsev077G66gfX4tidaLRjdouhUkb.jpeg', 'jpg', '', 1, 17, NULL, '2023-10-26 22:05:21', '2023-10-26 22:05:21', NULL),
(8, 6, 'image_picker_41464FB3-C390-435D-9FAF-7388029FD4FF-7204-0000076819AA63A3.jpg', 'NshAwtA4sGEIbfBpeKqFzek6kU0kYh.jpeg', '/storage//uploads/adds/6/NshAwtA4sGEIbfBpeKqFzek6kU0kYh.jpeg', 'jpg', '', 1, 17, NULL, '2023-10-26 22:05:21', '2023-10-26 22:05:21', NULL),
(9, 6, 'image_picker_576A701B-32CB-42BC-9089-6D1E69D1EAD0-7204-000007681A072AC6.jpg', '3Jnmaq2fCwV0CbjOxPDHR4R7wHFhHj.jpeg', '/storage//uploads/adds/6/3Jnmaq2fCwV0CbjOxPDHR4R7wHFhHj.jpeg', 'jpg', '', 1, 17, NULL, '2023-10-26 22:05:21', '2023-10-26 22:05:21', NULL),
(10, 6, 'image_picker_FFE9CEE5-AE72-49C9-86F0-6A7F920A189B-7204-000007681985EFC2.jpg', 'Cc1TQAtMuUz9bSAxpzfqFJLQ1RrvLs.jpeg', '/storage//uploads/adds/6/Cc1TQAtMuUz9bSAxpzfqFJLQ1RrvLs.jpeg', 'jpg', '', 1, 17, NULL, '2023-10-26 22:05:21', '2023-10-26 22:05:21', NULL),
(11, 6, 'image_picker_C7390508-34F2-446D-B45D-80E32380B2F0-7204-00000768196ECA45.jpg', 'ulNlz3SUDxSFXwynsdOWCcKTkmymI8.jpeg', '/storage//uploads/adds/6/ulNlz3SUDxSFXwynsdOWCcKTkmymI8.jpeg', 'jpg', '', 1, 17, NULL, '2023-10-26 22:05:21', '2023-10-26 22:05:21', NULL),
(12, 7, 'image_picker_1AE196A9-4389-4152-87A1-A44949CD2B49-1335-000001013548819B.jpg', 'MBNjoQdlqO0D0BlTdkghUvN01cuZXX.jpeg', '/storage//uploads/adds/7/MBNjoQdlqO0D0BlTdkghUvN01cuZXX.jpeg', 'jpg', '', 1, 17, NULL, '2023-10-28 20:04:07', '2023-10-28 20:04:07', NULL),
(13, 7, 'image_picker_184D401E-17C7-465E-BE8B-7BC11A53FF78-1335-00000101345E17D6.jpg', 'kNhW8uX6v5OlMsAV88GsEkG7Y8Ogsl.jpeg', '/storage//uploads/adds/7/kNhW8uX6v5OlMsAV88GsEkG7Y8Ogsl.jpeg', 'jpg', '', 1, 17, NULL, '2023-10-28 20:04:07', '2023-10-28 20:04:07', NULL),
(14, 7, 'image_picker_C6BD1769-6D27-4B11-8EAF-1D730A8CC11F-1335-0000010134AABF0B.jpg', 'Td4C5zSth5skB08Q8E7g13AVBqUxot.jpeg', '/storage//uploads/adds/7/Td4C5zSth5skB08Q8E7g13AVBqUxot.jpeg', 'jpg', '', 1, 17, NULL, '2023-10-28 20:04:07', '2023-10-28 20:04:07', NULL),
(15, 7, 'image_picker_17A188E8-BEE0-41D7-94E3-0B2C5BF578FC-1335-0000010132EB5D1C.jpg', 'bp9J38I4HTTfunOGkrasEqo5unJsuf.jpeg', '/storage//uploads/adds/7/bp9J38I4HTTfunOGkrasEqo5unJsuf.jpeg', 'jpg', '', 1, 17, NULL, '2023-10-28 20:04:07', '2023-10-28 20:04:07', NULL),
(16, 7, 'image_picker_C2A92F9A-FD70-4526-A5B8-396109247057-1335-0000010134F80FE0.jpg', '8uVkGkYdmv0GZ3r0rkZQMBy2sR6j5n.jpeg', '/storage//uploads/adds/7/8uVkGkYdmv0GZ3r0rkZQMBy2sR6j5n.jpeg', 'jpg', '', 1, 17, NULL, '2023-10-28 20:04:07', '2023-10-28 20:04:07', NULL),
(17, 7, 'image_picker_1ACAE8A5-C76F-4384-8586-95CD481C1F21-1335-0000010132FD7AA7.jpg', '6vf9s0sLnM7SjWqygIbbxxFVhzbslH.jpeg', '/storage//uploads/adds/7/6vf9s0sLnM7SjWqygIbbxxFVhzbslH.jpeg', 'jpg', '', 1, 17, NULL, '2023-10-28 20:04:07', '2023-10-28 20:04:07', NULL),
(18, 7, 'image_picker_12789246-0D0E-4B76-B276-8191AE518391-1335-0000010135FA3E5F.jpg', 'FFb60pzZG7AVFLtRShzCUyapPy3MwQ.jpeg', '/storage//uploads/adds/7/FFb60pzZG7AVFLtRShzCUyapPy3MwQ.jpeg', 'jpg', '', 1, 17, NULL, '2023-10-28 20:04:07', '2023-10-28 20:04:07', NULL),
(19, 7, 'image_picker_953D5903-DAF8-4AB8-852B-79684CB1AABC-1335-0000010133166EEB.jpg', 'LLiVSHmeYTTzvX6VV7OWMvTfED7gxm.jpeg', '/storage//uploads/adds/7/LLiVSHmeYTTzvX6VV7OWMvTfED7gxm.jpeg', 'jpg', '', 1, 17, NULL, '2023-10-28 20:04:07', '2023-10-28 20:04:07', NULL),
(20, 7, 'image_picker_F8A486BF-E8FC-4984-93D3-628EAB524953-1335-00000101335F65D0.jpg', 'fVZZENQLBDHXJLSLdUWwq5ug4pgVcE.jpeg', '/storage//uploads/adds/7/fVZZENQLBDHXJLSLdUWwq5ug4pgVcE.jpeg', 'jpg', '', 1, 17, NULL, '2023-10-28 20:04:07', '2023-10-28 20:04:07', NULL),
(21, 7, 'image_picker_2B80D578-B660-46F0-94D8-7080413A7D15-1335-00000101364F6787.jpg', '0QD5vjEYD25SjfN0dlM8TcFevVXP42.jpeg', '/storage//uploads/adds/7/0QD5vjEYD25SjfN0dlM8TcFevVXP42.jpeg', 'jpg', '', 1, 17, NULL, '2023-10-28 20:04:07', '2023-10-28 20:04:07', NULL),
(22, 7, 'image_picker_AA29D7F7-1C4B-4A4F-A1E1-2161F0986256-1335-00000101333712BC.jpg', 'RKRB2HmhVAvkA556OcnX4eJ44TuvtI.jpeg', '/storage//uploads/adds/7/RKRB2HmhVAvkA556OcnX4eJ44TuvtI.jpeg', 'jpg', '', 1, 17, NULL, '2023-10-28 20:04:07', '2023-10-28 20:04:07', NULL),
(23, 7, 'image_picker_73F7E904-389F-4DA1-AB65-2DE6F0D069D6-1335-000001013384AF27.jpg', 'FMiOGjdxanpiJmkILB0ehcIDr3Uy8E.jpeg', '/storage//uploads/adds/7/FMiOGjdxanpiJmkILB0ehcIDr3Uy8E.jpeg', 'jpg', '', 1, 17, NULL, '2023-10-28 20:04:07', '2023-10-28 20:04:07', NULL),
(24, 7, 'image_picker_C5B2E26B-F55B-4292-BED7-41E80E5CEFF4-1335-000001013392B077.jpg', 'F7eR2HT4fyzjWOtYeYa2Zw4lFo95lN.jpeg', '/storage//uploads/adds/7/F7eR2HT4fyzjWOtYeYa2Zw4lFo95lN.jpeg', 'jpg', '', 1, 17, NULL, '2023-10-28 20:04:07', '2023-10-28 20:04:07', NULL),
(25, 8, 'image_picker_2C9C2100-7C4F-419C-8C5C-12D715F8D9A3-71525-00000CD839AD019F.jpg', 'RXbfUnEpzoFsfuDgBvQGxTMGsjZFTA.jpeg', '/storage//uploads/adds/8/RXbfUnEpzoFsfuDgBvQGxTMGsjZFTA.jpeg', 'jpg', '', 1, 5, NULL, '2023-10-28 20:16:45', '2023-10-28 20:16:45', NULL),
(26, 9, 'image_picker_369DA369-1116-4D99-88FA-F9F11C89171F-72455-00000CE3874F05FA.jpg', 'N6N0bgnIVvTvoAPYuIganzshCyyKJE.jpeg', '/storage//uploads/adds/9/N6N0bgnIVvTvoAPYuIganzshCyyKJE.jpeg', 'jpg', '', 1, 5, NULL, '2023-10-28 20:51:15', '2023-10-28 20:51:15', NULL),
(27, 10, 'Screenshot_20231103_210441.jpg', 'tV6XICeLC3KIUzIBxiW2JMBaUPPoLX.jpeg', '/storage//uploads/adds/10/tV6XICeLC3KIUzIBxiW2JMBaUPPoLX.jpeg', 'jpg', '', 1, 2, NULL, '2023-11-11 17:08:16', '2023-11-11 17:08:16', NULL),
(28, 10, 'Screenshot_20231110_113517.jpg', '4yaoqX2MZ2xJTNlkzGOSuDA8arS3MO.jpeg', '/storage//uploads/adds/10/4yaoqX2MZ2xJTNlkzGOSuDA8arS3MO.jpeg', 'jpg', '', 1, 2, NULL, '2023-11-11 17:08:16', '2023-11-11 17:08:16', NULL),
(29, 11, 'Screenshot_20231110_113517.jpg', 'a2E4fFz7qHIK8ynnXsRfnIfrwXFj7c.jpeg', '/storage//uploads/adds/11/a2E4fFz7qHIK8ynnXsRfnIfrwXFj7c.jpeg', 'jpg', '', 1, 2, NULL, '2023-11-11 21:02:37', '2023-11-11 21:02:37', NULL),
(30, 11, 'Screenshot_20231108_003705.jpg', 'ZdCfjtXgmw9DDyLlqRGF2MhA6ECYd0.jpeg', '/storage//uploads/adds/11/ZdCfjtXgmw9DDyLlqRGF2MhA6ECYd0.jpeg', 'jpg', '', 1, 2, NULL, '2023-11-11 21:02:37', '2023-11-11 21:02:37', NULL),
(31, 11, 'Screenshot_20231107_144859.jpg', 'YcbKFwcRoXu04Fb5HbFJ5KrsIx16AE.jpeg', '/storage//uploads/adds/11/YcbKFwcRoXu04Fb5HbFJ5KrsIx16AE.jpeg', 'jpg', '', 1, 2, NULL, '2023-11-11 21:02:37', '2023-11-11 21:02:37', NULL),
(32, 11, 'Screenshot_20231107_144705.jpg', 'JMBZjZANL1BdpWBWYblYHxbR1itQfm.jpeg', '/storage//uploads/adds/11/JMBZjZANL1BdpWBWYblYHxbR1itQfm.jpeg', 'jpg', '', 1, 2, NULL, '2023-11-11 21:02:37', '2023-11-11 21:02:37', NULL),
(33, 11, 'Screenshot_20231104_191455.jpg', 'P93DMmXSZZ5jH8IYpDCqSEc5eQ3Tie.jpeg', '/storage//uploads/adds/11/P93DMmXSZZ5jH8IYpDCqSEc5eQ3Tie.jpeg', 'jpg', '', 1, 2, NULL, '2023-11-11 21:02:37', '2023-11-11 21:02:37', NULL),
(34, 11, 'Screenshot_20231104_190408.jpg', 'If5wUCCSJG4sqzCfXdVo3USWojeKZn.jpeg', '/storage//uploads/adds/11/If5wUCCSJG4sqzCfXdVo3USWojeKZn.jpeg', 'jpg', '', 1, 2, NULL, '2023-11-11 21:02:37', '2023-11-11 21:02:37', NULL),
(35, 11, 'Screenshot_20231104_190335.jpg', '5RFWxDnHiS4tLkrVZajeDsaGISfs6s.jpeg', '/storage//uploads/adds/11/5RFWxDnHiS4tLkrVZajeDsaGISfs6s.jpeg', 'jpg', '', 1, 2, NULL, '2023-11-11 21:02:37', '2023-11-11 21:02:37', NULL),
(36, 12, 'image_picker_F1354D4E-AE34-415E-ABFE-93F2A3AE3E1C-27546-00000F3EFB4F7758.jpg', 'UgnNMPNtZwpbmaFnfCVvYjZIcyhTAP.jpeg', '/storage//uploads/adds/12/UgnNMPNtZwpbmaFnfCVvYjZIcyhTAP.jpeg', 'jpg', '', 1, 17, NULL, '2023-11-12 00:07:57', '2023-11-12 00:07:57', NULL),
(37, 12, 'image_picker_36DF157C-1F80-41C8-9F24-C00B038E8A69-27546-00000F3EFB7DC437.jpg', 'kCKOEVxRWEaU6SPYuqpFJlmjfsL3Qp.jpeg', '/storage//uploads/adds/12/kCKOEVxRWEaU6SPYuqpFJlmjfsL3Qp.jpeg', 'jpg', '', 1, 17, NULL, '2023-11-12 00:07:57', '2023-11-12 00:07:57', NULL),
(38, 12, 'image_picker_1548DCA4-30EF-4F2C-A00C-A8A921A5AC07-27546-00000F3EFBBD06A8.jpg', 'JwSy8ABHkIebUgEHICh7soMrPzLq1J.jpeg', '/storage//uploads/adds/12/JwSy8ABHkIebUgEHICh7soMrPzLq1J.jpeg', 'jpg', '', 1, 17, NULL, '2023-11-12 00:07:57', '2023-11-12 00:07:57', NULL),
(39, 12, 'image_picker_72E50FC1-96D6-4C44-B8C3-1504D32D03EC-27546-00000F3EFBB2A1B4.jpg', 'fWPdZMm6B5vwqHr93zo05XGUZsvGVz.jpeg', '/storage//uploads/adds/12/fWPdZMm6B5vwqHr93zo05XGUZsvGVz.jpeg', 'jpg', '', 1, 17, NULL, '2023-11-12 00:07:57', '2023-11-12 00:07:57', NULL),
(40, 12, 'image_picker_68A1FFEC-B678-4BD9-8BF5-AF981A16C3D5-27546-00000F3EFB5B3FE3.jpg', '7RQR9cQG6LgkiOZKOaRo6ZI01iBbGw.jpeg', '/storage//uploads/adds/12/7RQR9cQG6LgkiOZKOaRo6ZI01iBbGw.jpeg', 'jpg', '', 1, 17, NULL, '2023-11-12 00:07:57', '2023-11-12 00:07:57', NULL),
(41, 12, 'image_picker_0F420AF1-0E26-4F87-81D4-C3E2FBB71324-27546-00000F3EFB72C087.jpg', 'FKK5lUkDacq5960p6HztfXE7xhPccF.jpeg', '/storage//uploads/adds/12/FKK5lUkDacq5960p6HztfXE7xhPccF.jpeg', 'jpg', '', 1, 17, NULL, '2023-11-12 00:07:57', '2023-11-12 00:07:57', NULL),
(42, 12, 'image_picker_65F0B20E-1024-4686-9C81-BAA11B8B5CDB-27546-00000F3EFB6680A6.jpg', 'oLBQHj1irulobQ0izXnY9wlQaxfxWW.jpeg', '/storage//uploads/adds/12/oLBQHj1irulobQ0izXnY9wlQaxfxWW.jpeg', 'jpg', '', 1, 17, NULL, '2023-11-12 00:07:57', '2023-11-12 00:07:57', NULL),
(43, 13, 'Screenshot_20231110_113517.jpg', 'xWKOEFofUfshYlyWI002bHqO7l2XZK.jpeg', '/storage//uploads/adds/13/xWKOEFofUfshYlyWI002bHqO7l2XZK.jpeg', 'jpg', '', 1, 2, NULL, '2023-11-12 21:08:02', '2023-11-12 21:08:02', NULL);

-- --------------------------------------------------------

--
-- Table structure for table `jobs`
--

CREATE TABLE `jobs` (
  `id` bigint UNSIGNED NOT NULL,
  `queue` varchar(255) CHARACTER SET utf8mb4 COLLATE utf8mb4_unicode_ci NOT NULL,
  `payload` longtext CHARACTER SET utf8mb4 COLLATE utf8mb4_unicode_ci NOT NULL,
  `attempts` tinyint UNSIGNED NOT NULL,
  `reserved_at` int UNSIGNED DEFAULT NULL,
  `available_at` int UNSIGNED NOT NULL,
  `created_at` int UNSIGNED NOT NULL
) ENGINE=InnoDB DEFAULT CHARSET=utf8mb4 COLLATE=utf8mb4_unicode_ci;

-- --------------------------------------------------------

--
-- Table structure for table `locations`
--

CREATE TABLE `locations` (
  `id` bigint UNSIGNED NOT NULL,
  `title` varchar(255) CHARACTER SET utf8mb4 COLLATE utf8mb4_unicode_ci NOT NULL,
  `longitude` varchar(255) CHARACTER SET utf8mb4 COLLATE utf8mb4_unicode_ci NOT NULL,
  `latitude` varchar(255) CHARACTER SET utf8mb4 COLLATE utf8mb4_unicode_ci NOT NULL,
  `active` tinyint(1) NOT NULL DEFAULT '1',
  `created_by` int NOT NULL,
  `updated_by` int DEFAULT NULL,
  `created_at` timestamp NULL DEFAULT NULL,
  `updated_at` timestamp NULL DEFAULT NULL,
  `deleted_at` timestamp NULL DEFAULT NULL,
  `radius` double(8,2) DEFAULT NULL
) ENGINE=InnoDB DEFAULT CHARSET=utf8mb4 COLLATE=utf8mb4_unicode_ci;

--
-- Dumping data for table `locations`
--

INSERT INTO `locations` (`id`, `title`, `longitude`, `latitude`, `active`, `created_by`, `updated_by`, `created_at`, `updated_at`, `deleted_at`, `radius`) VALUES
(1, '{\"en\":\"Erbil\",\"ckb\":\"هەولێر\",\"ar\":\"اربیل\"}', '44.00942835956812', '36.19117157386553', 1, 1, 1, '2023-10-17 15:35:34', '2023-10-22 16:55:05', NULL, NULL),
(2, '{\"en\":\"Baghdad\",\"ckb\":\"Baghdad\",\"ar\":\"Baghdad\"}', '44.36962335312343', '33.31674157737889', 1, 1, NULL, '2023-10-22 16:57:04', '2023-10-22 16:57:04', NULL, NULL),
(3, '{\"en\":\"sasa\",\"ckb\":\"saas\",\"ar\":\"sasa\"}', '2112213', '1221', 1, 1, 1, '2024-01-10 00:17:55', '2024-01-10 00:18:33', NULL, 3443.00);

-- --------------------------------------------------------

--
-- Table structure for table `migrations`
--

CREATE TABLE `migrations` (
  `id` int UNSIGNED NOT NULL,
  `migration` varchar(255) CHARACTER SET utf8mb4 COLLATE utf8mb4_unicode_ci NOT NULL,
  `batch` int NOT NULL
) ENGINE=InnoDB DEFAULT CHARSET=utf8mb4 COLLATE=utf8mb4_unicode_ci;

--
-- Dumping data for table `migrations`
--

INSERT INTO `migrations` (`id`, `migration`, `batch`) VALUES
(1, '2014_10_12_000000_create_users_table', 1),
(2, '2014_10_12_100000_create_password_resets_table', 1),
(3, '2019_08_19_000000_create_failed_jobs_table', 1),
(4, '2019_12_14_000001_create_personal_access_tokens_table', 1),
(5, '2022_08_15_190242_create_cities_table', 1),
(6, '2022_08_15_192331_create_uploads_table', 1),
(7, '2022_08_20_182719_create_permission_tables', 1),
(8, '2022_08_20_185612_add_active_column_for_role_table', 1),
(9, '2022_08_31_093525_create_contacts_table', 1),
(10, '2022_09_08_100901_create_audits_table', 1),
(11, '2022_09_17_185641_alter_table_add_column_for_contacts', 1),
(12, '2022_09_18_185701_create_contact_us_sents_table', 1),
(13, '2022_09_19_194724_alter_table_edit_column_for_contacts', 1),
(14, '2022_12_13_185122_create_category_type_table', 1),
(15, '2022_12_14_181912_create_category_table', 1),
(16, '2023_01_28_185520_create_banners_table', 1),
(17, '2023_01_29_191033_create_attribute_table', 1),
(18, '2023_01_30_200407_create_attribute_value_table', 1),
(19, '2023_02_02_190141_create_favorate_table', 2),
(20, '2023_02_04_095100_create_user_table', 2),
(21, '2023_02_04_112757_delete_column_in_user_table', 2),
(22, '2023_02_04_113102_update_user_table', 2),
(23, '2023_02_05_184953_alter_table_attribute', 3),
(24, '2023_02_05_185444_add_column_for_attributes', 3),
(25, '2023_02_06_165720_create_adds_table', 4),
(26, '2023_02_06_183309_create_images_table', 5),
(27, '2023_02_06_182335_ulter_table_adds', 6),
(28, '2023_02_07_213523_ulter_table_adds', 6),
(29, '2023_02_08_170215_ulter_table_adds', 6),
(30, '2023_02_09_220934_ulter_table_favorates', 7),
(31, '2023_02_13_205818_ulter_table_adds', 8),
(32, '2023_02_14_104557_create_help_feedback_table', 9),
(33, '2023_02_14_121550_create_app_review_table', 10),
(34, '2023_02_14_172136_ulter_user_table', 11),
(35, '2023_02_18_093759_create-adds_review_table', 12),
(36, '2023_02_18_223134_update_adds_table', 13),
(37, '2023_02_19_214428_user_follows', 14),
(38, '2023_02_20_203629_create_packages_table', 15),
(39, '2023_02_20_205206_ulter_packages_table', 15),
(40, '2023_02_21_171613_create_gallery_table', 16),
(41, '2023_02_21_201454_ulter_adds_table', 17),
(42, '2023_02_21_203648_ulter_package_table', 18),
(43, '2023_02_21_210755_create_advertisement_table', 19),
(44, '2023_03_04_999999_add_active_status_to_users', 20),
(45, '2023_03_04_999999_add_avatar_to_users', 20),
(46, '2023_03_04_999999_add_dark_mode_to_users', 20),
(47, '2023_03_04_999999_add_messenger_color_to_users', 20),
(48, '2023_03_04_999999_create_chatify_favorites_table', 20),
(49, '2023_03_04_999999_create_chatify_messages_table', 20),
(50, '2023_03_18_183738_chaneg_price_adds', 21),
(51, '2023_03_19_144931_add_coulumn_days_for_packages', 22),
(52, '2023_03_19_154924_create_notification_histories_table', 23),
(53, '2023_03_19_154946_create_notification_history_users_table', 23),
(54, '2023_03_19_165537_add_column_for_table_adds', 24),
(55, '2023_03_19_175315_add_column_for_table_gallery', 25),
(56, '2023_03_19_195013_create_filter_bookmarks_table', 26),
(58, '2023_03_24_215603_create_table_notification_settings', 27),
(59, '2023_03_24_234801_create_gallery_orders_table', 28),
(60, '2023_03_30_221549_create_mobile_versions_table', 29),
(61, '2023_04_01_205617_create_settings_table', 30),
(62, '2023_08_14_113501_add_column_for_adds', 31),
(63, '2023_08_24_214307_add_message_stats_to_users_table', 32),
(64, '2023_08_28_232957_change_columns_attributs_in_adds', 33),
(65, '2023_08_29_232957_change_columns_attributs_in_adds', 34),
(66, '2023_08_29_232957_add_column_notification_type', 35),
(67, '2023_08_29_215430_create_jobs_table', 36),
(68, '2023_08_30_192546_create_adds_attributes_table', 37),
(69, '2023_09_02_220255_add_column_profile', 38),
(70, '2023_09_03_141449_create_temp_registers_table', 39),
(71, '2023_10_08_144107_add_coulumn_type_user', 40),
(72, '2023_10_16_214557_create_locations_table', 41),
(73, '2023_10_17_213428_add_column_exact_location_adds', 42),
(74, '2023_12_17_213441_add_city_id_to_adds', 43),
(77, '2024_01_09_211318_add_deleted_from_id', 44),
(78, '2024_01_10_001303_add_radius', 45),
(79, '2024_01_23_220255_create_notifications_table', 46),
(80, '2024_01_24_111910_create_adds_changes_table', 46);

-- --------------------------------------------------------

--
-- Table structure for table `mobile_versions`
--

CREATE TABLE `mobile_versions` (
  `id` bigint UNSIGNED NOT NULL,
  `platform` varchar(50) CHARACTER SET utf8mb4 COLLATE utf8mb4_unicode_ci NOT NULL,
  `version` varchar(10) CHARACTER SET utf8mb4 COLLATE utf8mb4_unicode_ci NOT NULL,
  `type` varchar(10) CHARACTER SET utf8mb4 COLLATE utf8mb4_unicode_ci NOT NULL,
  `url` varchar(255) CHARACTER SET utf8mb4 COLLATE utf8mb4_unicode_ci NOT NULL,
  `mobile_versions_hard` varchar(255) CHARACTER SET utf8mb4 COLLATE utf8mb4_unicode_ci DEFAULT NULL,
  `current` tinyint NOT NULL DEFAULT '0',
  `created_at` timestamp NULL DEFAULT NULL,
  `updated_at` timestamp NULL DEFAULT NULL,
  `created_by` int NOT NULL,
  `updated_by` int DEFAULT NULL,
  `deleted_at` timestamp NULL DEFAULT NULL
) ENGINE=InnoDB DEFAULT CHARSET=utf8mb4 COLLATE=utf8mb4_unicode_ci;

--
-- Dumping data for table `mobile_versions`
--

INSERT INTO `mobile_versions` (`id`, `platform`, `version`, `type`, `url`, `mobile_versions_hard`, `current`, `created_at`, `updated_at`, `created_by`, `updated_by`, `deleted_at`) VALUES
(1, 'android', '1.0.1', 'hard', 'https://editor.lottiefiles.com/?fileUrl=https://assets10.lottiefiles.com/packages/lf20_c9hjnzvs.json&origin=web&hash=ODk3NDktcm9ja2VydC1uZXc=&src=https://lottiefiles.com/upload-file/editor', NULL, 0, '2023-03-30 23:52:00', '2023-03-31 00:07:05', 0, NULL, NULL),
(2, 'ios', '1.0.0', 'soft', 'https://makaeen.system.krd/', NULL, 0, '2023-03-31 00:02:21', '2023-03-31 00:02:40', 0, NULL, NULL),
(3, 'ios', '1.0.4', 'soft', 'https://makaeen.system.krd/', NULL, 1, '2023-03-31 00:02:40', '2023-03-31 00:02:40', 0, NULL, NULL),
(4, 'android', '1.0.3', 'hard', 'https://makaeen.system.krd/', '1', 1, '2023-03-31 00:03:30', '2023-03-31 00:07:05', 0, NULL, NULL);

-- --------------------------------------------------------

--
-- Table structure for table `model_has_permissions`
--

CREATE TABLE `model_has_permissions` (
  `permission_id` bigint UNSIGNED NOT NULL,
  `model_type` varchar(255) CHARACTER SET utf8mb4 COLLATE utf8mb4_unicode_ci NOT NULL,
  `model_id` bigint UNSIGNED NOT NULL
) ENGINE=InnoDB DEFAULT CHARSET=utf8mb4 COLLATE=utf8mb4_unicode_ci;

-- --------------------------------------------------------

--
-- Table structure for table `model_has_roles`
--

CREATE TABLE `model_has_roles` (
  `role_id` bigint UNSIGNED NOT NULL,
  `model_type` varchar(255) CHARACTER SET utf8mb4 COLLATE utf8mb4_unicode_ci NOT NULL,
  `model_id` bigint UNSIGNED NOT NULL
) ENGINE=InnoDB DEFAULT CHARSET=utf8mb4 COLLATE=utf8mb4_unicode_ci;

--
-- Dumping data for table `model_has_roles`
--

INSERT INTO `model_has_roles` (`role_id`, `model_type`, `model_id`) VALUES
(1, 'App\\Models\\Admin', 1);

-- --------------------------------------------------------

--
-- Table structure for table `notifications`
--

CREATE TABLE `notifications` (
  `id` bigint UNSIGNED NOT NULL,
  `title` text CHARACTER SET utf8mb4 COLLATE utf8mb4_unicode_ci NOT NULL,
  `short_description` text CHARACTER SET utf8mb4 COLLATE utf8mb4_unicode_ci NOT NULL,
  `type` int NOT NULL DEFAULT '0' COMMENT '0 normal ,1: Product , 3 Edit Product',
  `virtual_id` int DEFAULT NULL COMMENT 'Its product ID when type is 1',
  `user_id` int NOT NULL,
  `device_id` text CHARACTER SET utf8mb4 COLLATE utf8mb4_unicode_ci NOT NULL,
  `opened_at` timestamp NULL DEFAULT NULL,
  `active` tinyint(1) NOT NULL DEFAULT '1',
  `created_by` int NOT NULL,
  `updated_by` int DEFAULT NULL,
  `created_at` timestamp NULL DEFAULT NULL,
  `updated_at` timestamp NULL DEFAULT NULL,
  `deleted_at` timestamp NULL DEFAULT NULL
) ENGINE=InnoDB DEFAULT CHARSET=utf8mb4 COLLATE=utf8mb4_unicode_ci;

-- --------------------------------------------------------

--
-- Table structure for table `notification_histories`
--

CREATE TABLE `notification_histories` (
  `id` bigint UNSIGNED NOT NULL,
  `virtual_id` int DEFAULT NULL,
  `title` text CHARACTER SET utf8mb4 COLLATE utf8mb4_unicode_ci NOT NULL,
  `short_description` text CHARACTER SET utf8mb4 COLLATE utf8mb4_unicode_ci NOT NULL,
  `count` int NOT NULL DEFAULT '0',
  `active` tinyint(1) NOT NULL DEFAULT '1',
  `created_by` int NOT NULL,
  `updated_by` int DEFAULT NULL,
  `created_at` timestamp NULL DEFAULT NULL,
  `updated_at` timestamp NULL DEFAULT NULL,
  `deleted_at` timestamp NULL DEFAULT NULL,
  `type` int NOT NULL DEFAULT '0'
) ENGINE=InnoDB DEFAULT CHARSET=utf8mb4 COLLATE=utf8mb4_unicode_ci;

--
-- Dumping data for table `notification_histories`
--

INSERT INTO `notification_histories` (`id`, `virtual_id`, `title`, `short_description`, `count`, `active`, `created_by`, `updated_by`, `created_at`, `updated_at`, `deleted_at`, `type`) VALUES
(1, NULL, 'test', 'testtest', 0, 1, 0, NULL, '2023-04-02 14:33:52', '2023-04-02 14:33:52', NULL, 0),
(2, NULL, 'New Product', 'published', 0, 1, 0, NULL, '2023-04-02 14:37:46', '2023-04-02 14:37:46', NULL, 0),
(3, NULL, 'New Product', 'published', 0, 1, 0, NULL, '2023-04-03 02:54:26', '2023-04-03 02:54:26', NULL, 0),
(4, NULL, 'New Product', 'published', 0, 1, 0, NULL, '2023-08-11 14:03:50', '2023-08-11 14:03:50', NULL, 0),
(5, NULL, 'New Product', 'published', 0, 1, 0, NULL, '2023-08-15 13:48:14', '2023-08-15 13:48:14', NULL, 0),
(6, NULL, 'New Product', 'published', 0, 1, 0, NULL, '2023-08-26 21:32:19', '2023-08-26 21:32:19', NULL, 0),
(7, NULL, 'New Product', 'published', 0, 1, 0, NULL, '2023-08-26 23:30:29', '2023-08-26 23:30:29', NULL, 0),
(8, NULL, 'New Product', 'published', 0, 1, 0, NULL, '2023-08-26 23:34:13', '2023-08-26 23:34:13', NULL, 0),
(9, NULL, 'New Product', 'published', 0, 1, 0, NULL, '2023-08-28 21:11:51', '2023-08-28 21:11:51', NULL, 0),
(10, NULL, 'New Product', 'published', 0, 1, 0, NULL, '2023-08-30 19:15:36', '2023-08-30 19:15:36', NULL, 0),
(11, NULL, 'New Product', 'published', 0, 1, 0, NULL, '2023-08-30 21:35:19', '2023-08-30 21:35:19', NULL, 0),
(12, NULL, 'Optio eveniet rati', 'Quae qui porro sequi', 0, 1, 0, NULL, '2023-08-31 22:12:54', '2023-08-31 22:12:54', NULL, 0),
(13, NULL, 'Where does it come from?', 'Contrary to popular belief, Lorem Ipsum is not simply random text. It has roots in a piece of classical Latin literature from 45 BC,', 0, 1, 0, NULL, '2023-09-01 02:11:22', '2023-09-01 02:11:22', NULL, 0),
(14, NULL, 'Where does it come from?', 'Contrary to popular belief, Lorem Ipsum is not simply random text. It has roots in a piece of classical Latin literature from 45 BC, making it over 2000 years old. Richard McClintock, a Latin professor at Hampden-Sydney College in Virginia, looked up one of the more obscure Latin words, consectetur, from a Lorem Ipsum passage, and going through the cites of the word in classical literature, discovered the undoubtable source. Lorem Ipsum comes from sections 1.10.32 and 1.10.33 of \"de Finibus Bonorum et Malorum\" (The Extremes of Good and Evil) by Cicero, written in 45 BC. This book is a treatise on the theory of ethics, very popular during the Renaissance. The first line of Lorem Ipsum, \"Lorem ipsum dolor sit amet..\", comes from a line in section 1.10.32.', 0, 1, 0, NULL, '2023-09-01 02:22:18', '2023-09-01 02:22:18', NULL, 0),
(15, NULL, 'Where does it come from?', 'Contrary to popular belief, Lorem Ipsum is not simply random text. It has roots in a piece of classical Latin literature from 45 BC, making it over 2000 years old. Richard McClintock, a Latin professor at Hampden-Sydney College in Virginia, looked up one of the more obscure Latin words, consectetur, from a Lorem Ipsum passage, and going through the cites of the word in classical literature, discovered the undoubtable source. Lorem Ipsum comes from sections 1.10.32 and 1.10.33 of \"de Finibus Bonorum et Malorum\" (The Extremes of Good and Evil) by Cicero, written in 45 BC. This book is a treatise on the theory of ethics, very popular during the Renaissance. The first line of Lorem Ipsum, \"Lorem ipsum dolor sit amet..\", comes from a line in section 1.10.32.', 0, 1, 0, NULL, '2023-09-01 02:25:46', '2023-09-01 02:25:46', NULL, 0),
(16, NULL, 'TEST', 'TEST', 0, 1, 0, NULL, '2023-09-04 20:28:47', '2023-09-04 20:28:47', NULL, 0),
(17, 14, 'Maybach Mercides', '', 0, 1, 8, NULL, '2023-09-04 20:44:53', '2023-09-04 20:44:53', NULL, 1),
(18, 14, 'Maybach Mercides', 'testing Car updateffg\nj', 0, 1, 8, NULL, '2023-09-04 20:50:36', '2023-09-04 20:50:36', NULL, 1),
(19, 14, 'Maybach Mercides', 'testing Car updateffg\nj', 0, 1, 8, NULL, '2023-09-04 20:53:49', '2023-09-04 20:53:49', NULL, 1),
(20, 14, 'Maybach Mercides update', 'testing Car updateffg\nj', 0, 1, 8, NULL, '2023-09-04 20:56:05', '2023-09-04 20:56:05', NULL, 1),
(21, 14, 'Maybach Mercides update', 'testing Car updateffg\nj', 0, 1, 8, NULL, '2023-09-04 20:58:03', '2023-09-04 20:58:03', NULL, 1),
(22, 14, 'Maybach Mercides update', 'testing Car updateffg', 0, 1, 8, NULL, '2023-09-04 21:01:33', '2023-09-04 21:01:33', NULL, 1),
(23, 30, 'jetta', 'cleann', 0, 1, 23, NULL, '2023-10-18 00:05:46', '2023-10-18 00:05:46', NULL, 1);

-- --------------------------------------------------------

--
-- Table structure for table `notification_history_users`
--

CREATE TABLE `notification_history_users` (
  `id` bigint UNSIGNED NOT NULL,
  `notification_history_id` int NOT NULL,
  `user_id` int NOT NULL,
  `device_id` text CHARACTER SET utf8mb4 COLLATE utf8mb4_unicode_ci NOT NULL,
  `opened_at` timestamp NULL DEFAULT NULL,
  `active` tinyint(1) NOT NULL DEFAULT '1',
  `created_by` int NOT NULL,
  `updated_by` int DEFAULT NULL,
  `created_at` timestamp NULL DEFAULT NULL,
  `updated_at` timestamp NULL DEFAULT NULL,
  `deleted_at` timestamp NULL DEFAULT NULL
) ENGINE=InnoDB DEFAULT CHARSET=utf8mb4 COLLATE=utf8mb4_unicode_ci;

--
-- Dumping data for table `notification_history_users`
--

INSERT INTO `notification_history_users` (`id`, `notification_history_id`, `user_id`, `device_id`, `opened_at`, `active`, `created_by`, `updated_by`, `created_at`, `updated_at`, `deleted_at`) VALUES
(1, 1, 7, 'fqe-Q1qRiUFYtVhPu_P9vR:APA91bHCUrw8OVbWRbKEojx_fqjsY6ckclUmcJXw3cKLdfQnyYz9oRoxIn42CMX1UbB2GMZCUXZPtyHAN8wt3ZuTb2BjXuQoxbG3j1Wozm-jPSb_54ZRfYldmP2n-2otqZ41IP5O1TYY', NULL, 1, 0, NULL, '2023-04-02 14:33:53', '2023-04-02 14:33:53', NULL),
(2, 3, 0, 'fqe-Q1qRiUFYtVhPu_P9vR:APA91bHCUrw8OVbWRbKEojx_fqjsY6ckclUmcJXw3cKLdfQnyYz9oRoxIn42CMX1UbB2GMZCUXZPtyHAN8wt3ZuTb2BjXuQoxbG3j1Wozm-jPSb_54ZRfYldmP2n-2otqZ41IP5O1TYY', NULL, 1, 0, NULL, '2023-04-03 02:54:27', '2023-04-03 02:54:27', NULL),
(3, 4, 0, 'fqe-Q1qRiUFYtVhPu_P9vR:APA91bHCUrw8OVbWRbKEojx_fqjsY6ckclUmcJXw3cKLdfQnyYz9oRoxIn42CMX1UbB2GMZCUXZPtyHAN8wt3ZuTb2BjXuQoxbG3j1Wozm-jPSb_54ZRfYldmP2n-2otqZ41IP5O1TYY', NULL, 1, 0, NULL, '2023-08-11 14:03:50', '2023-08-11 14:03:50', NULL),
(4, 12, 3, 'c5lLG4MkSLCt3KOJ2Iw5YB:APA91bFQu7KCT7pbKGqqMrtXQeu_LXDrMizGIUMghfLw9vATpFxOo-qviLmaRdNXWODSoK9gzPq5qy3d3tvd_9uoXotB1BFoXk_2e2CK9ha6sl88z78qn6QlVsvQOoki8keZD60aSIGz', NULL, 1, 0, NULL, NULL, NULL, NULL),
(5, 13, 3, 'c5lLG4MkSLCt3KOJ2Iw5YB:APA91bFQu7KCT7pbKGqqMrtXQeu_LXDrMizGIUMghfLw9vATpFxOo-qviLmaRdNXWODSoK9gzPq5qy3d3tvd_9uoXotB1BFoXk_2e2CK9ha6sl88z78qn6QlVsvQOoki8keZD60aSIGz', NULL, 1, 0, NULL, NULL, NULL, NULL),
(6, 14, 1, 'fqe-Q1qRiUFYtVhPu_P9vR:APA91bHCUrw8OVbWRbKEojx_fqjsY6ckclUmcJXw3cKLdfQnyYz9oRoxIn42CMX1UbB2GMZCUXZPtyHAN8wt3ZuTb2BjXuQoxbG3j1Wozm-jPSb_54ZRfYldmP2n-2otqZ41IP5O1TYY', NULL, 1, 0, NULL, NULL, NULL, NULL),
(7, 14, 2, 'c5lLG4MkSLCt3KOJ2Iw5YB:APA91bFQu7KCT7pbKGqqMrtXQeu_LXDrMizGIUMghfLw9vATpFxOo-qviLmaRdNXWODSoK9gzPq5qy3d3tvd_9uoXotB1BFoXk_2e2CK9ha6sl88z78qn6QlVsvQOoki8keZD60aSIGz', NULL, 1, 0, NULL, NULL, NULL, NULL),
(8, 14, 3, 'c5lLG4MkSLCt3KOJ2Iw5YB:APA91bFQu7KCT7pbKGqqMrtXQeu_LXDrMizGIUMghfLw9vATpFxOo-qviLmaRdNXWODSoK9gzPq5qy3d3tvd_9uoXotB1BFoXk_2e2CK9ha6sl88z78qn6QlVsvQOoki8keZD60aSIGz', NULL, 1, 0, NULL, NULL, NULL, NULL),
(9, 14, 4, 'ejpaX54jaEAmjnekkYr1NW:APA91bFNYeThAIij5i3FfC-r6dkkqYBOBHuMxEJr44R37WinnovVPaeuG-YWRECQOJoX5EZWgeINbH-juBVnSxtBNSYJz5O1-sxBt-iyfQ8tJarUKBbvLAJtFjzBY9yV-YpUxDwz_Ghp', NULL, 1, 0, NULL, NULL, NULL, NULL),
(10, 14, 5, 'fZZYAd45lEyQpggVNZN6YV:APA91bHTZLZTUHGLPsLf9JqxFvsF5sAucUgNzyiy78aVfV5DGkZji3-2fGM0zKnMJbZc84insEFH3YHLWXsn_uxyYcWZ-Qm2fj3ZuoIWbXHfQOXOpTopbSy1A3_btp7T6l4VgZkZvm_C', NULL, 1, 0, NULL, NULL, NULL, NULL),
(11, 14, 6, 'fw0fsgonw0sxuzXxHLE95y:APA91bHliRoA5tQQN2cn8ZmyABqasV2h-65hh1MWZo1EuzxiV_UJ4E1A2N-VyCYO2zMWd8s2e7i6CqHWQdh35EhcYpm4sksr8KaZ4Yi14Vsu5lSu-24TH3-AaHfqDFgdktmj8IegS5C9', NULL, 1, 0, NULL, NULL, NULL, NULL),
(12, 14, 7, 'dDdTViIcRDeL4_uXdBim4d:APA91bFZy5jXcVth3Wo2pUjYmgTSbw_PdtINw_boFoGOG5YUCNaho_QpteorX0CWRZu4COSx5Agv9Majd5wdNQbstc-0AhbM9SurYGs9Zw5bg2FwPKqE81SaHsFT0VsgOqxyN1olOPW9', NULL, 1, 0, NULL, NULL, NULL, NULL),
(13, 15, 3, 'c5lLG4MkSLCt3KOJ2Iw5YB:APA91bFQu7KCT7pbKGqqMrtXQeu_LXDrMizGIUMghfLw9vATpFxOo-qviLmaRdNXWODSoK9gzPq5qy3d3tvd_9uoXotB1BFoXk_2e2CK9ha6sl88z78qn6QlVsvQOoki8keZD60aSIGz', NULL, 1, 0, NULL, NULL, NULL, NULL),
(14, 16, 8, 'f2DGXepjRQ-j8lYB6PRqW_:APA91bHO0P-xaKm-YBSTgJibf3XCchyM7YnmD_kSFk_h3ENhqJISwrIU71mdyf3cuR52MUx0UBPNKscevSHPlI4N7ishNHoD65FAxprDVVkNwI8HymvEs9IX2tP5whyunl0GXYd8k_aJ', NULL, 1, 0, NULL, NULL, NULL, NULL),
(15, 17, 3, 'c5lLG4MkSLCt3KOJ2Iw5YB:APA91bFQu7KCT7pbKGqqMrtXQeu_LXDrMizGIUMghfLw9vATpFxOo-qviLmaRdNXWODSoK9gzPq5qy3d3tvd_9uoXotB1BFoXk_2e2CK9ha6sl88z78qn6QlVsvQOoki8keZD60aSIGz', NULL, 1, 0, NULL, NULL, NULL, NULL),
(16, 18, 3, 'c5lLG4MkSLCt3KOJ2Iw5YB:APA91bFQu7KCT7pbKGqqMrtXQeu_LXDrMizGIUMghfLw9vATpFxOo-qviLmaRdNXWODSoK9gzPq5qy3d3tvd_9uoXotB1BFoXk_2e2CK9ha6sl88z78qn6QlVsvQOoki8keZD60aSIGz', NULL, 1, 0, NULL, NULL, NULL, NULL),
(17, 19, 3, 'c5lLG4MkSLCt3KOJ2Iw5YB:APA91bFQu7KCT7pbKGqqMrtXQeu_LXDrMizGIUMghfLw9vATpFxOo-qviLmaRdNXWODSoK9gzPq5qy3d3tvd_9uoXotB1BFoXk_2e2CK9ha6sl88z78qn6QlVsvQOoki8keZD60aSIGz', NULL, 1, 0, NULL, NULL, NULL, NULL),
(18, 20, 3, 'c5lLG4MkSLCt3KOJ2Iw5YB:APA91bFQu7KCT7pbKGqqMrtXQeu_LXDrMizGIUMghfLw9vATpFxOo-qviLmaRdNXWODSoK9gzPq5qy3d3tvd_9uoXotB1BFoXk_2e2CK9ha6sl88z78qn6QlVsvQOoki8keZD60aSIGz', NULL, 1, 0, NULL, NULL, NULL, NULL),
(19, 21, 3, 'c5lLG4MkSLCt3KOJ2Iw5YB:APA91bFQu7KCT7pbKGqqMrtXQeu_LXDrMizGIUMghfLw9vATpFxOo-qviLmaRdNXWODSoK9gzPq5qy3d3tvd_9uoXotB1BFoXk_2e2CK9ha6sl88z78qn6QlVsvQOoki8keZD60aSIGz', NULL, 1, 0, NULL, NULL, NULL, NULL),
(20, 22, 3, 'c5lLG4MkSLCt3KOJ2Iw5YB:APA91bFQu7KCT7pbKGqqMrtXQeu_LXDrMizGIUMghfLw9vATpFxOo-qviLmaRdNXWODSoK9gzPq5qy3d3tvd_9uoXotB1BFoXk_2e2CK9ha6sl88z78qn6QlVsvQOoki8keZD60aSIGz', NULL, 1, 0, NULL, NULL, NULL, NULL),
(21, 23, 23, 'fBej8G1qR5uGxnAV_yrYQI:APA91bH2Hh1XFJccCaLIt44UcrDntdufTdC1Jb-leNKL6DsUO5ONlFBgwN1b8V8GiXO1KMzyIHAAzR4d6bNItF1OX0uSff81pbCoFTEurl8ewgr_NYuXdfd4ZUa75igdbctFGZT9Xmd4', NULL, 1, 0, NULL, NULL, NULL, NULL);

-- --------------------------------------------------------

--
-- Table structure for table `notification_settings`
--

CREATE TABLE `notification_settings` (
  `id` bigint UNSIGNED NOT NULL,
  `user_id` bigint UNSIGNED NOT NULL,
  `enable_notification` tinyint(1) NOT NULL DEFAULT '1',
  `rest_period` tinyint(1) NOT NULL DEFAULT '0',
  `rest_period_begin` time DEFAULT NULL,
  `rest_period_end` time DEFAULT NULL,
  `created_at` timestamp NULL DEFAULT NULL,
  `updated_at` timestamp NULL DEFAULT NULL
) ENGINE=InnoDB DEFAULT CHARSET=utf8mb4 COLLATE=utf8mb4_unicode_ci;

--
-- Dumping data for table `notification_settings`
--

INSERT INTO `notification_settings` (`id`, `user_id`, `enable_notification`, `rest_period`, `rest_period_begin`, `rest_period_end`, `created_at`, `updated_at`) VALUES
(1, 1, 1, 0, '22:00:00', '08:00:00', '2023-04-02 14:27:57', '2023-04-02 14:27:57'),
(2, 2, 1, 0, '22:00:00', '08:00:00', '2023-04-02 18:01:09', '2023-04-02 18:25:13'),
(3, 3, 1, 1, '22:00:00', '08:00:00', '2023-04-02 22:26:56', '2023-11-28 22:03:16'),
(4, 4, 1, 0, '22:00:00', '08:00:00', '2023-08-11 14:01:57', '2023-08-11 14:01:57'),
(5, 5, 1, 0, '22:00:00', '08:00:00', '2023-08-11 20:40:44', '2023-08-11 20:40:44'),
(6, 6, 1, 0, '22:00:00', '08:00:00', '2023-08-11 20:45:33', '2023-08-11 20:45:33'),
(7, 7, 1, 0, '22:00:00', '08:00:00', '2023-08-12 23:06:57', '2023-08-12 23:06:57'),
(8, 10, 1, 0, '22:00:00', '08:00:00', '2023-09-02 22:21:48', '2023-09-02 22:21:48'),
(9, 16, 1, 0, '22:00:00', '08:00:00', '2023-09-03 18:24:36', '2023-09-03 18:24:36'),
(10, 8, 1, 0, '22:00:00', '08:00:00', '2023-09-03 20:15:53', '2023-09-03 20:15:53'),
(11, 17, 1, 0, '22:00:00', '08:00:00', '2023-09-05 14:43:51', '2023-09-05 14:43:51'),
(12, 21, 1, 0, '22:00:00', '08:00:00', '2023-10-08 23:07:24', '2023-10-08 23:07:24'),
(13, 22, 1, 0, '22:00:00', '08:00:00', '2023-10-08 23:20:03', '2023-10-08 23:20:03'),
(14, 23, 1, 1, '22:00:00', '08:00:00', '2023-10-17 23:17:08', '2023-10-17 23:28:49'),
(15, 9, 1, 1, '11:00:00', '18:14:00', '2023-10-18 00:12:56', '2023-10-18 21:31:11');

-- --------------------------------------------------------

--
-- Table structure for table `packages`
--

CREATE TABLE `packages` (
  `id` bigint UNSIGNED NOT NULL,
  `title` varchar(255) CHARACTER SET utf8mb4 COLLATE utf8mb4_unicode_ci NOT NULL,
  `slug` varchar(255) CHARACTER SET utf8mb4 COLLATE utf8mb4_unicode_ci NOT NULL,
  `description` varchar(255) CHARACTER SET utf8mb4 COLLATE utf8mb4_unicode_ci NOT NULL,
  `price` varchar(255) CHARACTER SET utf8mb4 COLLATE utf8mb4_unicode_ci NOT NULL DEFAULT '',
  `image` varchar(255) CHARACTER SET utf8mb4 COLLATE utf8mb4_unicode_ci NOT NULL,
  `code` varchar(255) CHARACTER SET utf8mb4 COLLATE utf8mb4_unicode_ci NOT NULL,
  `currency_type` enum('USD','IQD') CHARACTER SET utf8mb4 COLLATE utf8mb4_unicode_ci NOT NULL DEFAULT 'USD',
  `package_days` int NOT NULL,
  `active` tinyint(1) NOT NULL DEFAULT '1',
  `created_by` int NOT NULL,
  `updated_by` int DEFAULT NULL,
  `created_at` timestamp NULL DEFAULT NULL,
  `updated_at` timestamp NULL DEFAULT NULL,
  `deleted_at` timestamp NULL DEFAULT NULL
) ENGINE=InnoDB DEFAULT CHARSET=utf8mb4 COLLATE=utf8mb4_unicode_ci;

--
-- Dumping data for table `packages`
--

INSERT INTO `packages` (`id`, `title`, `slug`, `description`, `price`, `image`, `code`, `currency_type`, `package_days`, `active`, `created_by`, `updated_by`, `created_at`, `updated_at`, `deleted_at`) VALUES
(1, '{\"en\":\"Basic Package\",\"ckb\":\"Numquam adipisicing\",\"ar\":\"Quo perferendis sed\"}', 'mollitia-enim-iusto', '{\"en\":\"Ad will be boosted for 24 hours\\r\\nTarget audience: users in the same city\\r\\nAd will be highlighted in search results\",\"ar\":null}', '10', '4', '#9f2d2d', 'USD', 0, 1, 1, 1, '2023-02-20 22:13:36', '2023-02-21 17:20:40', NULL),
(2, '{\"en\":\"Premium Package\",\"ckb\":\"dd\",\"ar\":\"dd\"}', 'premium-package', '{\"en\":\"Ad will be boosted for 48 hours\\r\\nTarget audience: users in the same city and nearby cities\\r\\nAd will be highlighted in search results and on the homepage\",\"ar\":null}', '25', '3', '#9f2d2d', 'USD', 0, 1, 1, NULL, '2023-02-21 17:21:23', '2023-02-21 17:21:23', NULL),
(3, '{\"en\":\"Ultimate Package\",\"ckb\":\"sd\",\"ar\":\"sdc\"}', 'ultimate-package', '{\"en\":\"Ad will be boosted for 48 hours\\r\\nTarget audience: users in the same city and nearby cities\\r\\nAd will be highlighted in search results and on the homepage\",\"ar\":null}', '50', '3', '#9f2d2d', 'USD', 0, 1, 1, NULL, '2023-02-21 17:21:51', '2024-03-20 21:57:45', NULL);

-- --------------------------------------------------------

--
-- Table structure for table `permissions`
--

CREATE TABLE `permissions` (
  `id` bigint UNSIGNED NOT NULL,
  `name` varchar(255) CHARACTER SET utf8mb4 COLLATE utf8mb4_unicode_ci NOT NULL,
  `guard_name` varchar(255) CHARACTER SET utf8mb4 COLLATE utf8mb4_unicode_ci NOT NULL,
  `created_at` timestamp NULL DEFAULT NULL,
  `updated_at` timestamp NULL DEFAULT NULL
) ENGINE=InnoDB DEFAULT CHARSET=utf8mb4 COLLATE=utf8mb4_unicode_ci;

-- --------------------------------------------------------

--
-- Table structure for table `roles`
--

CREATE TABLE `roles` (
  `id` bigint UNSIGNED NOT NULL,
  `name` varchar(255) CHARACTER SET utf8mb4 COLLATE utf8mb4_unicode_ci NOT NULL,
  `guard_name` varchar(255) CHARACTER SET utf8mb4 COLLATE utf8mb4_unicode_ci NOT NULL,
  `created_at` timestamp NULL DEFAULT NULL,
  `updated_at` timestamp NULL DEFAULT NULL,
  `active` int NOT NULL DEFAULT '1'
) ENGINE=InnoDB DEFAULT CHARSET=utf8mb4 COLLATE=utf8mb4_unicode_ci;

--
-- Dumping data for table `roles`
--

INSERT INTO `roles` (`id`, `name`, `guard_name`, `created_at`, `updated_at`, `active`) VALUES
(1, 'Super Admin', 'web', '2023-02-02 17:44:02', '2023-02-02 17:44:02', 1);

-- --------------------------------------------------------

--
-- Table structure for table `role_has_permissions`
--

CREATE TABLE `role_has_permissions` (
  `permission_id` bigint UNSIGNED NOT NULL,
  `role_id` bigint UNSIGNED NOT NULL
) ENGINE=InnoDB DEFAULT CHARSET=utf8mb4 COLLATE=utf8mb4_unicode_ci;

-- --------------------------------------------------------

--
-- Table structure for table `settings`
--

CREATE TABLE `settings` (
  `id` bigint UNSIGNED NOT NULL,
  `type` varchar(255) CHARACTER SET utf8mb4 COLLATE utf8mb4_unicode_ci NOT NULL,
  `value` text CHARACTER SET utf8mb4 COLLATE utf8mb4_unicode_ci NOT NULL,
  `created_at` timestamp NULL DEFAULT NULL,
  `updated_at` timestamp NULL DEFAULT NULL
) ENGINE=InnoDB DEFAULT CHARSET=utf8mb4 COLLATE=utf8mb4_unicode_ci;

--
-- Dumping data for table `settings`
--

INSERT INTO `settings` (`id`, `type`, `value`, `created_at`, `updated_at`) VALUES
(1, 'under_review', '0', '2023-04-01 21:03:47', '2023-04-01 21:03:47');

-- --------------------------------------------------------

--
-- Table structure for table `uploads`
--

CREATE TABLE `uploads` (
  `id` bigint UNSIGNED NOT NULL,
  `brand_id` int NOT NULL,
  `file_original_name` varchar(255) CHARACTER SET utf8mb4 COLLATE utf8mb4_unicode_ci NOT NULL,
  `file_name` varchar(255) CHARACTER SET utf8mb4 COLLATE utf8mb4_unicode_ci NOT NULL,
  `file_size` double(8,2) NOT NULL,
  `extension` varchar(255) CHARACTER SET utf8mb4 COLLATE utf8mb4_unicode_ci NOT NULL,
  `type` varchar(255) CHARACTER SET utf8mb4 COLLATE utf8mb4_unicode_ci NOT NULL,
  `created_by` int NOT NULL,
  `updated_by` int DEFAULT NULL,
  `created_at` timestamp NULL DEFAULT NULL,
  `updated_at` timestamp NULL DEFAULT NULL,
  `deleted_at` timestamp NULL DEFAULT NULL
) ENGINE=InnoDB DEFAULT CHARSET=utf8mb4 COLLATE=utf8mb4_unicode_ci;

--
-- Dumping data for table `uploads`
--

INSERT INTO `uploads` (`id`, `brand_id`, `file_original_name`, `file_name`, `file_size`, `extension`, `type`, `created_by`, `updated_by`, `created_at`, `updated_at`, `deleted_at`) VALUES
(1, 1, 'car-insurance', 'uploads/all/vmrCV5owCNrZ7jWuvcve51xndxvfUcc6X6QwXZUz.png', 20564.00, 'png', 'image', 1, NULL, '2023-02-02 17:44:42', '2023-02-02 17:44:42', NULL),
(2, 1, 'photo-1661956602153-23384936a1d3', 'uploads/all/rKbEK0oXMBUfdNW1uauBrZRDJJo9T3tIlspeScsG.jpg', 128572.00, 'jpeg', 'image', 1, NULL, '2023-02-04 19:09:37', '2023-02-04 19:09:37', NULL),
(3, 1, 'verification', 'uploads/all/itTogMUkzD41beh27KR8PqNN1s7C2kV0JmO1TN7r.png', 38243.00, 'png', 'image', 1, NULL, '2023-02-21 16:40:27', '2023-02-21 16:40:27', NULL),
(4, 1, 'approve', 'uploads/all/SIoipxgBgigtzjKtSHai8hM93rj2CDkpeMMWFdsO.png', 43097.00, 'png', 'image', 1, NULL, '2023-02-21 16:43:37', '2023-02-21 16:43:37', NULL),
(5, 1, 'home (1)', 'uploads/all/i4PW8n5EmDBZa1kGPy9LaxWqE7pJXs7bEpPRHCEt.png', 15511.00, 'png', 'image', 1, NULL, '2023-03-18 18:52:08', '2023-03-18 18:52:08', NULL),
(6, 1, '7', 'uploads/all/NH2VLPoKnWUIGm9mCTFd2GDcOcreqZN3euckC6EJ.jpg', 59160.00, 'jpg', 'image', 1, NULL, '2023-03-19 16:25:44', '2023-03-19 16:25:44', NULL),
(7, 1, 'VW R Brand Day_Hardy Mutschler 096 (Kopie)', 'uploads/all/mi8lGD7O4bCZjmJPpfQRpTiud1sNG7hZorBC8oIc.jpg', 254541.00, 'jpg', 'image', 1, NULL, '2023-03-19 16:58:43', '2023-03-19 16:58:43', NULL),
(8, 1, 'volkswagen-golf-r-2022-031645135061855', 'uploads/all/YG5buFiWO4aUdgvjkjlw1m5goVvpfcX8YqPwj9L7.jpg', 169622.00, 'jpg', 'image', 1, NULL, '2023-03-19 16:59:39', '2023-03-19 16:59:39', NULL),
(9, 1, 'hd-wallpaper-gc3ef34ba7_1920', 'uploads/all/501o6ZsAmQPKVr8jGJgeurnagOrjRG1Bsnz8Nvf4.jpg', 343145.00, 'jpg', 'image', 1, NULL, '2023-04-02 10:13:41', '2023-04-02 10:13:41', NULL),
(10, 1, 'volkswagen-jetta-2019-sel-prem-0429', 'uploads/all/maFZD16IG8ZFUPxRzBl6WKIMtjyEqokk0noDvoK1.jpg', 118689.00, 'jpg', 'image', 1, NULL, '2023-04-04 21:52:44', '2023-04-04 21:52:44', NULL),
(11, 1, 'wallpaperflare.com_wallpaper (15)', 'uploads/all/wLFKgUeW8Ya0srAhUENRfsUd2ENvGTtfdkubTpXj.jpg', 421091.00, 'jpg', 'image', 1, NULL, '2023-07-31 23:14:03', '2023-07-31 23:14:03', NULL),
(12, 1, '1', 'uploads/all/Z6gYW999yii75WTD8dnZPYY158fkp0q1uoPfF8cP.png', 7698.00, 'png', 'image', 1, NULL, '2023-08-12 17:48:22', '2023-08-12 17:48:22', NULL),
(13, 1, '5', 'uploads/all/fiFRQgvtvhsncXJbpKZKxdeLwwiZh752CenNlU8r.png', 7366.00, 'png', 'image', 1, NULL, '2023-08-12 17:50:48', '2023-08-12 17:50:48', NULL),
(14, 1, '1', 'uploads/all/6yGYMHFoJqYUr8zGaaPxqYXIc81kwbE5zHTGnScD.png', 5469.00, 'png', 'image', 1, NULL, '2023-08-12 18:01:03', '2023-08-12 18:01:03', NULL),
(15, 1, '2', 'uploads/all/1MQC08mgOV2JFPOL5sbdsm0XWEyTDU9Kzbf3wa6q.png', 3991.00, 'png', 'image', 1, NULL, '2023-08-12 18:23:47', '2023-08-12 18:23:47', NULL),
(16, 1, '3', 'uploads/all/YxvqlYckSl4OfwJr0pY5NSPXneycYiQeY0Ot7TRi.png', 3091.00, 'png', 'image', 1, NULL, '2023-08-12 18:37:18', '2023-08-12 18:37:18', NULL),
(17, 1, '4', 'uploads/all/GCtxTkTJGMWi09wyq1epfDjQCciaSZggoaKq153c.png', 4911.00, 'png', 'image', 1, NULL, '2023-08-12 18:40:04', '2023-08-12 18:40:04', NULL),
(18, 1, '5', 'uploads/all/jnAUw2QNmYZd9UM6F18G7NJWnZcNEgfJdBbKM6Xu.png', 5179.00, 'png', 'image', 1, NULL, '2023-08-12 18:41:54', '2023-08-12 18:41:54', NULL),
(19, 1, '6', 'uploads/all/MntRuWXH6faYTMQTQIRc9ndmIUQJ4jlzot5fgtlA.png', 5491.00, 'png', 'image', 1, NULL, '2023-08-12 18:43:27', '2023-08-12 18:43:27', NULL),
(20, 1, '7', 'uploads/all/Yeg5SwObTRXnTdJOPufrTEk3qgPcxXFOrgkmOBwM.png', 6689.00, 'png', 'image', 1, NULL, '2023-08-12 18:45:17', '2023-08-12 18:45:17', NULL),
(21, 1, '8', 'uploads/all/vdMrkWcns1sP6ySsesara3fFZn7JSQftJc3eTmzP.png', 6888.00, 'png', 'image', 1, NULL, '2023-08-12 18:46:37', '2023-08-12 18:46:37', NULL),
(22, 1, '9', 'uploads/all/xBFvcUNDkw5GIJJAI9wAaAhjad8RIlGWKDL29aHx.png', 5404.00, 'png', 'image', 1, NULL, '2023-08-12 18:49:03', '2023-08-12 18:49:03', NULL),
(23, 1, '10', 'uploads/all/E59OI6jqbLSfICKeozUSRQZNTI8fuNlB5M2yZiK7.png', 5492.00, 'png', 'image', 1, NULL, '2023-08-12 18:50:44', '2023-08-12 18:50:44', NULL),
(24, 1, '11', 'uploads/all/tn1yCi8Vb3xQ1RYmiOM2HfKR2MLVNqFCSn5xnkiy.png', 5360.00, 'png', 'image', 1, NULL, '2023-08-12 18:52:21', '2023-08-12 18:52:21', NULL),
(25, 1, '12', 'uploads/all/VU9UrkXWe31SyBiXsfidUlsTT9Il0fBP3hP2SjxO.png', 4007.00, 'png', 'image', 1, NULL, '2023-08-12 18:53:46', '2023-08-12 18:53:46', NULL),
(26, 1, '13', 'uploads/all/SHknLq6vEh320sWcegIrCkMKTJ3s4ELILZl5HZ0Q.png', 7104.00, 'png', 'image', 1, NULL, '2023-08-12 18:55:21', '2023-08-12 18:55:21', NULL),
(27, 1, '14', 'uploads/all/vEwHaJDDfrDjHb5ssWgdUqrUuD2H3S6DQPkEWR3P.png', 4672.00, 'png', 'image', 1, NULL, '2023-08-12 18:57:11', '2023-08-12 18:57:11', NULL),
(28, 1, 'bpYJAPdACqk6qS2hBX4joBj9LqlIFa', 'uploads/all/FdEgMHMpHSuR9oupYkRzAX0f6UYMnb3g3GuYBkPT.jpg', 156037.00, 'jpeg', 'image', 1, NULL, '2023-09-03 19:56:35', '2023-09-03 19:56:35', NULL);

-- --------------------------------------------------------

--
-- Table structure for table `user`
--

CREATE TABLE `user` (
  `id` bigint UNSIGNED NOT NULL,
  `fullname` varchar(255) CHARACTER SET utf8mb4 COLLATE utf8mb4_unicode_ci DEFAULT NULL,
  `email` varchar(255) CHARACTER SET utf8mb4 COLLATE utf8mb4_unicode_ci DEFAULT NULL,
  `phone` varchar(255) CHARACTER SET utf8mb4 COLLATE utf8mb4_unicode_ci DEFAULT NULL,
  `gender` enum('Male','Female') CHARACTER SET utf8mb4 COLLATE utf8mb4_unicode_ci NOT NULL DEFAULT 'Male',
  `image` varchar(255) CHARACTER SET utf8mb4 COLLATE utf8mb4_unicode_ci DEFAULT NULL,
  `dob` date DEFAULT NULL,
  `uid` varchar(255) CHARACTER SET utf8mb4 COLLATE utf8mb4_unicode_ci DEFAULT NULL,
  `device_id` text CHARACTER SET utf8mb4 COLLATE utf8mb4_unicode_ci,
  `active` tinyint(1) NOT NULL DEFAULT '1',
  `created_by` int DEFAULT NULL,
  `updated_by` int DEFAULT NULL,
  `created_at` timestamp NULL DEFAULT NULL,
  `updated_at` timestamp NULL DEFAULT NULL,
  `deleted_at` timestamp NULL DEFAULT NULL,
  `active_status` tinyint(1) NOT NULL DEFAULT '0',
  `avatar` varchar(255) CHARACTER SET utf8mb4 COLLATE utf8mb4_unicode_ci NOT NULL DEFAULT 'avatar.png',
  `dark_mode` tinyint(1) NOT NULL DEFAULT '0',
  `messenger_color` varchar(255) CHARACTER SET utf8mb4 COLLATE utf8mb4_unicode_ci DEFAULT NULL,
  `total_messages` int NOT NULL DEFAULT '0',
  `total_replies` int NOT NULL DEFAULT '0',
  `is_profile` int NOT NULL DEFAULT '0',
  `type` int NOT NULL DEFAULT '0' COMMENT '0 individual, 1 company'
) ENGINE=InnoDB DEFAULT CHARSET=utf8mb4 COLLATE=utf8mb4_unicode_ci;

--
-- Dumping data for table `user`
--

INSERT INTO `user` (`id`, `fullname`, `email`, `phone`, `gender`, `image`, `dob`, `uid`, `device_id`, `active`, `created_by`, `updated_by`, `created_at`, `updated_at`, `deleted_at`, `active_status`, `avatar`, `dark_mode`, `messenger_color`, `total_messages`, `total_replies`, `is_profile`, `type`) VALUES
(2, 'muhammedddddddddd', 'hsarbast20@gmail.com', '+9647824583938', 'Female', 'mdUFjZ7vdou5mNL8gZN1YYb3K2SMcr.jpeg', '2023-01-21', 'S0v1YreYIlcoI2jTyr4N15MDVp53', NULL, 1, 0, NULL, '2023-04-02 18:01:09', '2023-12-08 22:27:38', NULL, 0, 'avatar.png', 0, NULL, 20, 19, 0, 1),
(3, 'Mohammad A Khursheed', 'mohammad11software@gmail.com', '+9647824583930', 'Male', 'https://salepoint.system.krd/uploads/user/3/QCqsCqROGUVBOp4R4efsxzEb2B52vP.jpeg', '2023-04-02', 'wBZJnhuz7FTwVhAZTDP6XqWGAG52', 'dhI-NOzHT3qUr3KiexDE6Y:APA91bF-3cbLyQfe50jeE-Lth8CPTDDqwC4pTi_N5csf137LiyA_PzmLY4mBRZusdPbw4HFxTHj3AkEFcAuiC82fUuDlM4RmtwDDUh3Zo3uI_oYcItvXCI004TmwmixLvzxCnWgR_xRA', 1, 0, NULL, '2023-04-02 22:26:56', '2023-11-28 22:52:20', NULL, 0, 'avatar.png', 0, NULL, 26, 29, 0, 0),
(4, 'Hawraz', 'hawrazware@gmail.com', '+9647504537174', 'Male', NULL, '1987-03-15', 'BtD1IR0np1fpe7k6VHT1UPBPZeB3', 'dH1THNy6AUZFsc9JAP49mT:APA91bE5tu93bnCLTnONh5c4F0XdqBX-Bh486SuGV1PDmBF9uEyEfryRr3E38XHHAgcW3c_iM5RLbZIL2K9JwRMIrjmK7A8zzXPhZ2z_vvG9mW_tfRc70StWsltYwQdv5sdVV6VVF5nu', 1, 0, NULL, '2023-08-11 14:01:57', '2023-11-27 13:51:05', NULL, 0, 'avatar.png', 0, NULL, 6, 5, 0, 0),
(5, 'Dashti Rafeeq', 'engineerdashty@gmail.com', '+9647504467146', 'Male', '6a0lBeKi01QROgGnMzqUhDorSf1JUn.jpeg', '1986-05-02', 'F3kP5X2aG3VRtEAmbkGERPRVXik2', 'fBDJL-jKoEZTjSBU_kee2G:APA91bFDf7scwL30LlwsFiaH10Dwsl3GQu0H7ewAfLjqqTacGWum3jhZTSG9_Y58kMtLgAhbupBlWFTAl3Opm63iqjzu7Fsrz1foDRQTyaTNcez-XaYKhNVz4khSCJgXsjr9AObOLlVb', 1, 0, NULL, '2023-08-11 20:40:44', '2023-11-27 13:51:05', NULL, 0, 'avatar.png', 0, NULL, 17, 14, 0, 0),
(6, 'Hawta', 'hawta.arif88@gmail.com', '+9647504733026', 'Male', NULL, '1988-04-03', 'oOtWm6TKzEVmoW37n9NDvVvLCcv2', 'fw0fsgonw0sxuzXxHLE95y:APA91bHliRoA5tQQN2cn8ZmyABqasV2h-65hh1MWZo1EuzxiV_UJ4E1A2N-VyCYO2zMWd8s2e7i6CqHWQdh35EhcYpm4sksr8KaZ4Yi14Vsu5lSu-24TH3-AaHfqDFgdktmj8IegS5C9', 1, 0, NULL, '2023-08-11 20:45:33', '2023-08-11 20:45:33', NULL, 0, 'avatar.png', 0, NULL, 0, 0, 0, 0),
(7, 'zardasht', 'zardo.rwandzi8@gmail.com', '+9647506669656', 'Male', 'TK3E6iFtoT2DOPB8fJFiMCjbVE62ZV.jpeg', '2023-08-12', 'lhbxy8MB2GV7gc1GHEBcu5y35mz1', NULL, 1, 0, NULL, '2023-08-12 23:06:57', '2023-10-24 00:04:15', NULL, 0, 'avatar.png', 0, NULL, 3, 2, 0, 0),
(9, 'ahmed', 'tes1tf2@gmail.com', '+9647512249476', '', 'https://salepoint.system.krd/uploads/user/9/TvVjUHSlHmFWfAVn7L4UechsSZl1zl.jpeg', '2023-10-17', NULL, 'fusp8rl2S7SPWMqV6u5-31:APA91bFUl8rKC1aVh-XIsWvnsqZr0FNaFDVtXBpGachKiNv3nV1h2Yy6HxhnpY-PGsk6vqYrFb_ntMb1Y6XmFqjs4Wuh5RBAOGxsAEafmzReNsS0bniklIip01kkUQj0m-IT_RHropKY', 1, NULL, NULL, '2023-09-02 22:17:24', '2023-10-18 21:23:03', NULL, 0, 'avatar.png', 0, NULL, 4, 3, 0, 1),
(10, 'ahmed', 'blndfs12@gmail.com', '+9647512249475', 'Male', NULL, '2023-09-02', 'TEST', 'de0iX_ZaThSJtj0Fx7vLkB:APA91bG2jKS-ppm9IZhDflCpvneBtT_4izHWmlZ-kt2sd9rqmf42IdN7q6ERHdSnR4hjC8D13JC84hY-SlyMkGCMBR2ZZgT5hA9J-5gzEgYpzrYcF0SoPFLqA2AKdbSsI_cjTOtgyDjn', 1, NULL, NULL, '2023-09-02 22:21:48', '2023-10-18 00:00:57', NULL, 0, 'avatar.png', 0, NULL, 1, 0, 1, 0),
(11, NULL, 'mohammad11software@gmail.com', NULL, 'Male', NULL, NULL, NULL, 'c5lLG4MkSLCt3KOJ2Iw5YB:APA91bFQu7KCT7pbKGqqMrtXQeu_LXDrMizGIUMghfLw9vATpFxOo-qviLmaRdNXWODSoK9gzPq5qy3d3tvd_9uoXotB1BFoXk_2e2CK9ha6sl88z78qn6QlVsvQOoki8keZD60aSIGz', 1, NULL, NULL, '2023-09-02 22:42:07', '2023-09-02 22:42:07', NULL, 0, 'avatar.png', 0, NULL, 0, 0, 0, 0),
(16, 'test', 'rexewa1861@xgh6.com', '+9647503334554', 'Male', NULL, '2023-09-03', '1437328117', 'czGQcf43S_mMg0j_lUY2OA:APA91bHI_vYiwWwnMhq4a9i5FLLmhxZOkB-AvlgHl3IJfm4vygCgxM8Zv8Su_tn5qYfZ-AY4YKxN-Pqzo-wYtAYPBPJlsYg6kiTMhfQG6P3KxoU5QNpm1gNmH0pwh0sVoby5yIYIH5Fh', 1, NULL, NULL, '2023-09-03 18:24:36', '2023-09-03 18:24:36', NULL, 0, 'avatar.png', 0, NULL, 0, 0, 1, 0),
(17, 'handar', 'handernaqar@gmail.com', '+9647509704500', '', NULL, '2023-09-29', '1146091801', 'cXZTSaPbMkDjp5x45whGPP:APA91bEX0FpARo84rOSW7yENmHcL5xcP-1PFtAGqcEfirkM2gOBaSq1xajj3207sZYqfhkAEmeskbp_l5kveSzIOL_jZ_OU8cR9dK2jpND4G8PXtXfpyRpjhWeOstwnZiWYPKChXo46q', 1, NULL, NULL, '2023-09-05 14:43:51', '2023-11-24 20:33:00', NULL, 0, 'avatar.png', 0, NULL, 9, 9, 1, 0),
(18, NULL, NULL, '+9647512426201', 'Male', NULL, NULL, NULL, NULL, 1, NULL, NULL, '2023-10-08 22:48:56', '2023-10-08 22:48:56', NULL, 0, 'avatar.png', 0, NULL, 0, 0, 0, 0),
(19, NULL, NULL, '+9647507248973', 'Male', NULL, NULL, NULL, NULL, 1, NULL, NULL, '2023-10-08 22:50:37', '2023-10-08 22:50:37', NULL, 0, 'avatar.png', 0, NULL, 0, 0, 0, 0),
(22, 'zardasht', 'zardasht@te.krd', '+9647507248974', 'Male', NULL, '2023-10-08', '1644922041', 'cz-Hb_7Q5UI_hMeAcpCxBv:APA91bEJGoVgsDjDMgBQnQ1McKGpn1TYZ2UZHwyZfSUWAs_9Jcs7EZgOzVztjK0gBrxRU_1pGZqO1TQxvMqe1NRswF5L55hT24wbto6dVPZSg7-tFxnbAceXC6MYx5UWVuMEagx6qfDy', 1, NULL, NULL, '2023-10-08 23:20:03', '2023-11-13 12:01:27', NULL, 0, 'avatar.png', 0, NULL, 1, 1, 1, 0),
(23, 'shad shamal', 'shad.eng98@gmail.com', '+9647512426203', 'Male', NULL, '1998-02-12', '1350012655', 'fOe1PgpESdOBpr-30CizQs:APA91bGaVxVcUc_mbIpMe4IACtgDBo35Yv3RLZqM4-WHaH2_j8jzf5lsVagp_4QtIA4vdOgwj0TfSpgbFSmUORwAjMEWsaBiHndmoYX_iwWhGziXYPa-ChGcmE00KzFVgI1s-CVG71jb', 1, NULL, NULL, '2023-10-17 23:17:08', '2024-03-20 22:02:30', NULL, 0, 'avatar.png', 0, NULL, 4, 3, 1, 0);

-- --------------------------------------------------------

--
-- Table structure for table `user_followers`
--

CREATE TABLE `user_followers` (
  `id` bigint UNSIGNED NOT NULL,
  `user_id` int NOT NULL DEFAULT '0',
  `follows_user_id` int NOT NULL DEFAULT '0',
  `active` tinyint(1) NOT NULL DEFAULT '1',
  `created_by` int NOT NULL,
  `updated_by` int DEFAULT NULL,
  `created_at` timestamp NULL DEFAULT NULL,
  `updated_at` timestamp NULL DEFAULT NULL,
  `deleted_at` timestamp NULL DEFAULT NULL
) ENGINE=InnoDB DEFAULT CHARSET=utf8mb4 COLLATE=utf8mb4_unicode_ci;

--
-- Dumping data for table `user_followers`
--

INSERT INTO `user_followers` (`id`, `user_id`, `follows_user_id`, `active`, `created_by`, `updated_by`, `created_at`, `updated_at`, `deleted_at`) VALUES
(1, 3, 1, 1, 3, NULL, '2023-04-03 02:55:39', '2023-04-03 02:55:39', NULL),
(2, 4, 1, 1, 4, NULL, '2023-08-11 20:36:46', '2023-08-11 20:36:46', NULL),
(3, 5, 4, 1, 5, NULL, '2023-08-11 20:47:30', '2023-08-11 20:47:30', NULL),
(4, 7, 1, 1, 7, NULL, '2023-08-15 13:36:13', '2023-08-15 13:36:13', NULL),
(5, 7, 3, 1, 7, NULL, '2023-08-15 13:37:01', '2023-08-15 13:37:01', NULL),
(6, 5, 7, 1, 5, NULL, '2023-08-16 08:44:56', '2023-08-16 08:44:56', NULL),
(7, 3, 7, 1, 3, NULL, '2023-08-16 23:53:18', '2023-08-16 23:53:18', NULL),
(8, 8, 3, 1, 8, NULL, '2023-09-03 22:12:36', '2023-09-03 22:12:36', NULL),
(9, 5, 8, 1, 5, NULL, '2023-09-05 19:15:12', '2023-09-05 19:15:12', NULL),
(10, 17, 3, 1, 17, NULL, '2023-09-05 23:32:54', '2023-09-05 23:32:58', '2023-09-05 23:32:58'),
(11, 17, 3, 1, 17, NULL, '2023-09-05 23:33:01', '2023-09-08 03:57:42', '2023-09-08 03:57:42'),
(12, 17, 3, 1, 17, NULL, '2023-09-08 03:57:43', '2023-09-08 03:57:43', NULL),
(13, 17, 8, 1, 17, NULL, '2023-09-17 20:36:15', '2023-09-17 20:36:16', '2023-09-17 20:36:16'),
(14, 17, 8, 1, 17, NULL, '2023-09-17 20:36:17', '2023-09-17 20:36:17', NULL),
(15, 5, 3, 1, 5, NULL, '2023-09-22 13:21:43', '2023-09-22 13:21:43', NULL),
(16, 23, 22, 1, 23, NULL, '2023-10-17 23:18:17', '2023-10-17 23:18:17', NULL),
(17, 23, 9, 1, 23, NULL, '2023-10-17 23:45:43', '2023-10-18 00:01:14', '2023-10-18 00:01:14'),
(18, 23, 9, 1, 23, NULL, '2023-10-18 00:01:15', '2023-10-18 00:01:17', '2023-10-18 00:01:17'),
(19, 23, 9, 1, 23, NULL, '2023-10-18 00:01:18', '2023-10-18 00:01:19', '2023-10-18 00:01:19'),
(20, 23, 9, 1, 23, NULL, '2023-10-18 00:01:25', '2023-10-18 00:01:25', NULL),
(21, 23, 2, 1, 23, NULL, '2023-10-18 00:07:18', '2023-10-18 00:08:04', '2023-10-18 00:08:04'),
(22, 23, 2, 1, 23, NULL, '2023-10-18 00:08:20', '2023-10-18 00:13:50', '2023-10-18 00:13:50'),
(23, 23, 2, 1, 23, NULL, '2023-10-18 00:37:24', '2023-10-18 00:37:24', NULL),
(24, 2, 23, 1, 2, NULL, '2023-10-19 18:13:44', '2023-10-19 18:16:36', '2023-10-19 18:16:36'),
(25, 2, 23, 1, 2, NULL, '2023-10-19 18:16:38', '2023-10-19 18:16:40', '2023-10-19 18:16:40'),
(26, 2, 23, 1, 2, NULL, '2023-10-19 18:16:41', '2023-10-19 18:16:41', NULL),
(27, 17, 5, 1, 17, NULL, '2023-11-08 16:25:56', '2023-11-19 21:02:44', '2023-11-19 21:02:44'),
(28, 4, 17, 1, 4, NULL, '2023-11-11 23:29:56', '2023-11-11 23:29:56', NULL),
(29, 5, 17, 1, 5, NULL, '2023-11-19 21:02:22', '2023-11-19 21:02:22', NULL),
(30, 4, 5, 1, 4, NULL, '2023-11-19 21:09:02', '2023-11-19 21:09:02', NULL),
(31, 17, 5, 1, 17, NULL, '2023-11-19 21:09:26', '2023-11-19 21:09:26', NULL),
(32, 2, 7, 1, 2, NULL, '2023-12-08 21:42:29', '2023-12-08 21:42:29', NULL);

--
-- Indexes for dumped tables
--

--
-- Indexes for table `adds`
--
ALTER TABLE `adds`
  ADD PRIMARY KEY (`id`);

--
-- Indexes for table `adds_changes`
--
ALTER TABLE `adds_changes`
  ADD PRIMARY KEY (`id`);

--
-- Indexes for table `adds_review`
--
ALTER TABLE `adds_review`
  ADD PRIMARY KEY (`id`);

--
-- Indexes for table `advertisement`
--
ALTER TABLE `advertisement`
  ADD PRIMARY KEY (`id`);

--
-- Indexes for table `app_review`
--
ALTER TABLE `app_review`
  ADD PRIMARY KEY (`id`);

--
-- Indexes for table `attributes`
--
ALTER TABLE `attributes`
  ADD PRIMARY KEY (`id`);

--
-- Indexes for table `attribute_value`
--
ALTER TABLE `attribute_value`
  ADD PRIMARY KEY (`id`);

--
-- Indexes for table `audits`
--
ALTER TABLE `audits`
  ADD PRIMARY KEY (`id`),
  ADD KEY `audits_auditable_type_auditable_id_index` (`auditable_type`,`auditable_id`),
  ADD KEY `audits_user_id_user_type_index` (`user_id`,`user_type`);

--
-- Indexes for table `banners`
--
ALTER TABLE `banners`
  ADD PRIMARY KEY (`id`);

--
-- Indexes for table `categories`
--
ALTER TABLE `categories`
  ADD PRIMARY KEY (`id`);

--
-- Indexes for table `category_types`
--
ALTER TABLE `category_types`
  ADD PRIMARY KEY (`id`);

--
-- Indexes for table `ch_favorites`
--
ALTER TABLE `ch_favorites`
  ADD PRIMARY KEY (`id`);

--
-- Indexes for table `ch_messages`
--
ALTER TABLE `ch_messages`
  ADD PRIMARY KEY (`id`);

--
-- Indexes for table `cities`
--
ALTER TABLE `cities`
  ADD PRIMARY KEY (`id`);

--
-- Indexes for table `contacts`
--
ALTER TABLE `contacts`
  ADD PRIMARY KEY (`id`);

--
-- Indexes for table `contact_us_sents`
--
ALTER TABLE `contact_us_sents`
  ADD PRIMARY KEY (`id`);

--
-- Indexes for table `failed_jobs`
--
ALTER TABLE `failed_jobs`
  ADD PRIMARY KEY (`id`),
  ADD UNIQUE KEY `failed_jobs_uuid_unique` (`uuid`);

--
-- Indexes for table `favorates`
--
ALTER TABLE `favorates`
  ADD PRIMARY KEY (`id`);

--
-- Indexes for table `filter_bookmarks`
--
ALTER TABLE `filter_bookmarks`
  ADD PRIMARY KEY (`id`);

--
-- Indexes for table `gallery`
--
ALTER TABLE `gallery`
  ADD PRIMARY KEY (`id`);

--
-- Indexes for table `gallery_orders`
--
ALTER TABLE `gallery_orders`
  ADD PRIMARY KEY (`id`);

--
-- Indexes for table `help_feedback`
--
ALTER TABLE `help_feedback`
  ADD PRIMARY KEY (`id`);

--
-- Indexes for table `images`
--
ALTER TABLE `images`
  ADD PRIMARY KEY (`id`);

--
-- Indexes for table `jobs`
--
ALTER TABLE `jobs`
  ADD PRIMARY KEY (`id`),
  ADD KEY `jobs_queue_index` (`queue`);

--
-- Indexes for table `locations`
--
ALTER TABLE `locations`
  ADD PRIMARY KEY (`id`);

--
-- Indexes for table `migrations`
--
ALTER TABLE `migrations`
  ADD PRIMARY KEY (`id`);

--
-- Indexes for table `mobile_versions`
--
ALTER TABLE `mobile_versions`
  ADD PRIMARY KEY (`id`);

--
-- Indexes for table `model_has_permissions`
--
ALTER TABLE `model_has_permissions`
  ADD PRIMARY KEY (`permission_id`,`model_id`,`model_type`),
  ADD KEY `model_has_permissions_model_id_model_type_index` (`model_id`,`model_type`);

--
-- Indexes for table `model_has_roles`
--
ALTER TABLE `model_has_roles`
  ADD PRIMARY KEY (`role_id`,`model_id`,`model_type`),
  ADD KEY `model_has_roles_model_id_model_type_index` (`model_id`,`model_type`);

--
-- Indexes for table `notifications`
--
ALTER TABLE `notifications`
  ADD PRIMARY KEY (`id`);

--
-- Indexes for table `notification_histories`
--
ALTER TABLE `notification_histories`
  ADD PRIMARY KEY (`id`);

--
-- Indexes for table `notification_history_users`
--
ALTER TABLE `notification_history_users`
  ADD PRIMARY KEY (`id`);

--
-- Indexes for table `notification_settings`
--
ALTER TABLE `notification_settings`
  ADD PRIMARY KEY (`id`);

--
-- Indexes for table `packages`
--
ALTER TABLE `packages`
  ADD PRIMARY KEY (`id`);

--
-- Indexes for table `permissions`
--
ALTER TABLE `permissions`
  ADD PRIMARY KEY (`id`),
  ADD UNIQUE KEY `permissions_name_guard_name_unique` (`name`,`guard_name`);

--
-- Indexes for table `roles`
--
ALTER TABLE `roles`
  ADD PRIMARY KEY (`id`),
  ADD UNIQUE KEY `roles_name_guard_name_unique` (`name`,`guard_name`);

--
-- Indexes for table `role_has_permissions`
--
ALTER TABLE `role_has_permissions`
  ADD PRIMARY KEY (`permission_id`,`role_id`),
  ADD KEY `role_has_permissions_role_id_foreign` (`role_id`);

--
-- Indexes for table `settings`
--
ALTER TABLE `settings`
  ADD PRIMARY KEY (`id`);

--
-- Indexes for table `uploads`
--
ALTER TABLE `uploads`
  ADD PRIMARY KEY (`id`);

--
-- Indexes for table `user`
--
ALTER TABLE `user`
  ADD PRIMARY KEY (`id`);

--
-- Indexes for table `user_followers`
--
ALTER TABLE `user_followers`
  ADD PRIMARY KEY (`id`);

--
-- AUTO_INCREMENT for dumped tables
--

--
-- AUTO_INCREMENT for table `adds`
--
ALTER TABLE `adds`
  MODIFY `id` bigint UNSIGNED NOT NULL AUTO_INCREMENT, AUTO_INCREMENT=14;

--
-- AUTO_INCREMENT for table `adds_changes`
--
ALTER TABLE `adds_changes`
  MODIFY `id` bigint UNSIGNED NOT NULL AUTO_INCREMENT;

--
-- AUTO_INCREMENT for table `adds_review`
--
ALTER TABLE `adds_review`
  MODIFY `id` bigint UNSIGNED NOT NULL AUTO_INCREMENT;

--
-- AUTO_INCREMENT for table `advertisement`
--
ALTER TABLE `advertisement`
  MODIFY `id` bigint UNSIGNED NOT NULL AUTO_INCREMENT;

--
-- AUTO_INCREMENT for table `app_review`
--
ALTER TABLE `app_review`
  MODIFY `id` bigint UNSIGNED NOT NULL AUTO_INCREMENT, AUTO_INCREMENT=5;

--
-- AUTO_INCREMENT for table `attributes`
--
ALTER TABLE `attributes`
  MODIFY `id` bigint UNSIGNED NOT NULL AUTO_INCREMENT, AUTO_INCREMENT=16;

--
-- AUTO_INCREMENT for table `attribute_value`
--
ALTER TABLE `attribute_value`
  MODIFY `id` bigint UNSIGNED NOT NULL AUTO_INCREMENT, AUTO_INCREMENT=44;

--
-- AUTO_INCREMENT for table `audits`
--
ALTER TABLE `audits`
  MODIFY `id` bigint UNSIGNED NOT NULL AUTO_INCREMENT, AUTO_INCREMENT=2136;

--
-- AUTO_INCREMENT for table `banners`
--
ALTER TABLE `banners`
  MODIFY `id` bigint UNSIGNED NOT NULL AUTO_INCREMENT, AUTO_INCREMENT=6;

--
-- AUTO_INCREMENT for table `categories`
--
ALTER TABLE `categories`
  MODIFY `id` bigint UNSIGNED NOT NULL AUTO_INCREMENT, AUTO_INCREMENT=71;

--
-- AUTO_INCREMENT for table `category_types`
--
ALTER TABLE `category_types`
  MODIFY `id` bigint UNSIGNED NOT NULL AUTO_INCREMENT;

--
-- AUTO_INCREMENT for table `cities`
--
ALTER TABLE `cities`
  MODIFY `id` bigint UNSIGNED NOT NULL AUTO_INCREMENT;

--
-- AUTO_INCREMENT for table `contacts`
--
ALTER TABLE `contacts`
  MODIFY `id` bigint UNSIGNED NOT NULL AUTO_INCREMENT;

--
-- AUTO_INCREMENT for table `contact_us_sents`
--
ALTER TABLE `contact_us_sents`
  MODIFY `id` bigint UNSIGNED NOT NULL AUTO_INCREMENT, AUTO_INCREMENT=2;

--
-- AUTO_INCREMENT for table `failed_jobs`
--
ALTER TABLE `failed_jobs`
  MODIFY `id` bigint UNSIGNED NOT NULL AUTO_INCREMENT;

--
-- AUTO_INCREMENT for table `favorates`
--
ALTER TABLE `favorates`
  MODIFY `id` bigint UNSIGNED NOT NULL AUTO_INCREMENT, AUTO_INCREMENT=95;

--
-- AUTO_INCREMENT for table `filter_bookmarks`
--
ALTER TABLE `filter_bookmarks`
  MODIFY `id` bigint UNSIGNED NOT NULL AUTO_INCREMENT, AUTO_INCREMENT=70;

--
-- AUTO_INCREMENT for table `gallery`
--
ALTER TABLE `gallery`
  MODIFY `id` bigint UNSIGNED NOT NULL AUTO_INCREMENT, AUTO_INCREMENT=27;

--
-- AUTO_INCREMENT for table `gallery_orders`
--
ALTER TABLE `gallery_orders`
  MODIFY `id` bigint UNSIGNED NOT NULL AUTO_INCREMENT, AUTO_INCREMENT=27;

--
-- AUTO_INCREMENT for table `help_feedback`
--
ALTER TABLE `help_feedback`
  MODIFY `id` bigint UNSIGNED NOT NULL AUTO_INCREMENT, AUTO_INCREMENT=3;

--
-- AUTO_INCREMENT for table `images`
--
ALTER TABLE `images`
  MODIFY `id` bigint UNSIGNED NOT NULL AUTO_INCREMENT, AUTO_INCREMENT=44;

--
-- AUTO_INCREMENT for table `jobs`
--
ALTER TABLE `jobs`
  MODIFY `id` bigint UNSIGNED NOT NULL AUTO_INCREMENT;

--
-- AUTO_INCREMENT for table `locations`
--
ALTER TABLE `locations`
  MODIFY `id` bigint UNSIGNED NOT NULL AUTO_INCREMENT, AUTO_INCREMENT=4;

--
-- AUTO_INCREMENT for table `migrations`
--
ALTER TABLE `migrations`
  MODIFY `id` int UNSIGNED NOT NULL AUTO_INCREMENT, AUTO_INCREMENT=81;

--
-- AUTO_INCREMENT for table `mobile_versions`
--
ALTER TABLE `mobile_versions`
  MODIFY `id` bigint UNSIGNED NOT NULL AUTO_INCREMENT, AUTO_INCREMENT=5;

--
-- AUTO_INCREMENT for table `notifications`
--
ALTER TABLE `notifications`
  MODIFY `id` bigint UNSIGNED NOT NULL AUTO_INCREMENT;

--
-- AUTO_INCREMENT for table `notification_histories`
--
ALTER TABLE `notification_histories`
  MODIFY `id` bigint UNSIGNED NOT NULL AUTO_INCREMENT, AUTO_INCREMENT=24;

--
-- AUTO_INCREMENT for table `notification_history_users`
--
ALTER TABLE `notification_history_users`
  MODIFY `id` bigint UNSIGNED NOT NULL AUTO_INCREMENT, AUTO_INCREMENT=22;

--
-- AUTO_INCREMENT for table `notification_settings`
--
ALTER TABLE `notification_settings`
  MODIFY `id` bigint UNSIGNED NOT NULL AUTO_INCREMENT, AUTO_INCREMENT=16;

--
-- AUTO_INCREMENT for table `packages`
--
ALTER TABLE `packages`
  MODIFY `id` bigint UNSIGNED NOT NULL AUTO_INCREMENT, AUTO_INCREMENT=4;

--
-- AUTO_INCREMENT for table `permissions`
--
ALTER TABLE `permissions`
  MODIFY `id` bigint UNSIGNED NOT NULL AUTO_INCREMENT;

--
-- AUTO_INCREMENT for table `roles`
--
ALTER TABLE `roles`
  MODIFY `id` bigint UNSIGNED NOT NULL AUTO_INCREMENT, AUTO_INCREMENT=2;

--
-- AUTO_INCREMENT for table `settings`
--
ALTER TABLE `settings`
  MODIFY `id` bigint UNSIGNED NOT NULL AUTO_INCREMENT, AUTO_INCREMENT=2;

--
-- AUTO_INCREMENT for table `uploads`
--
ALTER TABLE `uploads`
  MODIFY `id` bigint UNSIGNED NOT NULL AUTO_INCREMENT, AUTO_INCREMENT=29;

--
-- AUTO_INCREMENT for table `user`
--
ALTER TABLE `user`
  MODIFY `id` bigint UNSIGNED NOT NULL AUTO_INCREMENT, AUTO_INCREMENT=24;

--
-- AUTO_INCREMENT for table `user_followers`
--
ALTER TABLE `user_followers`
  MODIFY `id` bigint UNSIGNED NOT NULL AUTO_INCREMENT, AUTO_INCREMENT=33;

--
-- Constraints for dumped tables
--

--
-- Constraints for table `model_has_permissions`
--
ALTER TABLE `model_has_permissions`
  ADD CONSTRAINT `model_has_permissions_permission_id_foreign` FOREIGN KEY (`permission_id`) REFERENCES `permissions` (`id`) ON DELETE CASCADE;

--
-- Constraints for table `model_has_roles`
--
ALTER TABLE `model_has_roles`
  ADD CONSTRAINT `model_has_roles_role_id_foreign` FOREIGN KEY (`role_id`) REFERENCES `roles` (`id`) ON DELETE CASCADE;

--
-- Constraints for table `role_has_permissions`
--
ALTER TABLE `role_has_permissions`
  ADD CONSTRAINT `role_has_permissions_permission_id_foreign` FOREIGN KEY (`permission_id`) REFERENCES `permissions` (`id`) ON DELETE CASCADE,
  ADD CONSTRAINT `role_has_permissions_role_id_foreign` FOREIGN KEY (`role_id`) REFERENCES `roles` (`id`) ON DELETE CASCADE;
COMMIT;

